{"id":856,"date":"2023-05-18T08:52:40","date_gmt":"2023-05-18T08:52:40","guid":{"rendered":"https:\/\/www.hoasen.edu.vn\/tnvlsv\/?page_id=856"},"modified":"2023-05-18T08:52:40","modified_gmt":"2023-05-18T08:52:40","slug":"sau-chien-thang-sea-games-32-cau-thu-bich-thuy-ghe-tham-nha-sen","status":"publish","type":"page","link":"https:\/\/www.hoasen.edu.vn\/tnvlsv\/sau-chien-thang-sea-games-32-cau-thu-bich-thuy-ghe-tham-nha-sen\/","title":{"rendered":"SAU CHI\u1ebeN TH\u1eaeNG SEA GAMES 32, C\u1ea6U TH\u1ee6 B\u00cdCH TH\u00d9Y GH\u00c9 TH\u0102M NH\u00c0 SEN"},"content":{"rendered":"\n<p><img loading=\"lazy\" decoding=\"async\" height=\"16\" width=\"16\" src=\"https:\/\/static.xx.fbcdn.net\/images\/emoji.php\/v9\/t68\/1.5\/16\/1f1fb_1f1f3.png\" alt=\"??\"> Sau khi gi\u00e0nh ng\u00f4i v\u00f4 \u0111\u1ecbch b\u00f3ng \u0111\u00e1 n\u1eef t\u1ea1i SEA Games 32 t\u1ed1i 15\/5, c\u1ea7u th\u1ee7 Nguy\u1ec5n Th\u1ecb B\u00edch Th\u00f9y \u0111\u00e3 tr\u1edf v\u1ec1 n\u01b0\u1edbc v\u00e0 c\u00f3 chuy\u1ebfn th\u0103m Tr\u01b0\u1eddng \u0110\u1ea1i h\u1ecdc Hoa Sen, n\u01a1i c\u00f4 \u0111ang theo h\u1ecdc. PGS.TS V\u00f5 Th\u1ecb Ng\u1ecdc Th\u00fay \u2013 Hi\u1ec7u tr\u01b0\u1edfng Tr\u01b0\u1eddng \u0110\u1ea1i h\u1ecdc Hoa Sen c\u00f9ng \u0111\u00f4ng \u0111\u1ea3o sinh vi\u00ean, gi\u1ea3ng vi\u00ean \u0111\u00e3 c\u00f9ng c\u00f3 m\u1eb7t \u0111\u1ec3 \u0111\u00f3n B\u00edch Th\u00f9y tr\u1edf v\u1ec1.<\/p>\n\n\n\n<figure class=\"wp-block-gallery has-nested-images columns-default is-cropped wp-block-gallery-1 is-layout-flex wp-block-gallery-is-layout-flex\">\n<figure class=\"wp-block-image size-large\"><img loading=\"lazy\" decoding=\"async\" width=\"2048\" height=\"1390\" data-id=\"858\" src=\"https:\/\/www.hoasen.edu.vn\/tnvlsv\/wp-content\/uploads\/sites\/31\/2023\/05\/346662746_1582291295600359_3885216913906042153_n.jpg\" alt=\"\" class=\"wp-image-858\" srcset=\"https:\/\/www.hoasen.edu.vn\/tnvlsv\/wp-content\/uploads\/sites\/31\/2023\/05\/346662746_1582291295600359_3885216913906042153_n.jpg 2048w, https:\/\/www.hoasen.edu.vn\/tnvlsv\/wp-content\/uploads\/sites\/31\/2023\/05\/346662746_1582291295600359_3885216913906042153_n-300x204.jpg 300w, https:\/\/www.hoasen.edu.vn\/tnvlsv\/wp-content\/uploads\/sites\/31\/2023\/05\/346662746_1582291295600359_3885216913906042153_n-768x521.jpg 768w, https:\/\/www.hoasen.edu.vn\/tnvlsv\/wp-content\/uploads\/sites\/31\/2023\/05\/346662746_1582291295600359_3885216913906042153_n-1536x1043.jpg 1536w\" sizes=\"auto, (max-width: 2048px) 100vw, 2048px\" \/><\/figure>\n\n\n\n<figure class=\"wp-block-image size-large\"><img loading=\"lazy\" decoding=\"async\" width=\"2048\" height=\"1586\" data-id=\"857\" src=\"https:\/\/www.hoasen.edu.vn\/tnvlsv\/wp-content\/uploads\/sites\/31\/2023\/05\/347009379_3372648276386323_7491661303701036742_n.jpg\" alt=\"\" class=\"wp-image-857\" srcset=\"https:\/\/www.hoasen.edu.vn\/tnvlsv\/wp-content\/uploads\/sites\/31\/2023\/05\/347009379_3372648276386323_7491661303701036742_n.jpg 2048w, https:\/\/www.hoasen.edu.vn\/tnvlsv\/wp-content\/uploads\/sites\/31\/2023\/05\/347009379_3372648276386323_7491661303701036742_n-300x232.jpg 300w, https:\/\/www.hoasen.edu.vn\/tnvlsv\/wp-content\/uploads\/sites\/31\/2023\/05\/347009379_3372648276386323_7491661303701036742_n-768x595.jpg 768w, https:\/\/www.hoasen.edu.vn\/tnvlsv\/wp-content\/uploads\/sites\/31\/2023\/05\/347009379_3372648276386323_7491661303701036742_n-1536x1190.jpg 1536w\" sizes=\"auto, (max-width: 2048px) 100vw, 2048px\" \/><\/figure>\n\n\n\n<figure class=\"wp-block-image size-large\"><img loading=\"lazy\" decoding=\"async\" width=\"2048\" height=\"1154\" data-id=\"859\" src=\"https:\/\/www.hoasen.edu.vn\/tnvlsv\/wp-content\/uploads\/sites\/31\/2023\/05\/347126325_628517435516220_8408537609558144838_n.jpg\" alt=\"\" class=\"wp-image-859\" srcset=\"https:\/\/www.hoasen.edu.vn\/tnvlsv\/wp-content\/uploads\/sites\/31\/2023\/05\/347126325_628517435516220_8408537609558144838_n.jpg 2048w, https:\/\/www.hoasen.edu.vn\/tnvlsv\/wp-content\/uploads\/sites\/31\/2023\/05\/347126325_628517435516220_8408537609558144838_n-300x169.jpg 300w, https:\/\/www.hoasen.edu.vn\/tnvlsv\/wp-content\/uploads\/sites\/31\/2023\/05\/347126325_628517435516220_8408537609558144838_n-768x433.jpg 768w, https:\/\/www.hoasen.edu.vn\/tnvlsv\/wp-content\/uploads\/sites\/31\/2023\/05\/347126325_628517435516220_8408537609558144838_n-1536x866.jpg 1536w\" sizes=\"auto, (max-width: 2048px) 100vw, 2048px\" \/><\/figure>\n<\/figure>\n\n\n\n<p><img loading=\"lazy\" decoding=\"async\" height=\"16\" width=\"16\" src=\"https:\/\/static.xx.fbcdn.net\/images\/emoji.php\/v9\/t68\/1.5\/16\/1f1fb_1f1f3.png\" alt=\"??\"> Tr\u1edf v\u1ec1 trong v\u00f2ng v\u00e2y c\u1ee7a sinh vi\u00ean v\u00e0 gi\u1ea3ng vi\u00ean Tr\u01b0\u1eddng \u0110\u1ea1i h\u1ecdc Hoa Sen, B\u00edch Th\u00f9y chia s\u1ebb: \u201cSau khi gi\u1ea3nh t\u1ea5m Huy ch\u01b0\u01a1ng v\u00e0ng c\u00f9ng \u0111\u1ed9i tuy\u1ec3n Vi\u1ec7t Nam, \u0111i\u1ec1u \u0111\u1ea7u ti\u00ean em mu\u1ed1n l\u00e0m nh\u1ea5t l\u00e0 tr\u1edf v\u1ec1 tr\u01b0\u1eddng, n\u01a1i em \u0111ang theo h\u1ecdc \u0111\u1ec3 chia s\u1ebb ni\u1ec1m vui chi\u1ebfn th\u1eafng c\u00f9ng th\u1ea7y c\u00f4 v\u00e0 b\u1ea1n b\u00e8. Th\u1eddi gian qua v\u00ec b\u1eadn thi \u0111\u1ea5u n\u00ean em c\u0169ng ch\u01b0a t\u1eadp trung ho\u00e0n to\u00e0n cho vi\u1ec7c h\u1ecdc nh\u01b0ng Nh\u00e0 tr\u01b0\u1eddng v\u00e0 c\u00e1c th\u1ea7y c\u00f4 v\u1eabn t\u1ea1o \u0111i\u1ec1u ki\u1ec7n v\u00e0 \u0111\u1ed9ng vi\u00ean em. Em mu\u1ed1n g\u1eedi l\u1eddi c\u00e1m \u01a1n ch\u00e2n th\u00e0nh \u0111\u1ebfn t\u1ea5t c\u1ea3 m\u1ecdi ng\u01b0\u1eddi \u1ea1.<\/p>\n\n\n\n<figure class=\"wp-block-gallery has-nested-images columns-default is-cropped wp-block-gallery-2 is-layout-flex wp-block-gallery-is-layout-flex\">\n<figure class=\"wp-block-image size-large\"><img loading=\"lazy\" decoding=\"async\" width=\"2048\" height=\"1154\" data-id=\"860\" src=\"https:\/\/www.hoasen.edu.vn\/tnvlsv\/wp-content\/uploads\/sites\/31\/2023\/05\/346828225_965312774663079_4486394885550504288_n.jpg\" alt=\"\" class=\"wp-image-860\" srcset=\"https:\/\/www.hoasen.edu.vn\/tnvlsv\/wp-content\/uploads\/sites\/31\/2023\/05\/346828225_965312774663079_4486394885550504288_n.jpg 2048w, https:\/\/www.hoasen.edu.vn\/tnvlsv\/wp-content\/uploads\/sites\/31\/2023\/05\/346828225_965312774663079_4486394885550504288_n-300x169.jpg 300w, https:\/\/www.hoasen.edu.vn\/tnvlsv\/wp-content\/uploads\/sites\/31\/2023\/05\/346828225_965312774663079_4486394885550504288_n-768x433.jpg 768w, https:\/\/www.hoasen.edu.vn\/tnvlsv\/wp-content\/uploads\/sites\/31\/2023\/05\/346828225_965312774663079_4486394885550504288_n-1536x866.jpg 1536w\" sizes=\"auto, (max-width: 2048px) 100vw, 2048px\" \/><\/figure>\n\n\n\n<figure class=\"wp-block-image size-large\"><img loading=\"lazy\" decoding=\"async\" width=\"2048\" height=\"1154\" data-id=\"861\" src=\"https:\/\/www.hoasen.edu.vn\/tnvlsv\/wp-content\/uploads\/sites\/31\/2023\/05\/346662147_1421071038642588_1513888404722937142_n.jpg\" alt=\"\" class=\"wp-image-861\" srcset=\"https:\/\/www.hoasen.edu.vn\/tnvlsv\/wp-content\/uploads\/sites\/31\/2023\/05\/346662147_1421071038642588_1513888404722937142_n.jpg 2048w, https:\/\/www.hoasen.edu.vn\/tnvlsv\/wp-content\/uploads\/sites\/31\/2023\/05\/346662147_1421071038642588_1513888404722937142_n-300x169.jpg 300w, https:\/\/www.hoasen.edu.vn\/tnvlsv\/wp-content\/uploads\/sites\/31\/2023\/05\/346662147_1421071038642588_1513888404722937142_n-768x433.jpg 768w, https:\/\/www.hoasen.edu.vn\/tnvlsv\/wp-content\/uploads\/sites\/31\/2023\/05\/346662147_1421071038642588_1513888404722937142_n-1536x866.jpg 1536w\" sizes=\"auto, (max-width: 2048px) 100vw, 2048px\" \/><\/figure>\n<\/figure>\n\n\n\n<p><img loading=\"lazy\" decoding=\"async\" height=\"16\" width=\"16\" src=\"https:\/\/static.xx.fbcdn.net\/images\/emoji.php\/v9\/t68\/1.5\/16\/1f1fb_1f1f3.png\" alt=\"??\"> \u0110\u1ea1i di\u1ec7n BGH nh\u00e0 tr\u01b0\u1eddng, PGS.TS V\u00f5 Th\u1ecb Ng\u1ecdc Th\u00fay c\u0169ng \u0111\u00e3 g\u1eedi l\u1eddi ch\u00fac m\u1eebng \u0111\u1ebfn B\u00edch Th\u00f9y v\u00e0 \u0110\u1ed9i tuy\u1ec3n b\u00f3ng \u0111\u00e3 n\u1eef Vi\u1ec7t Nam. Nh\u00e0 tr\u01b0\u1eddng c\u0169ng trao t\u1eb7ng b\u1eb1ng khen v\u00e0 ph\u1ea7n th\u01b0\u1edfng \u0111\u1ec3 kh\u00edch l\u1ec7, \u0111\u1ed9ng vi\u00ean n\u1eef tuy\u1ec3n th\u1ee7 trong c\u00e1c gi\u1ea3i \u0111\u1ea5u s\u1eafp t\u1edbi.<\/p>\n\n\n\n<figure class=\"wp-block-gallery has-nested-images columns-default is-cropped wp-block-gallery-3 is-layout-flex wp-block-gallery-is-layout-flex\">\n<figure class=\"wp-block-image size-large\"><img loading=\"lazy\" decoding=\"async\" width=\"2048\" height=\"1194\" data-id=\"866\" src=\"https:\/\/www.hoasen.edu.vn\/tnvlsv\/wp-content\/uploads\/sites\/31\/2023\/05\/346971576_1429857191122895_7389449775599318257_n-1.jpg\" alt=\"\" class=\"wp-image-866\" srcset=\"https:\/\/www.hoasen.edu.vn\/tnvlsv\/wp-content\/uploads\/sites\/31\/2023\/05\/346971576_1429857191122895_7389449775599318257_n-1.jpg 2048w, https:\/\/www.hoasen.edu.vn\/tnvlsv\/wp-content\/uploads\/sites\/31\/2023\/05\/346971576_1429857191122895_7389449775599318257_n-1-300x175.jpg 300w, https:\/\/www.hoasen.edu.vn\/tnvlsv\/wp-content\/uploads\/sites\/31\/2023\/05\/346971576_1429857191122895_7389449775599318257_n-1-768x448.jpg 768w, https:\/\/www.hoasen.edu.vn\/tnvlsv\/wp-content\/uploads\/sites\/31\/2023\/05\/346971576_1429857191122895_7389449775599318257_n-1-1536x896.jpg 1536w\" sizes=\"auto, (max-width: 2048px) 100vw, 2048px\" \/><\/figure>\n\n\n\n<figure class=\"wp-block-image size-large\"><img loading=\"lazy\" decoding=\"async\" width=\"2048\" height=\"1154\" data-id=\"865\" src=\"https:\/\/www.hoasen.edu.vn\/tnvlsv\/wp-content\/uploads\/sites\/31\/2023\/05\/346643612_273346451702908_6034733773665096624_n-1.jpg\" alt=\"\" class=\"wp-image-865\" srcset=\"https:\/\/www.hoasen.edu.vn\/tnvlsv\/wp-content\/uploads\/sites\/31\/2023\/05\/346643612_273346451702908_6034733773665096624_n-1.jpg 2048w, https:\/\/www.hoasen.edu.vn\/tnvlsv\/wp-content\/uploads\/sites\/31\/2023\/05\/346643612_273346451702908_6034733773665096624_n-1-300x169.jpg 300w, https:\/\/www.hoasen.edu.vn\/tnvlsv\/wp-content\/uploads\/sites\/31\/2023\/05\/346643612_273346451702908_6034733773665096624_n-1-768x433.jpg 768w, https:\/\/www.hoasen.edu.vn\/tnvlsv\/wp-content\/uploads\/sites\/31\/2023\/05\/346643612_273346451702908_6034733773665096624_n-1-1536x866.jpg 1536w\" sizes=\"auto, (max-width: 2048px) 100vw, 2048px\" \/><\/figure>\n\n\n\n<figure class=\"wp-block-image size-large\"><img loading=\"lazy\" decoding=\"async\" width=\"2560\" height=\"1068\" data-id=\"864\" src=\"https:\/\/www.hoasen.edu.vn\/tnvlsv\/wp-content\/uploads\/sites\/31\/2023\/05\/347405854_782113363525182_3177331385527671369_n-scaled.jpg\" alt=\"\" class=\"wp-image-864\" srcset=\"https:\/\/www.hoasen.edu.vn\/tnvlsv\/wp-content\/uploads\/sites\/31\/2023\/05\/347405854_782113363525182_3177331385527671369_n-scaled.jpg 2560w, https:\/\/www.hoasen.edu.vn\/tnvlsv\/wp-content\/uploads\/sites\/31\/2023\/05\/347405854_782113363525182_3177331385527671369_n-300x125.jpg 300w, https:\/\/www.hoasen.edu.vn\/tnvlsv\/wp-content\/uploads\/sites\/31\/2023\/05\/347405854_782113363525182_3177331385527671369_n-768x320.jpg 768w, https:\/\/www.hoasen.edu.vn\/tnvlsv\/wp-content\/uploads\/sites\/31\/2023\/05\/347405854_782113363525182_3177331385527671369_n-1536x641.jpg 1536w, https:\/\/www.hoasen.edu.vn\/tnvlsv\/wp-content\/uploads\/sites\/31\/2023\/05\/347405854_782113363525182_3177331385527671369_n-2048x854.jpg 2048w\" sizes=\"auto, (max-width: 2560px) 100vw, 2560px\" \/><\/figure>\n<\/figure>\n\n\n\n<p><img loading=\"lazy\" decoding=\"async\" height=\"16\" width=\"16\" alt=\"??\" src=\"https:\/\/static.xx.fbcdn.net\/images\/emoji.php\/v9\/t68\/1.5\/16\/1f1fb_1f1f3.png\"> Sau cu\u1ed9c h\u1ed9i ng\u1ed9 ng\u1eafn c\u00f9ng HSU, B\u00edch Th\u00f9y c\u00f9ng \u0111\u1ed3ng \u0111\u1ed9i ph\u1ea3i t\u1eadp trung \u0111\u1ed9i tuy\u1ec3n. Theo k\u1ebf ho\u1ea1ch, ng\u00e0y mai (17\/5), n\u1eef tuy\u1ec3n th\u1ee7 s\u1ebd bay ra H\u00e0 N\u1ed9i \u0111\u1ec3 \u0111i\u1ec1u tr\u1ecb d\u1ee9t \u0111i\u1ec3m ch\u1ea5n th\u01b0\u01a1ng. Ng\u00e0y 20\/5, \u0111\u1ed9i tuy\u1ec3n n\u1eef Vi\u1ec7t Nam s\u1ebd t\u1eadp trung \u0111\u1ec3 chu\u1ea9n b\u1ecb cho World Cup s\u1eafp t\u1edbi.<\/p>\n","protected":false},"excerpt":{"rendered":"<p>Sau khi gi\u00e0nh ng\u00f4i v\u00f4 \u0111\u1ecbch b\u00f3ng \u0111\u00e1 n\u1eef t\u1ea1i SEA Games 32 t\u1ed1i 15\/5, c\u1ea7u th\u1ee7 Nguy\u1ec5n Th\u1ecb B\u00edch Th\u00f9y \u0111\u00e3 tr\u1edf v\u1ec1 n\u01b0\u1edbc v\u00e0 c\u00f3 chuy\u1ebfn th\u0103m Tr\u01b0\u1eddng \u0110\u1ea1i h\u1ecdc Hoa Sen, n\u01a1i c\u00f4 \u0111ang theo h\u1ecdc. PGS.TS V\u00f5 Th\u1ecb Ng\u1ecdc Th\u00fay \u2013 Hi\u1ec7u tr\u01b0\u1edfng Tr\u01b0\u1eddng \u0110\u1ea1i h\u1ecdc Hoa Sen c\u00f9ng \u0111\u00f4ng \u0111\u1ea3o sinh vi\u00ean, gi\u1ea3ng vi\u00ean \u0111\u00e3 c\u00f9ng c\u00f3 m\u1eb7t \u0111\u1ec3 \u0111\u00f3n B\u00edch Th\u00f9y tr\u1edf v\u1ec1. Tr\u1edf v\u1ec1 trong v\u00f2ng v\u00e2y c\u1ee7a sinh vi\u00ean v\u00e0 gi\u1ea3ng vi\u00ean Tr\u01b0\u1eddng \u0110\u1ea1i h\u1ecdc Hoa Sen, B\u00edch Th\u00f9y chia s\u1ebb: \u201cSau khi gi\u1ea3nh t\u1ea5m Huy ch\u01b0\u01a1ng v\u00e0ng c\u00f9ng \u0111\u1ed9i tuy\u1ec3n Vi\u1ec7t&#8230;<\/p>\n","protected":false},"author":70,"featured_media":0,"parent":0,"menu_order":0,"comment_status":"closed","ping_status":"closed","template":"","meta":{"footnotes":""},"class_list":["post-856","page","type-page","status-publish","hentry"],"acf":[],"_links":{"self":[{"href":"https:\/\/www.hoasen.edu.vn\/tnvlsv\/wp-json\/wp\/v2\/pages\/856","targetHints":{"allow":["GET"]}}],"collection":[{"href":"https:\/\/www.hoasen.edu.vn\/tnvlsv\/wp-json\/wp\/v2\/pages"}],"about":[{"href":"https:\/\/www.hoasen.edu.vn\/tnvlsv\/wp-json\/wp\/v2\/types\/page"}],"author":[{"embeddable":true,"href":"https:\/\/www.hoasen.edu.vn\/tnvlsv\/wp-json\/wp\/v2\/users\/70"}],"replies":[{"embeddable":true,"href":"https:\/\/www.hoasen.edu.vn\/tnvlsv\/wp-json\/wp\/v2\/comments?post=856"}],"version-history":[{"count":1,"href":"https:\/\/www.hoasen.edu.vn\/tnvlsv\/wp-json\/wp\/v2\/pages\/856\/revisions"}],"predecessor-version":[{"id":867,"href":"https:\/\/www.hoasen.edu.vn\/tnvlsv\/wp-json\/wp\/v2\/pages\/856\/revisions\/867"}],"wp:attachment":[{"href":"https:\/\/www.hoasen.edu.vn\/tnvlsv\/wp-json\/wp\/v2\/media?parent=856"}],"curies":[{"name":"wp","href":"https:\/\/api.w.org\/{rel}","templated":true}]}}