{"id":77,"date":"2022-03-28T08:16:57","date_gmt":"2022-03-28T08:16:57","guid":{"rendered":"https:\/\/www.hoasen.edu.vn\/tnvlsv\/?page_id=77"},"modified":"2022-03-28T08:16:58","modified_gmt":"2022-03-28T08:16:58","slug":"en-dich-vu-sinh-vien","status":"publish","type":"page","link":"https:\/\/www.hoasen.edu.vn\/tnvlsv\/en\/en-dich-vu-sinh-vien\/","title":{"rendered":"[EN] D\u1ecbch v\u1ee5 Sinh vi\u00ean"},"content":{"rendered":"\n<p>L\u1eafng nghe t\u00e2m t\u01b0, nguy\u1ec7n v\u1ecdng, th\u1eafc m\u1eafc c\u1ee7a sinh vi\u00ean. Cung c\u1ea5p d\u1ecbch v\u1ee5 ch\u0103m s\u00f3c \u0111\u1eddi s\u1ed1ng sinh vi\u00ean.&nbsp;<\/p>\n\n\n\n<ul class=\"wp-block-list\"><li>H\u1ecdc b\u1ed5ng, th\u1eafc m\u1eafc, t\u01b0 v\u1ea5n, h\u1ecdc ph\u00ed, qu\u00e0 t\u1eb7ng\u2026: <a href=\"mailto:dichvusinhvien@hoasen.edu.vn\">dichvusinhvien@hoasen.edu.vn<\/a><\/li><li>C\u00e1c v\u1ea5n \u0111\u1ec1 v\u1ec1 b\u1ea3o hi\u1ec3m, y t\u1ebf h\u1ecdc \u0111\u01b0\u1eddng: <a href=\"mailto:yte@hoasen.edu.vn\">yte@hoasen.edu.vn<\/a>&nbsp;<\/li><li>Th\u00f4ng tin, h\u1ed7 tr\u1ee3 v\u1ec1 th\u1ef1c t\u1eadp: <a href=\"mailto:thuctap@hoasen.edu.vn\">thuctap@hoasen.edu.vn<\/a>&nbsp;<\/li><\/ul>\n","protected":false},"excerpt":{"rendered":"<p>L\u1eafng nghe t\u00e2m t\u01b0, nguy\u1ec7n v\u1ecdng, th\u1eafc m\u1eafc c\u1ee7a sinh vi\u00ean. Cung c\u1ea5p d\u1ecbch v\u1ee5 ch\u0103m s\u00f3c \u0111\u1eddi s\u1ed1ng sinh vi\u00ean.&nbsp; H\u1ecdc b\u1ed5ng, th\u1eafc m\u1eafc, t\u01b0 v\u1ea5n, h\u1ecdc ph\u00ed, qu\u00e0 t\u1eb7ng\u2026: dichvusinhvien@hoasen.edu.vn C\u00e1c v\u1ea5n \u0111\u1ec1 v\u1ec1 b\u1ea3o hi\u1ec3m, y t\u1ebf h\u1ecdc \u0111\u01b0\u1eddng: yte@hoasen.edu.vn&nbsp; Th\u00f4ng tin, h\u1ed7 tr\u1ee3 v\u1ec1 th\u1ef1c t\u1eadp: thuctap@hoasen.edu.vn&nbsp;<\/p>\n","protected":false},"author":1,"featured_media":0,"parent":0,"menu_order":0,"comment_status":"closed","ping_status":"closed","template":"","meta":{"footnotes":""},"class_list":["post-77","page","type-page","status-publish","hentry"],"acf":[],"_links":{"self":[{"href":"https:\/\/www.hoasen.edu.vn\/tnvlsv\/wp-json\/wp\/v2\/pages\/77","targetHints":{"allow":["GET"]}}],"collection":[{"href":"https:\/\/www.hoasen.edu.vn\/tnvlsv\/wp-json\/wp\/v2\/pages"}],"about":[{"href":"https:\/\/www.hoasen.edu.vn\/tnvlsv\/wp-json\/wp\/v2\/types\/page"}],"author":[{"embeddable":true,"href":"https:\/\/www.hoasen.edu.vn\/tnvlsv\/wp-json\/wp\/v2\/users\/1"}],"replies":[{"embeddable":true,"href":"https:\/\/www.hoasen.edu.vn\/tnvlsv\/wp-json\/wp\/v2\/comments?post=77"}],"version-history":[{"count":1,"href":"https:\/\/www.hoasen.edu.vn\/tnvlsv\/wp-json\/wp\/v2\/pages\/77\/revisions"}],"predecessor-version":[{"id":78,"href":"https:\/\/www.hoasen.edu.vn\/tnvlsv\/wp-json\/wp\/v2\/pages\/77\/revisions\/78"}],"wp:attachment":[{"href":"https:\/\/www.hoasen.edu.vn\/tnvlsv\/wp-json\/wp\/v2\/media?parent=77"}],"curies":[{"name":"wp","href":"https:\/\/api.w.org\/{rel}","templated":true}]}}