{"id":494,"date":"2022-12-26T06:33:30","date_gmt":"2022-12-26T06:33:30","guid":{"rendered":"https:\/\/www.hoasen.edu.vn\/tnvlsv\/?page_id=494"},"modified":"2022-12-26T06:33:31","modified_gmt":"2022-12-26T06:33:31","slug":"cuoc-thi-thuong-thuc-co-trach-nhiem-vi-ai-do-can-ban","status":"publish","type":"page","link":"https:\/\/www.hoasen.edu.vn\/tnvlsv\/cuoc-thi-thuong-thuc-co-trach-nhiem-vi-ai-do-can-ban\/","title":{"rendered":"Cu\u1ed9c thi &#8220;Th\u01b0\u1edfng th\u1ee9c c\u00f3 tr\u00e1ch nhi\u1ec7m &#8211; V\u00ec ai \u0111\u00f3 c\u1ea7n b\u1ea1n\u201d"},"content":{"rendered":"\n<p><img loading=\"lazy\" decoding=\"async\" height=\"16\" width=\"16\" alt=\"?\" src=\"https:\/\/static.xx.fbcdn.net\/images\/emoji.php\/v9\/ta9\/1.5\/16\/1f525.png\"><img loading=\"lazy\" decoding=\"async\" height=\"16\" width=\"16\" alt=\"?\" src=\"https:\/\/static.xx.fbcdn.net\/images\/emoji.php\/v9\/ta9\/1.5\/16\/1f525.png\"> HSUERS TRANH BI\u1ec6N N\u1ea2Y L\u1eecA &#8220;L\u1ed6I T\u1ea0I BIA HAY T\u1ea0I NG\u01af\u1edcI U\u1ed0NG BIA&#8221;<img loading=\"lazy\" decoding=\"async\" height=\"16\" width=\"16\" alt=\"?\" src=\"https:\/\/static.xx.fbcdn.net\/images\/emoji.php\/v9\/ta9\/1.5\/16\/1f525.png\"><img loading=\"lazy\" decoding=\"async\" height=\"16\" width=\"16\" alt=\"?\" src=\"https:\/\/static.xx.fbcdn.net\/images\/emoji.php\/v9\/ta9\/1.5\/16\/1f525.png\"><\/p>\n\n\n\n<p>6 \u0111\u1ed9i thi v\u1edbi 6 phong c\u00e1ch tranh bi\u1ec7n kh\u00e1c nhau nh\u01b0ng t\u1ea5t c\u1ea3 \u0111\u00e3 l\u00e0m n\u00ean v\u00f2ng chung k\u1ebft gay c\u1ea5n cho cu\u1ed9c thi &#8220;Th\u01b0\u1edfng th\u1ee9c c\u00f3 tr\u00e1ch nhi\u1ec7m V\u00ec ai \u0111\u00f3 c\u1ea7n b\u1ea1n\u201d. Cu\u1ed9c thi do Tr\u01b0\u1eddng \u0110\u1ea1i h\u1ecdc Hoa Sen ph\u1ed1i h\u1ee3p v\u1edbi c\u00f4ng ty Anheuser-Busch InBev t\u1ed5 ch\u1ee9c nh\u1eb1m lan t\u1ecfa th\u00f4ng \u0111i\u1ec7p: Kh\u00f4ng l\u00e1i xe sau khi u\u1ed1ng bia v\u00e0 tinh th\u1ea7n tr\u00e1ch nhi\u1ec7m c\u00f9ng l\u1ed1i s\u1ed1ng t\u00edch c\u1ef1c c\u1ee7a th\u1ebf h\u1ec7 Gen Z.<\/p>\n\n\n\n<div class=\"wp-block-columns is-layout-flex wp-container-core-columns-is-layout-9d6595d7 wp-block-columns-is-layout-flex\">\n<div class=\"wp-block-column is-layout-flow wp-block-column-is-layout-flow\">\n<figure class=\"wp-block-image size-full\"><img loading=\"lazy\" decoding=\"async\" width=\"2048\" height=\"1154\" src=\"https:\/\/www.hoasen.edu.vn\/tnvlsv\/wp-content\/uploads\/sites\/31\/2022\/12\/320580650_531895145542929_3041056213403075751_n.jpg\" alt=\"\" class=\"wp-image-495\" srcset=\"https:\/\/www.hoasen.edu.vn\/tnvlsv\/wp-content\/uploads\/sites\/31\/2022\/12\/320580650_531895145542929_3041056213403075751_n.jpg 2048w, https:\/\/www.hoasen.edu.vn\/tnvlsv\/wp-content\/uploads\/sites\/31\/2022\/12\/320580650_531895145542929_3041056213403075751_n-256x144.jpg 256w, https:\/\/www.hoasen.edu.vn\/tnvlsv\/wp-content\/uploads\/sites\/31\/2022\/12\/320580650_531895145542929_3041056213403075751_n-474x267.jpg 474w, https:\/\/www.hoasen.edu.vn\/tnvlsv\/wp-content\/uploads\/sites\/31\/2022\/12\/320580650_531895145542929_3041056213403075751_n-396x223.jpg 396w, https:\/\/www.hoasen.edu.vn\/tnvlsv\/wp-content\/uploads\/sites\/31\/2022\/12\/320580650_531895145542929_3041056213403075751_n-310x175.jpg 310w, https:\/\/www.hoasen.edu.vn\/tnvlsv\/wp-content\/uploads\/sites\/31\/2022\/12\/320580650_531895145542929_3041056213403075751_n-418x236.jpg 418w, https:\/\/www.hoasen.edu.vn\/tnvlsv\/wp-content\/uploads\/sites\/31\/2022\/12\/320580650_531895145542929_3041056213403075751_n-425x239.jpg 425w, https:\/\/www.hoasen.edu.vn\/tnvlsv\/wp-content\/uploads\/sites\/31\/2022\/12\/320580650_531895145542929_3041056213403075751_n-201x113.jpg 201w, https:\/\/www.hoasen.edu.vn\/tnvlsv\/wp-content\/uploads\/sites\/31\/2022\/12\/320580650_531895145542929_3041056213403075751_n-492x277.jpg 492w, https:\/\/www.hoasen.edu.vn\/tnvlsv\/wp-content\/uploads\/sites\/31\/2022\/12\/320580650_531895145542929_3041056213403075751_n-645x363.jpg 645w, https:\/\/www.hoasen.edu.vn\/tnvlsv\/wp-content\/uploads\/sites\/31\/2022\/12\/320580650_531895145542929_3041056213403075751_n-415x233.jpg 415w, https:\/\/www.hoasen.edu.vn\/tnvlsv\/wp-content\/uploads\/sites\/31\/2022\/12\/320580650_531895145542929_3041056213403075751_n-395x223.jpg 395w, https:\/\/www.hoasen.edu.vn\/tnvlsv\/wp-content\/uploads\/sites\/31\/2022\/12\/320580650_531895145542929_3041056213403075751_n-535x301.jpg 535w\" sizes=\"auto, (max-width: 2048px) 100vw, 2048px\" \/><\/figure>\n<\/div>\n\n\n\n<div class=\"wp-block-column is-layout-flow wp-block-column-is-layout-flow\">\n<figure class=\"wp-block-image size-full\"><img loading=\"lazy\" decoding=\"async\" width=\"2048\" height=\"1154\" src=\"https:\/\/www.hoasen.edu.vn\/tnvlsv\/wp-content\/uploads\/sites\/31\/2022\/12\/321573601_1267676337127733_6737017128606546854_n.jpg\" alt=\"\" class=\"wp-image-496\" srcset=\"https:\/\/www.hoasen.edu.vn\/tnvlsv\/wp-content\/uploads\/sites\/31\/2022\/12\/321573601_1267676337127733_6737017128606546854_n.jpg 2048w, https:\/\/www.hoasen.edu.vn\/tnvlsv\/wp-content\/uploads\/sites\/31\/2022\/12\/321573601_1267676337127733_6737017128606546854_n-256x144.jpg 256w, https:\/\/www.hoasen.edu.vn\/tnvlsv\/wp-content\/uploads\/sites\/31\/2022\/12\/321573601_1267676337127733_6737017128606546854_n-474x267.jpg 474w, https:\/\/www.hoasen.edu.vn\/tnvlsv\/wp-content\/uploads\/sites\/31\/2022\/12\/321573601_1267676337127733_6737017128606546854_n-396x223.jpg 396w, https:\/\/www.hoasen.edu.vn\/tnvlsv\/wp-content\/uploads\/sites\/31\/2022\/12\/321573601_1267676337127733_6737017128606546854_n-310x175.jpg 310w, https:\/\/www.hoasen.edu.vn\/tnvlsv\/wp-content\/uploads\/sites\/31\/2022\/12\/321573601_1267676337127733_6737017128606546854_n-418x236.jpg 418w, https:\/\/www.hoasen.edu.vn\/tnvlsv\/wp-content\/uploads\/sites\/31\/2022\/12\/321573601_1267676337127733_6737017128606546854_n-425x239.jpg 425w, https:\/\/www.hoasen.edu.vn\/tnvlsv\/wp-content\/uploads\/sites\/31\/2022\/12\/321573601_1267676337127733_6737017128606546854_n-201x113.jpg 201w, https:\/\/www.hoasen.edu.vn\/tnvlsv\/wp-content\/uploads\/sites\/31\/2022\/12\/321573601_1267676337127733_6737017128606546854_n-492x277.jpg 492w, https:\/\/www.hoasen.edu.vn\/tnvlsv\/wp-content\/uploads\/sites\/31\/2022\/12\/321573601_1267676337127733_6737017128606546854_n-645x363.jpg 645w, https:\/\/www.hoasen.edu.vn\/tnvlsv\/wp-content\/uploads\/sites\/31\/2022\/12\/321573601_1267676337127733_6737017128606546854_n-415x233.jpg 415w, https:\/\/www.hoasen.edu.vn\/tnvlsv\/wp-content\/uploads\/sites\/31\/2022\/12\/321573601_1267676337127733_6737017128606546854_n-395x223.jpg 395w, https:\/\/www.hoasen.edu.vn\/tnvlsv\/wp-content\/uploads\/sites\/31\/2022\/12\/321573601_1267676337127733_6737017128606546854_n-535x301.jpg 535w\" sizes=\"auto, (max-width: 2048px) 100vw, 2048px\" \/><\/figure>\n<\/div>\n\n\n\n<div class=\"wp-block-column is-layout-flow wp-block-column-is-layout-flow\">\n<figure class=\"wp-block-image size-full\"><img loading=\"lazy\" decoding=\"async\" width=\"2048\" height=\"1154\" src=\"https:\/\/www.hoasen.edu.vn\/tnvlsv\/wp-content\/uploads\/sites\/31\/2022\/12\/320689350_627325812501493_8897041789809090150_n.jpg\" alt=\"\" class=\"wp-image-497\" srcset=\"https:\/\/www.hoasen.edu.vn\/tnvlsv\/wp-content\/uploads\/sites\/31\/2022\/12\/320689350_627325812501493_8897041789809090150_n.jpg 2048w, https:\/\/www.hoasen.edu.vn\/tnvlsv\/wp-content\/uploads\/sites\/31\/2022\/12\/320689350_627325812501493_8897041789809090150_n-256x144.jpg 256w, https:\/\/www.hoasen.edu.vn\/tnvlsv\/wp-content\/uploads\/sites\/31\/2022\/12\/320689350_627325812501493_8897041789809090150_n-474x267.jpg 474w, https:\/\/www.hoasen.edu.vn\/tnvlsv\/wp-content\/uploads\/sites\/31\/2022\/12\/320689350_627325812501493_8897041789809090150_n-396x223.jpg 396w, https:\/\/www.hoasen.edu.vn\/tnvlsv\/wp-content\/uploads\/sites\/31\/2022\/12\/320689350_627325812501493_8897041789809090150_n-310x175.jpg 310w, https:\/\/www.hoasen.edu.vn\/tnvlsv\/wp-content\/uploads\/sites\/31\/2022\/12\/320689350_627325812501493_8897041789809090150_n-418x236.jpg 418w, https:\/\/www.hoasen.edu.vn\/tnvlsv\/wp-content\/uploads\/sites\/31\/2022\/12\/320689350_627325812501493_8897041789809090150_n-425x239.jpg 425w, https:\/\/www.hoasen.edu.vn\/tnvlsv\/wp-content\/uploads\/sites\/31\/2022\/12\/320689350_627325812501493_8897041789809090150_n-201x113.jpg 201w, https:\/\/www.hoasen.edu.vn\/tnvlsv\/wp-content\/uploads\/sites\/31\/2022\/12\/320689350_627325812501493_8897041789809090150_n-492x277.jpg 492w, https:\/\/www.hoasen.edu.vn\/tnvlsv\/wp-content\/uploads\/sites\/31\/2022\/12\/320689350_627325812501493_8897041789809090150_n-645x363.jpg 645w, https:\/\/www.hoasen.edu.vn\/tnvlsv\/wp-content\/uploads\/sites\/31\/2022\/12\/320689350_627325812501493_8897041789809090150_n-415x233.jpg 415w, https:\/\/www.hoasen.edu.vn\/tnvlsv\/wp-content\/uploads\/sites\/31\/2022\/12\/320689350_627325812501493_8897041789809090150_n-395x223.jpg 395w, https:\/\/www.hoasen.edu.vn\/tnvlsv\/wp-content\/uploads\/sites\/31\/2022\/12\/320689350_627325812501493_8897041789809090150_n-535x301.jpg 535w\" sizes=\"auto, (max-width: 2048px) 100vw, 2048px\" \/><\/figure>\n<\/div>\n<\/div>\n\n\n\n<p>T\u1ea1i v\u00f2ng chung k\u1ebft, 6 \u0111\u1ed9i thi \u0111\u01b0\u1ee3c chia th\u00e0nh 3 b\u1ea3ng, 1 \u0111\u1ea5u 1 v\u1edbi 2 quan \u0111i\u1ec3m tr\u00e1i ng\u01b0\u1ee3c nhau: M\u1ed9t \u0111\u1ed9i b\u1ea3o v\u1ec7 quan \u0111i\u1ec3m \u201cl\u1ed7i t\u1ea1i bia\u201d, \u0111\u1ed9i c\u00f2n l\u1ea1i ph\u1ea3i b\u1ea3o v\u1ec7 quan \u0111i\u1ec3m \u201cl\u1ed7i t\u1ea1i ng\u01b0\u1eddi u\u1ed1ng bia\u201d. Trong qu\u00e1 tr\u00ecnh tranh bi\u1ec7n, 2 \u0111\u1ed9i \u0111\u01b0\u1ee3c Ban t\u1ed5 ch\u1ee9c y\u00eau c\u1ea7u \u0111\u1ea3o ng\u01b0\u1ee3c quan \u0111i\u1ec3m \u0111\u1ec3 th\u1ec3 hi\u1ec7n s\u1ef1 nh\u1ea1y b\u00e9n, t\u01b0 duy ph\u1ea3n bi\u1ec7n tr\u00e1i ng\u01b0\u1ee3c trong tranh bi\u1ec7n.<\/p>\n\n\n\n<p>B\u1eb1ng nh\u1eefng l\u00ed lu\u1eadn s\u1eafc b\u00e9n, nh\u1eefng ki\u1ebfn th\u1ee9c v\u1ec1 ph\u00e1p lu\u1eadt, v\u1ec1 c\u00e1c doanh nghi\u1ec7p, nh\u00e0 s\u1ea3n xu\u1ea5t bia, 6 \u0111\u1ed9i thi \u0111\u00e3 th\u1ec3 hi\u1ec7n r\u00f5 s\u1ef1 \u0111\u1ea7u t\u01b0 cho c\u00e1c d\u1eabn ch\u1ee9ng v\u00e0 l\u1eadp lu\u1eadn \u0111\u1ec3 b\u1ea3o v\u1ec7 quan \u0111i\u1ec3m c\u1ee7a m\u00ecnh.<\/p>\n\n\n\n<div class=\"wp-block-columns is-layout-flex wp-container-core-columns-is-layout-9d6595d7 wp-block-columns-is-layout-flex\">\n<div class=\"wp-block-column is-layout-flow wp-block-column-is-layout-flow\">\n<figure class=\"wp-block-image size-full\"><img loading=\"lazy\" decoding=\"async\" width=\"2048\" height=\"1154\" src=\"https:\/\/www.hoasen.edu.vn\/tnvlsv\/wp-content\/uploads\/sites\/31\/2022\/12\/320936684_5483321595128144_2219872237423678187_n.jpg\" alt=\"\" class=\"wp-image-498\" srcset=\"https:\/\/www.hoasen.edu.vn\/tnvlsv\/wp-content\/uploads\/sites\/31\/2022\/12\/320936684_5483321595128144_2219872237423678187_n.jpg 2048w, https:\/\/www.hoasen.edu.vn\/tnvlsv\/wp-content\/uploads\/sites\/31\/2022\/12\/320936684_5483321595128144_2219872237423678187_n-256x144.jpg 256w, https:\/\/www.hoasen.edu.vn\/tnvlsv\/wp-content\/uploads\/sites\/31\/2022\/12\/320936684_5483321595128144_2219872237423678187_n-474x267.jpg 474w, https:\/\/www.hoasen.edu.vn\/tnvlsv\/wp-content\/uploads\/sites\/31\/2022\/12\/320936684_5483321595128144_2219872237423678187_n-396x223.jpg 396w, https:\/\/www.hoasen.edu.vn\/tnvlsv\/wp-content\/uploads\/sites\/31\/2022\/12\/320936684_5483321595128144_2219872237423678187_n-310x175.jpg 310w, https:\/\/www.hoasen.edu.vn\/tnvlsv\/wp-content\/uploads\/sites\/31\/2022\/12\/320936684_5483321595128144_2219872237423678187_n-418x236.jpg 418w, https:\/\/www.hoasen.edu.vn\/tnvlsv\/wp-content\/uploads\/sites\/31\/2022\/12\/320936684_5483321595128144_2219872237423678187_n-425x239.jpg 425w, https:\/\/www.hoasen.edu.vn\/tnvlsv\/wp-content\/uploads\/sites\/31\/2022\/12\/320936684_5483321595128144_2219872237423678187_n-201x113.jpg 201w, https:\/\/www.hoasen.edu.vn\/tnvlsv\/wp-content\/uploads\/sites\/31\/2022\/12\/320936684_5483321595128144_2219872237423678187_n-492x277.jpg 492w, https:\/\/www.hoasen.edu.vn\/tnvlsv\/wp-content\/uploads\/sites\/31\/2022\/12\/320936684_5483321595128144_2219872237423678187_n-645x363.jpg 645w, https:\/\/www.hoasen.edu.vn\/tnvlsv\/wp-content\/uploads\/sites\/31\/2022\/12\/320936684_5483321595128144_2219872237423678187_n-415x233.jpg 415w, https:\/\/www.hoasen.edu.vn\/tnvlsv\/wp-content\/uploads\/sites\/31\/2022\/12\/320936684_5483321595128144_2219872237423678187_n-395x223.jpg 395w, https:\/\/www.hoasen.edu.vn\/tnvlsv\/wp-content\/uploads\/sites\/31\/2022\/12\/320936684_5483321595128144_2219872237423678187_n-535x301.jpg 535w\" sizes=\"auto, (max-width: 2048px) 100vw, 2048px\" \/><\/figure>\n<\/div>\n\n\n\n<div class=\"wp-block-column is-layout-flow wp-block-column-is-layout-flow\">\n<figure class=\"wp-block-image size-full\"><img loading=\"lazy\" decoding=\"async\" width=\"2048\" height=\"1154\" src=\"https:\/\/www.hoasen.edu.vn\/tnvlsv\/wp-content\/uploads\/sites\/31\/2022\/12\/320628440_531994745522022_5434894082858229580_n.jpg\" alt=\"\" class=\"wp-image-499\" srcset=\"https:\/\/www.hoasen.edu.vn\/tnvlsv\/wp-content\/uploads\/sites\/31\/2022\/12\/320628440_531994745522022_5434894082858229580_n.jpg 2048w, https:\/\/www.hoasen.edu.vn\/tnvlsv\/wp-content\/uploads\/sites\/31\/2022\/12\/320628440_531994745522022_5434894082858229580_n-256x144.jpg 256w, https:\/\/www.hoasen.edu.vn\/tnvlsv\/wp-content\/uploads\/sites\/31\/2022\/12\/320628440_531994745522022_5434894082858229580_n-474x267.jpg 474w, https:\/\/www.hoasen.edu.vn\/tnvlsv\/wp-content\/uploads\/sites\/31\/2022\/12\/320628440_531994745522022_5434894082858229580_n-396x223.jpg 396w, https:\/\/www.hoasen.edu.vn\/tnvlsv\/wp-content\/uploads\/sites\/31\/2022\/12\/320628440_531994745522022_5434894082858229580_n-310x175.jpg 310w, https:\/\/www.hoasen.edu.vn\/tnvlsv\/wp-content\/uploads\/sites\/31\/2022\/12\/320628440_531994745522022_5434894082858229580_n-418x236.jpg 418w, https:\/\/www.hoasen.edu.vn\/tnvlsv\/wp-content\/uploads\/sites\/31\/2022\/12\/320628440_531994745522022_5434894082858229580_n-425x239.jpg 425w, https:\/\/www.hoasen.edu.vn\/tnvlsv\/wp-content\/uploads\/sites\/31\/2022\/12\/320628440_531994745522022_5434894082858229580_n-201x113.jpg 201w, https:\/\/www.hoasen.edu.vn\/tnvlsv\/wp-content\/uploads\/sites\/31\/2022\/12\/320628440_531994745522022_5434894082858229580_n-492x277.jpg 492w, https:\/\/www.hoasen.edu.vn\/tnvlsv\/wp-content\/uploads\/sites\/31\/2022\/12\/320628440_531994745522022_5434894082858229580_n-645x363.jpg 645w, https:\/\/www.hoasen.edu.vn\/tnvlsv\/wp-content\/uploads\/sites\/31\/2022\/12\/320628440_531994745522022_5434894082858229580_n-415x233.jpg 415w, https:\/\/www.hoasen.edu.vn\/tnvlsv\/wp-content\/uploads\/sites\/31\/2022\/12\/320628440_531994745522022_5434894082858229580_n-395x223.jpg 395w, https:\/\/www.hoasen.edu.vn\/tnvlsv\/wp-content\/uploads\/sites\/31\/2022\/12\/320628440_531994745522022_5434894082858229580_n-535x301.jpg 535w\" sizes=\"auto, (max-width: 2048px) 100vw, 2048px\" \/><\/figure>\n<\/div>\n<\/div>\n\n\n\n<p>K\u1ebft qu\u1ea3 chung cu\u1ed9c nh\u01b0 sau:<\/p>\n\n\n\n<p><img loading=\"lazy\" decoding=\"async\" height=\"16\" width=\"16\" alt=\"\u2705\" src=\"https:\/\/static.xx.fbcdn.net\/images\/emoji.php\/v9\/tba\/1.5\/16\/2705.png\"> Gi\u1ea3i nh\u1ea5t: \u0110\u1ed9i The Big Fish<\/p>\n\n\n\n<p><img loading=\"lazy\" decoding=\"async\" height=\"16\" width=\"16\" alt=\"\u2705\" src=\"https:\/\/static.xx.fbcdn.net\/images\/emoji.php\/v9\/tba\/1.5\/16\/2705.png\"> Gi\u1ea3i nh\u00ec: \u0110\u1ed9i \u201cSay\u201d Tr\u00e1ch Nhi\u1ec7m<\/p>\n\n\n\n<p><img loading=\"lazy\" decoding=\"async\" height=\"16\" width=\"16\" alt=\"\u2705\" src=\"https:\/\/static.xx.fbcdn.net\/images\/emoji.php\/v9\/tba\/1.5\/16\/2705.png\">Gi\u1ea3i ba: \u0110\u1ed9i Call To Action<\/p>\n\n\n\n<p><img loading=\"lazy\" decoding=\"async\" height=\"16\" width=\"16\" alt=\"\u2705\" src=\"https:\/\/static.xx.fbcdn.net\/images\/emoji.php\/v9\/tba\/1.5\/16\/2705.png\"> Ba gi\u1ea3i khuy\u1ebfn kh\u00edch: \u0110\u1ed9i In your eyes, \u0111\u1ed9i 3T v\u00e0 \u0111\u1ed9i Random.<\/p>\n\n\n\n<p>Ch\u00fac m\u1eebng c\u00e1c \u0111\u1ed9i thi c\u1ee7a HSU <img loading=\"lazy\" decoding=\"async\" height=\"16\" width=\"16\" src=\"https:\/\/static.xx.fbcdn.net\/images\/emoji.php\/v9\/t43\/1.5\/16\/1f970.png\" alt=\"?\"><img loading=\"lazy\" decoding=\"async\" height=\"16\" width=\"16\" src=\"https:\/\/static.xx.fbcdn.net\/images\/emoji.php\/v9\/t43\/1.5\/16\/1f970.png\" alt=\"?\"><\/p>\n\n\n\n<div class=\"wp-block-columns is-layout-flex wp-container-core-columns-is-layout-9d6595d7 wp-block-columns-is-layout-flex\">\n<div class=\"wp-block-column is-layout-flow wp-block-column-is-layout-flow\">\n<figure class=\"wp-block-image size-full\"><img loading=\"lazy\" decoding=\"async\" width=\"2560\" height=\"1254\" src=\"https:\/\/www.hoasen.edu.vn\/tnvlsv\/wp-content\/uploads\/sites\/31\/2022\/12\/320786645_1115827009052983_2026920283105171493_n-scaled.jpg\" alt=\"\" class=\"wp-image-500\" srcset=\"https:\/\/www.hoasen.edu.vn\/tnvlsv\/wp-content\/uploads\/sites\/31\/2022\/12\/320786645_1115827009052983_2026920283105171493_n-scaled.jpg 2560w, https:\/\/www.hoasen.edu.vn\/tnvlsv\/wp-content\/uploads\/sites\/31\/2022\/12\/320786645_1115827009052983_2026920283105171493_n-256x125.jpg 256w, https:\/\/www.hoasen.edu.vn\/tnvlsv\/wp-content\/uploads\/sites\/31\/2022\/12\/320786645_1115827009052983_2026920283105171493_n-474x232.jpg 474w, https:\/\/www.hoasen.edu.vn\/tnvlsv\/wp-content\/uploads\/sites\/31\/2022\/12\/320786645_1115827009052983_2026920283105171493_n-396x194.jpg 396w, https:\/\/www.hoasen.edu.vn\/tnvlsv\/wp-content\/uploads\/sites\/31\/2022\/12\/320786645_1115827009052983_2026920283105171493_n-310x152.jpg 310w, https:\/\/www.hoasen.edu.vn\/tnvlsv\/wp-content\/uploads\/sites\/31\/2022\/12\/320786645_1115827009052983_2026920283105171493_n-418x205.jpg 418w, https:\/\/www.hoasen.edu.vn\/tnvlsv\/wp-content\/uploads\/sites\/31\/2022\/12\/320786645_1115827009052983_2026920283105171493_n-425x208.jpg 425w, https:\/\/www.hoasen.edu.vn\/tnvlsv\/wp-content\/uploads\/sites\/31\/2022\/12\/320786645_1115827009052983_2026920283105171493_n-201x98.jpg 201w, https:\/\/www.hoasen.edu.vn\/tnvlsv\/wp-content\/uploads\/sites\/31\/2022\/12\/320786645_1115827009052983_2026920283105171493_n-492x241.jpg 492w, https:\/\/www.hoasen.edu.vn\/tnvlsv\/wp-content\/uploads\/sites\/31\/2022\/12\/320786645_1115827009052983_2026920283105171493_n-645x316.jpg 645w, https:\/\/www.hoasen.edu.vn\/tnvlsv\/wp-content\/uploads\/sites\/31\/2022\/12\/320786645_1115827009052983_2026920283105171493_n-415x203.jpg 415w, https:\/\/www.hoasen.edu.vn\/tnvlsv\/wp-content\/uploads\/sites\/31\/2022\/12\/320786645_1115827009052983_2026920283105171493_n-395x193.jpg 395w, https:\/\/www.hoasen.edu.vn\/tnvlsv\/wp-content\/uploads\/sites\/31\/2022\/12\/320786645_1115827009052983_2026920283105171493_n-535x262.jpg 535w\" sizes=\"auto, (max-width: 2560px) 100vw, 2560px\" \/><\/figure>\n<\/div>\n\n\n\n<div class=\"wp-block-column is-layout-flow wp-block-column-is-layout-flow\">\n<figure class=\"wp-block-image size-full\"><img loading=\"lazy\" decoding=\"async\" width=\"2560\" height=\"1214\" src=\"https:\/\/www.hoasen.edu.vn\/tnvlsv\/wp-content\/uploads\/sites\/31\/2022\/12\/320927914_817826399321948_6591505420198815520_n-scaled.jpg\" alt=\"\" class=\"wp-image-501\" srcset=\"https:\/\/www.hoasen.edu.vn\/tnvlsv\/wp-content\/uploads\/sites\/31\/2022\/12\/320927914_817826399321948_6591505420198815520_n-scaled.jpg 2560w, https:\/\/www.hoasen.edu.vn\/tnvlsv\/wp-content\/uploads\/sites\/31\/2022\/12\/320927914_817826399321948_6591505420198815520_n-256x121.jpg 256w, https:\/\/www.hoasen.edu.vn\/tnvlsv\/wp-content\/uploads\/sites\/31\/2022\/12\/320927914_817826399321948_6591505420198815520_n-474x225.jpg 474w, https:\/\/www.hoasen.edu.vn\/tnvlsv\/wp-content\/uploads\/sites\/31\/2022\/12\/320927914_817826399321948_6591505420198815520_n-396x188.jpg 396w, https:\/\/www.hoasen.edu.vn\/tnvlsv\/wp-content\/uploads\/sites\/31\/2022\/12\/320927914_817826399321948_6591505420198815520_n-310x147.jpg 310w, https:\/\/www.hoasen.edu.vn\/tnvlsv\/wp-content\/uploads\/sites\/31\/2022\/12\/320927914_817826399321948_6591505420198815520_n-418x198.jpg 418w, https:\/\/www.hoasen.edu.vn\/tnvlsv\/wp-content\/uploads\/sites\/31\/2022\/12\/320927914_817826399321948_6591505420198815520_n-425x201.jpg 425w, https:\/\/www.hoasen.edu.vn\/tnvlsv\/wp-content\/uploads\/sites\/31\/2022\/12\/320927914_817826399321948_6591505420198815520_n-201x95.jpg 201w, https:\/\/www.hoasen.edu.vn\/tnvlsv\/wp-content\/uploads\/sites\/31\/2022\/12\/320927914_817826399321948_6591505420198815520_n-492x233.jpg 492w, https:\/\/www.hoasen.edu.vn\/tnvlsv\/wp-content\/uploads\/sites\/31\/2022\/12\/320927914_817826399321948_6591505420198815520_n-645x306.jpg 645w, https:\/\/www.hoasen.edu.vn\/tnvlsv\/wp-content\/uploads\/sites\/31\/2022\/12\/320927914_817826399321948_6591505420198815520_n-415x197.jpg 415w, https:\/\/www.hoasen.edu.vn\/tnvlsv\/wp-content\/uploads\/sites\/31\/2022\/12\/320927914_817826399321948_6591505420198815520_n-395x187.jpg 395w, https:\/\/www.hoasen.edu.vn\/tnvlsv\/wp-content\/uploads\/sites\/31\/2022\/12\/320927914_817826399321948_6591505420198815520_n-535x254.jpg 535w\" sizes=\"auto, (max-width: 2560px) 100vw, 2560px\" \/><\/figure>\n<\/div>\n<\/div>\n\n\n\n<p><\/p>\n","protected":false},"excerpt":{"rendered":"<p>HSUERS TRANH BI\u1ec6N N\u1ea2Y L\u1eecA &#8220;L\u1ed6I T\u1ea0I BIA HAY T\u1ea0I NG\u01af\u1edcI U\u1ed0NG BIA&#8221; 6 \u0111\u1ed9i thi v\u1edbi 6 phong c\u00e1ch tranh bi\u1ec7n kh\u00e1c nhau nh\u01b0ng t\u1ea5t c\u1ea3 \u0111\u00e3 l\u00e0m n\u00ean v\u00f2ng chung k\u1ebft gay c\u1ea5n cho cu\u1ed9c thi &#8220;Th\u01b0\u1edfng th\u1ee9c c\u00f3 tr\u00e1ch nhi\u1ec7m V\u00ec ai \u0111\u00f3 c\u1ea7n b\u1ea1n\u201d. Cu\u1ed9c thi do Tr\u01b0\u1eddng \u0110\u1ea1i h\u1ecdc Hoa Sen ph\u1ed1i h\u1ee3p v\u1edbi c\u00f4ng ty Anheuser-Busch InBev t\u1ed5 ch\u1ee9c nh\u1eb1m lan t\u1ecfa th\u00f4ng \u0111i\u1ec7p: Kh\u00f4ng l\u00e1i xe sau khi u\u1ed1ng bia v\u00e0 tinh th\u1ea7n tr\u00e1ch nhi\u1ec7m c\u00f9ng l\u1ed1i s\u1ed1ng t\u00edch c\u1ef1c c\u1ee7a th\u1ebf h\u1ec7 Gen Z. T\u1ea1i v\u00f2ng chung k\u1ebft, 6 \u0111\u1ed9i thi \u0111\u01b0\u1ee3c&#8230;<\/p>\n","protected":false},"author":70,"featured_media":0,"parent":0,"menu_order":0,"comment_status":"closed","ping_status":"closed","template":"","meta":{"footnotes":""},"class_list":["post-494","page","type-page","status-publish","hentry"],"acf":[],"_links":{"self":[{"href":"https:\/\/www.hoasen.edu.vn\/tnvlsv\/wp-json\/wp\/v2\/pages\/494","targetHints":{"allow":["GET"]}}],"collection":[{"href":"https:\/\/www.hoasen.edu.vn\/tnvlsv\/wp-json\/wp\/v2\/pages"}],"about":[{"href":"https:\/\/www.hoasen.edu.vn\/tnvlsv\/wp-json\/wp\/v2\/types\/page"}],"author":[{"embeddable":true,"href":"https:\/\/www.hoasen.edu.vn\/tnvlsv\/wp-json\/wp\/v2\/users\/70"}],"replies":[{"embeddable":true,"href":"https:\/\/www.hoasen.edu.vn\/tnvlsv\/wp-json\/wp\/v2\/comments?post=494"}],"version-history":[{"count":1,"href":"https:\/\/www.hoasen.edu.vn\/tnvlsv\/wp-json\/wp\/v2\/pages\/494\/revisions"}],"predecessor-version":[{"id":502,"href":"https:\/\/www.hoasen.edu.vn\/tnvlsv\/wp-json\/wp\/v2\/pages\/494\/revisions\/502"}],"wp:attachment":[{"href":"https:\/\/www.hoasen.edu.vn\/tnvlsv\/wp-json\/wp\/v2\/media?parent=494"}],"curies":[{"name":"wp","href":"https:\/\/api.w.org\/{rel}","templated":true}]}}