{"id":1485,"date":"2025-08-05T02:37:39","date_gmt":"2025-08-05T02:37:39","guid":{"rendered":"https:\/\/www.hoasen.edu.vn\/tnvlsv\/?page_id=1485"},"modified":"2025-08-05T02:37:40","modified_gmt":"2025-08-05T02:37:40","slug":"thong-bao-trien-khai-bao-hiem-y-te-sinh-vien-nam-2025-2026","status":"publish","type":"page","link":"https:\/\/www.hoasen.edu.vn\/tnvlsv\/thong-bao-trien-khai-bao-hiem-y-te-sinh-vien-nam-2025-2026\/","title":{"rendered":"[Th\u00f4ng b\u00e1o] Tri\u1ec3n khai B\u1ea3o hi\u1ec3m Y t\u1ebf sinh vi\u00ean n\u0103m 2025-2026"},"content":{"rendered":"\n<p>C\u0103n c\u1ee9 quy \u0111\u1ecbnh c\u1ee7a Lu\u1eadt B\u1ea3o hi\u1ec3m Y t\u1ebf, Trung t\u00e2m Tr\u1ea3i nghi\u1ec7m sinh vi\u00ean v\u00e0 Quan h\u1ec7 doanh nghi\u1ec7p (TT. TNSV&amp;QHDN) th\u00f4ng b\u00e1o vi\u1ec7c mua B\u1ea3o hi\u1ec3m Y t\u1ebf n\u0103m 2026 cho sinh vi\u00ean nh\u01b0 sau:<\/p>\n\n\n\n<p style=\"font-size:18px\"><strong>1. \u0110\u1ed1i t\u01b0\u1ee3ng<\/strong><\/p>\n\n\n\n<ul class=\"wp-block-list\">\n<li>Sinh vi\u00ean h\u1ec7 \u0110\u1ea1i h\u1ecdc ch\u00ednh quy \u0111ang h\u1ecdc t\u1ea1i Tr\u01b0\u1eddng ph\u1ea3i tham gia BHYT b\u1eaft bu\u1ed9c.<\/li>\n<\/ul>\n\n\n\n<ol class=\"wp-block-list\"><\/ol>\n\n\n\n<p style=\"font-size:18px\"><strong>2. Th\u1eddi h\u1ea1n th\u1ebb BHYT<\/strong><\/p>\n\n\n\n<ul class=\"wp-block-list\">\n<li>12 th\u00e1ng (t\u1eeb 01\/01\/2026 \u2013 31\/12\/2026)<\/li>\n<\/ul>\n\n\n\n<p style=\"font-size:18px\"><strong>3. M\u1ee9c ph\u00ed<\/strong><\/p>\n\n\n\n<ul class=\"wp-block-list\">\n<li>632.000 \u0111\u1ed3ng\/sinh vi\u00ean (S\u00e1u tr\u0103m ba m\u01b0\u01a1i hai ng\u00e0n \u0111\u1ed3ng).<\/li>\n<\/ul>\n\n\n\n<p style=\"font-size:18px\"><strong>4. H\u00ecnh th\u1ee9c v\u00e0 m\u1ed9t s\u1ed1 l\u01b0u \u00fd<\/strong><\/p>\n\n\n\n<div class=\"wp-block-file\"><a id=\"wp-block-file--media-fc5d8c29-3bbc-4915-b39f-d83f3db75ac7\" href=\"https:\/\/www.hoasen.edu.vn\/tnvlsv\/wp-content\/uploads\/sites\/31\/2025\/08\/TB_Trien-khai-BHYT-nam-hoc-2025-2026.pdf\">TB_Tri\u1ec3n khai BHYT n\u0103m h\u1ecdc 2025 &#8211; 2026<\/a><a href=\"https:\/\/www.hoasen.edu.vn\/tnvlsv\/wp-content\/uploads\/sites\/31\/2025\/08\/TB_Trien-khai-BHYT-nam-hoc-2025-2026.pdf\" class=\"wp-block-file__button wp-element-button\" download aria-describedby=\"wp-block-file--media-fc5d8c29-3bbc-4915-b39f-d83f3db75ac7\">T\u1ea3i xu\u1ed1ng<\/a><\/div>\n\n\n\n<p><\/p>\n\n\n\n<div style=\"background: #E6F4FF; border: 1.5px solid #B3D7FF; padding: 20px 25px; border-radius: 12px; font-size: 20px; line-height: 1.6\">\n  <p style=\"margin: 0 0 16px 0\">\n    C\u00e1c th\u1eafc m\u1eafc, sinh vi\u00ean li\u00ean h\u1ec7 Trung t\u00e2m Tr\u1ea3i nghi\u1ec7m sinh vi\u00ean v\u00e0 Quan h\u1ec7 doanh nghi\u1ec7p:\n  <\/p>\n  <p style=\"margin: 0; text-indent: 1.5em\">\n    \ud83d\udccd \u0110\u1ecba ch\u1ec9: Ph\u00f2ng 001 &#8211; S\u1ed1 8 Nguy\u1ec5n V\u0103n Tr\u00e1ng, P.B\u1ebfn Th\u00e0nh, TP.HCM\n  <\/p>\n  <p style=\"margin: 0; text-indent: 1.5em\">\n    \u2709\ufe0f Email: <a href=\"mailto: yte@hoasen.edu.vn\" style=\"color: #1a73e8; text-decoration: none\">yte@hoasen.edu.vn<\/a>\n  <\/p>\n<\/div>\n\n\n\n\n<p><\/p>\n","protected":false},"excerpt":{"rendered":"<p>C\u0103n c\u1ee9 quy \u0111\u1ecbnh c\u1ee7a Lu\u1eadt B\u1ea3o hi\u1ec3m Y t\u1ebf, Trung t\u00e2m Tr\u1ea3i nghi\u1ec7m sinh vi\u00ean v\u00e0 Quan h\u1ec7 doanh nghi\u1ec7p (TT. TNSV&amp;QHDN) th\u00f4ng b\u00e1o vi\u1ec7c mua B\u1ea3o hi\u1ec3m Y t\u1ebf n\u0103m 2026 cho sinh vi\u00ean nh\u01b0 sau: 1. \u0110\u1ed1i t\u01b0\u1ee3ng 2. Th\u1eddi h\u1ea1n th\u1ebb BHYT 3. M\u1ee9c ph\u00ed 4. H\u00ecnh th\u1ee9c v\u00e0 m\u1ed9t s\u1ed1 l\u01b0u \u00fd C\u00e1c th\u1eafc m\u1eafc, sinh vi\u00ean li\u00ean h\u1ec7 Trung t\u00e2m Tr\u1ea3i nghi\u1ec7m sinh vi\u00ean v\u00e0 Quan h\u1ec7 doanh nghi\u1ec7p: \ud83d\udccd \u0110\u1ecba ch\u1ec9: Ph\u00f2ng 001 &#8211; S\u1ed1 8 Nguy\u1ec5n V\u0103n Tr\u00e1ng, P.B\u1ebfn Th\u00e0nh, TP.HCM \u2709\ufe0f Email: yte@hoasen.edu.vn<\/p>\n","protected":false},"author":67,"featured_media":0,"parent":0,"menu_order":0,"comment_status":"closed","ping_status":"closed","template":"","meta":{"footnotes":""},"class_list":["post-1485","page","type-page","status-publish","hentry"],"acf":[],"_links":{"self":[{"href":"https:\/\/www.hoasen.edu.vn\/tnvlsv\/wp-json\/wp\/v2\/pages\/1485","targetHints":{"allow":["GET"]}}],"collection":[{"href":"https:\/\/www.hoasen.edu.vn\/tnvlsv\/wp-json\/wp\/v2\/pages"}],"about":[{"href":"https:\/\/www.hoasen.edu.vn\/tnvlsv\/wp-json\/wp\/v2\/types\/page"}],"author":[{"embeddable":true,"href":"https:\/\/www.hoasen.edu.vn\/tnvlsv\/wp-json\/wp\/v2\/users\/67"}],"replies":[{"embeddable":true,"href":"https:\/\/www.hoasen.edu.vn\/tnvlsv\/wp-json\/wp\/v2\/comments?post=1485"}],"version-history":[{"count":8,"href":"https:\/\/www.hoasen.edu.vn\/tnvlsv\/wp-json\/wp\/v2\/pages\/1485\/revisions"}],"predecessor-version":[{"id":1496,"href":"https:\/\/www.hoasen.edu.vn\/tnvlsv\/wp-json\/wp\/v2\/pages\/1485\/revisions\/1496"}],"wp:attachment":[{"href":"https:\/\/www.hoasen.edu.vn\/tnvlsv\/wp-json\/wp\/v2\/media?parent=1485"}],"curies":[{"name":"wp","href":"https:\/\/api.w.org\/{rel}","templated":true}]}}