{"id":147,"date":"2022-08-01T03:16:45","date_gmt":"2022-08-01T03:16:45","guid":{"rendered":"https:\/\/www.hoasen.edu.vn\/so-tay-sinh-vien\/?page_id=147"},"modified":"2025-09-16T03:35:02","modified_gmt":"2025-09-16T03:35:02","slug":"hoat-dong-phong-trao","status":"publish","type":"page","link":"https:\/\/www.hoasen.edu.vn\/so-tay-sinh-vien\/hoat-dong-phong-trao\/","title":{"rendered":"Ho\u1ea1t \u0111\u1ed9ng phong tr\u00e0o"},"content":{"rendered":"\n<p><strong>T\u1ea1i Tr\u01b0\u1eddng \u0110\u1ea1i h\u1ecdc Hoa Sen, c\u00e1c ho\u1ea1t \u0111\u1ed9ng phong tr\u00e0o lu\u00f4n l\u00e0 m\u1ea3nh gh\u00e9p quan tr\u1ecdng trong \u0111\u1eddi s\u1ed1ng sinh vi\u00ean \u2013 n\u01a1i h\u1ed9i t\u1ee5 nh\u1eefng tr\u1ea3i nghi\u1ec7m \u00fd ngh\u0129a, s\u00e1ng t\u1ea1o v\u00e0 gi\u00e0u c\u1ea3m h\u1ee9ng. M\u1ed7i s\u1ef1 ki\u1ec7n \u0111\u1ec1u mang \u0111\u1ebfn c\u01a1 h\u1ed9i \u0111\u1ec3 sinh vi\u00ean kh\u00f4ng ch\u1ec9 r\u00e8n luy\u1ec7n k\u1ef9 n\u0103ng, kh\u1eb3ng \u0111\u1ecbnh c\u00e1 t\u00ednh m\u00e0 c\u00f2n g\u1eafn k\u1ebft c\u1ed9ng \u0111\u1ed3ng, nu\u00f4i d\u01b0\u1ee1ng tinh th\u1ea7n nh\u00e2n v\u0103n v\u00e0 t\u1ef1 h\u00e0o d\u00e2n t\u1ed9c. \u0110\u00e2y ch\u00ednh l\u00e0 h\u00e0nh tr\u00ecnh \u0111\u1ec3 tu\u1ed5i tr\u1ebb Hoa Sen t\u1ecfa s\u00e1ng, tr\u01b0\u1edfng th\u00e0nh v\u00e0 lan t\u1ecfa nh\u1eefng gi\u00e1 tr\u1ecb t\u1ed1t \u0111\u1eb9p \u0111\u1ebfn x\u00e3 h\u1ed9i.<\/strong><\/p>\n\n\n\n<div style=\"height:10px\" aria-hidden=\"true\" class=\"wp-block-spacer\"><\/div>\n\n\n\n<h2 class=\"wp-block-heading has-black-color has-text-color has-link-color wp-elements-725f053274879f71f8981c83b4ce5649\" style=\"font-size:20px\">CU\u1ed8C THI T\u00ccM KI\u1ebeM T\u00c0I N\u0102NG TR\u1eba HSUNIK 2025<\/h2>\n\n\n\n<p>Ng\u00e0y 07\/06\/2025, v\u00f2ng <strong>Chung k\u1ebft HSUNiK \u201cALL STAR\u201d 2025<\/strong> do \u0110o\u00e0n Thanh ni\u00ean v\u00e0 H\u1ed9i Sinh vi\u00ean Tr\u01b0\u1eddng \u0110\u1ea1i h\u1ecdc Hoa Sen t\u1ed5 ch\u1ee9c \u0111\u00e3 kh\u00e9p l\u1ea1i trong b\u1ea7u kh\u00f4ng kh\u00ed b\u00f9ng n\u1ed5 v\u00e0 \u0111\u1ea7y c\u1ea3m x\u00fac. T\u1eeb 34 ti\u1ebft m\u1ee5c \u201cch\u00e1y\u201d h\u1ebft m\u00ecnh \u1edf v\u00f2ng B\u00e1n k\u1ebft, <strong>25 g\u01b0\u01a1ng m\u1eb7t xu\u1ea5t s\u1eafc nh\u1ea5t <\/strong>\u1edf 4 h\u1ea1ng m\u1ee5c <strong>nh\u1ea3y \u2013 h\u00e1t \u2013 rap \u2013 nh\u1ea1c c\u1ee5<\/strong> \u0111\u00e3 ti\u1ebfp t\u1ee5c t\u1ecfa s\u00e1ng, chinh ph\u1ee5c Ban gi\u00e1m kh\u1ea3o v\u00e0 kh\u00e1n gi\u1ea3 t\u1ea1i v\u00f2ng Chung k\u1ebft.<\/p>\n\n\n\n<figure class=\"wp-block-image size-full\"><img loading=\"lazy\" decoding=\"async\" width=\"2048\" height=\"1150\" src=\"https:\/\/www.hoasen.edu.vn\/so-tay-sinh-vien\/wp-content\/uploads\/sites\/46\/2025\/09\/506527853_1536477404293639_6661294040855731465_n.jpg\" alt=\"\" class=\"wp-image-2850\"\/><\/figure>\n\n\n\n<p>HSUNiK \u2013 T\u00ecm ki\u1ebfm T\u00e0i n\u0103ng Tr\u1ebb kh\u00f4ng ch\u1ec9 l\u00e0 m\u1ed9t<strong> cu\u1ed9c thi th\u01b0\u1eddng ni\u00ean<\/strong> c\u1ee7a Tr\u01b0\u1eddng \u0110\u1ea1i h\u1ecdc Hoa Sen, m\u00e0 c\u00f2n l\u00e0 \u201c\u0111i\u1ec3m h\u1eb9n\u201d c\u1ee7a \u0111am m\u00ea v\u00e0 s\u00e1ng t\u1ea1o, n\u01a1i sinh vi\u00ean Hoa Sen c\u00f9ng c\u00e1c b\u1ea1n h\u1ecdc sinh THPT tr\u00ean \u0111\u1ecba b\u00e0n TP.HCM c\u00f3 th\u1ec3 th\u1ecfa s\u1ee9c th\u1ec3 hi\u1ec7n c\u00e1 t\u00ednh v\u00e0 n\u0103ng l\u01b0\u1ee3ng ri\u00eang qua nh\u1eefng m\u00e0n tr\u00ecnh di\u1ec5n \u0111a s\u1eafc m\u00e0u..<\/p>\n\n\n\n<figure class=\"wp-block-gallery has-nested-images columns-default is-cropped wp-block-gallery-1 is-layout-flex wp-block-gallery-is-layout-flex\">\n<figure class=\"wp-block-image size-full\"><img loading=\"lazy\" decoding=\"async\" width=\"2048\" height=\"1365\" data-id=\"2849\" src=\"https:\/\/www.hoasen.edu.vn\/so-tay-sinh-vien\/wp-content\/uploads\/sites\/46\/2025\/09\/506621115_1536475824293797_8666678483130406009_n.jpg\" alt=\"\" class=\"wp-image-2849\"\/><\/figure>\n\n\n\n<figure class=\"wp-block-image size-full\"><img loading=\"lazy\" decoding=\"async\" width=\"2048\" height=\"1365\" data-id=\"2848\" src=\"https:\/\/www.hoasen.edu.vn\/so-tay-sinh-vien\/wp-content\/uploads\/sites\/46\/2025\/09\/506809889_1536476350960411_4401846608543462964_n.jpg\" alt=\"\" class=\"wp-image-2848\"\/><\/figure>\n\n\n\n<figure class=\"wp-block-image size-full\"><img loading=\"lazy\" decoding=\"async\" width=\"2048\" height=\"1367\" data-id=\"2847\" src=\"https:\/\/www.hoasen.edu.vn\/so-tay-sinh-vien\/wp-content\/uploads\/sites\/46\/2025\/09\/506616797_1536477267626986_116299804863965329_n.jpg\" alt=\"\" class=\"wp-image-2847\"\/><\/figure>\n<\/figure>\n\n\n\n<p>Su\u1ed1t g\u1ea7n m\u1ed9t th\u1eadp k\u1ef7, <strong>HSUNiK<\/strong> \u0111\u00e3 tr\u1edf th\u00e0nh s\u00e2n ch\u01a1i ngh\u1ec7 thu\u1eadt uy t\u00edn, chuy\u00ean nghi\u1ec7p, n\u01a1i th\u1eafp l\u1eeda c\u1ea3m h\u1ee9ng v\u00e0 \u0111\u1ed9ng vi\u00ean h\u00e0ng tr\u0103m t\u00e0i n\u0103ng tr\u1ebb m\u1ea1nh d\u1ea1n b\u01b0\u1edbc ra kh\u1ecfi v\u00f9ng an to\u00e0n, kh\u1eb3ng \u0111\u1ecbnh b\u1ea3n l\u0129nh v\u00e0 d\u1ea5n th\u00e2n theo \u0111u\u1ed5i \u01b0\u1edbc m\u01a1. Kh\u00f4ng ch\u1ec9 v\u1eady, HSUNiK c\u00f2n l\u00e0 c\u01a1 h\u1ed9i \u0111\u1ec3 ch\u00ednh <strong>sinh vi\u00ean Hoa Sen <\/strong>th\u1ec3 hi\u1ec7n b\u1ea3n l\u0129nh d\u1ea5n th\u00e2n<strong> trong vai tr\u00f2 ng\u01b0\u1eddi t\u1ed5 ch\u1ee9c<\/strong>, t\u1eeb kh\u00e2u x\u00e2y d\u1ef1ng \u00fd t\u01b0\u1edfng, \u0111i\u1ec1u ph\u1ed1i ch\u01b0\u01a1ng tr\u00ecnh \u0111\u1ebfn t\u1ea1o n\u00ean m\u1ed9t kh\u00f4ng gian ngh\u1ec7 thu\u1eadt b\u00f9ng n\u1ed5, gi\u00e0u c\u1ea3m h\u1ee9ng cho c\u1ed9ng \u0111\u1ed3ng.<\/p>\n\n\n\n<div style=\"height:10px\" aria-hidden=\"true\" class=\"wp-block-spacer\"><\/div>\n\n\n\n<h2 class=\"wp-block-heading\" style=\"font-size:20px\">H\u00c0NH TR\u00ccNH V\u1ec0 NGU\u1ed2N 2025<\/h2>\n\n\n\n<p>Ng\u00e0y 16\/03\/2025, \u0110o\u00e0n Thanh ni\u00ean Tr\u01b0\u1eddng \u0110\u1ea1i h\u1ecdc Hoa Sen \u0111\u00e3 t\u1ed5 ch\u1ee9c h\u00e0nh tr\u00ecnh v\u1ec1 ngu\u1ed3n t\u1ea1i Khu di t\u00edch l\u1ecbch s\u1eed <strong>\u0110\u1ecba \u0111\u1ea1o C\u1ee7 Chi<\/strong> \u2013 ho\u1ea1t \u0111\u1ed9ng \u00fd ngh\u0129a trong Th\u00e1ng Thanh ni\u00ean, h\u01b0\u1edbng \u0111\u1ebfn k\u1ef7 ni\u1ec7m <strong>94 n\u0103m Ng\u00e0y th\u00e0nh l\u1eadp \u0110o\u00e0n TNCS H\u1ed3 Ch\u00ed Minh (26\/03\/1931 \u2013 26\/03\/2025)<\/strong> v\u00e0 <strong>50 n\u0103m Ng\u00e0y Gi\u1ea3i ph\u00f3ng Mi\u1ec1n Nam, th\u1ed1ng nh\u1ea5t \u0111\u1ea5t n\u01b0\u1edbc (30\/04\/1975 \u2013 30\/04\/2025)<\/strong>.<\/p>\n\n\n\n<figure class=\"wp-block-image size-full\"><img loading=\"lazy\" decoding=\"async\" width=\"1440\" height=\"960\" src=\"https:\/\/www.hoasen.edu.vn\/so-tay-sinh-vien\/wp-content\/uploads\/sites\/46\/2025\/09\/484839821_959778682944302_8037403465157773738_n.jpg\" alt=\"\" class=\"wp-image-2858\" style=\"aspect-ratio:16\/9;object-fit:cover\"\/><\/figure>\n\n\n\n<figure class=\"wp-block-gallery has-nested-images columns-default is-cropped wp-block-gallery-2 is-layout-flex wp-block-gallery-is-layout-flex\">\n<figure class=\"wp-block-image size-full\"><img loading=\"lazy\" decoding=\"async\" width=\"1440\" height=\"960\" data-id=\"2859\" src=\"https:\/\/www.hoasen.edu.vn\/so-tay-sinh-vien\/wp-content\/uploads\/sites\/46\/2025\/09\/484801409_959778476277656_5342134273986461300_n.jpg\" alt=\"\" class=\"wp-image-2859\"\/><\/figure>\n\n\n\n<figure class=\"wp-block-image size-full\"><img loading=\"lazy\" decoding=\"async\" width=\"1440\" height=\"960\" data-id=\"2860\" src=\"https:\/\/www.hoasen.edu.vn\/so-tay-sinh-vien\/wp-content\/uploads\/sites\/46\/2025\/09\/484998127_959778656277638_3656993839732704553_n.jpg\" alt=\"\" class=\"wp-image-2860\"\/><\/figure>\n\n\n\n<figure class=\"wp-block-image size-full\"><img loading=\"lazy\" decoding=\"async\" width=\"1440\" height=\"960\" data-id=\"2861\" src=\"https:\/\/www.hoasen.edu.vn\/so-tay-sinh-vien\/wp-content\/uploads\/sites\/46\/2025\/09\/484062255_959778506277653_7931868807159396486_n.jpg\" alt=\"\" class=\"wp-image-2861\"\/><\/figure>\n<\/figure>\n\n\n\n<p>Trong kh\u00f4ng kh\u00ed trang nghi\u00eam, c\u00e1c b\u1ea1n sinh vi\u00ean \u0111\u00e3 d\u00e2ng h\u01b0\u01a1ng t\u1ea1i <strong>\u0110\u1ec1n B\u1ebfn D\u01b0\u1ee3c<\/strong>, th\u00e0nh k\u00ednh t\u01b0\u1edfng ni\u1ec7m v\u00e0 tri \u00e2n c\u00f4ng lao to l\u1edbn c\u1ee7a \u0111\u1ed3ng b\u00e0o, chi\u1ebfn s\u0129 \u0111\u00e3 ki\u00ean c\u01b0\u1eddng chi\u1ebfn \u0111\u1ea5u, anh d\u0169ng hy sinh tr\u00ean v\u00f9ng \u0111\u1ea5t <strong>S\u00e0i G\u00f2n \u2013 Ch\u1ee3 L\u1edbn \u2013 Gia \u0110\u1ecbnh<\/strong>. Tr\u01b0\u1edbc anh linh c\u1ee7a c\u00e1c anh h\u00f9ng, tu\u1ed5i tr\u1ebb Hoa Sen b\u00e0y t\u1ecf l\u00f2ng bi\u1ebft \u01a1n s\u00e2u s\u1eafc, nguy\u1ec7n ti\u1ebfp b\u01b0\u1edbc truy\u1ec1n th\u1ed1ng v\u00e0 <strong>chung s\u1ee9c x\u00e2y d\u1ef1ng \u0111\u1ea5t n\u01b0\u1edbc ng\u00e0y c\u00e0ng gi\u00e0u m\u1ea1nh<\/strong>.<\/p>\n\n\n\n<figure class=\"wp-block-image size-full\"><img loading=\"lazy\" decoding=\"async\" width=\"1440\" height=\"960\" src=\"https:\/\/www.hoasen.edu.vn\/so-tay-sinh-vien\/wp-content\/uploads\/sites\/46\/2025\/09\/484091341_959778659610971_5350698698894105554_n.jpg\" alt=\"\" class=\"wp-image-2865\"\/><\/figure>\n\n\n\n<p>H\u00e0nh tr\u00ecnh kh\u00e1m ph\u00e1 nh\u1eefng con \u0111\u01b0\u1eddng h\u1ea7m quanh co, nh\u1eefng c\u0103n h\u1ea7m t\u1eebng che ch\u1edf cho qu\u00e2n d\u00e2n ta, c\u00f9ng nh\u1eefng c\u00e2u chuy\u1ec7n v\u1ec1 m\u1ed9t th\u1eddi kh\u00e1ng chi\u1ebfn gian kh\u1ed5 m\u00e0 oai h\u00f9ng, \u0111\u00e3 \u0111\u1ec3 l\u1ea1i trong m\u1ed7i th\u00e0nh vi\u00ean s\u1ef1 x\u00fac \u0111\u1ed9ng m\u1ea1nh m\u1ebd v\u00e0 ni\u1ec1m t\u1ef1 h\u00e0o s\u00e2u s\u1eafc. Tr\u00ean mi\u1ec1n \u0111\u1ea5t \u201cth\u00e9p th\u00e0nh \u0111\u1ed3ng\u201d, c\u00e1c b\u1ea1n tr\u1ebb th\u00eam th\u1ea5m th\u00eda gi\u00e1 tr\u1ecb c\u1ee7a h\u00f2a b\u00ecnh h\u00f4m nay, \u0111\u1ec3 t\u1eeb \u0111\u00f3 ti\u1ebfp t\u1ee5c <strong>nu\u00f4i d\u01b0\u1ee1ng tinh th\u1ea7n tr\u00e1ch nhi\u1ec7m<\/strong>, <strong>b\u1ea3n l\u0129nh <\/strong>v\u00e0 <strong>kh\u00e1t v\u1ecdng c\u1ed1ng hi\u1ebfn cho T\u1ed5 qu\u1ed1c<\/strong>.<\/p>\n\n\n\n<div style=\"height:10px\" aria-hidden=\"true\" class=\"wp-block-spacer\"><\/div>\n\n\n\n<h2 class=\"wp-block-heading\" style=\"font-size:20px\">TALK SHOW &#8220;H\u1ed2N X\u01afA QU\u1ed0C K\u1ecaCH&#8221;<\/h2>\n\n\n\n<p>Chi\u1ec1u ng\u00e0y 18\/12\/2024, talkshow \u201cH\u1ed3n X\u01b0a Qu\u1ed1c K\u1ecbch\u201d \u0111\u00e3 di\u1ec5n ra th\u00e0nh c\u00f4ng t\u1ea1i H\u1ed9i tr\u01b0\u1eddng 204, c\u01a1 s\u1edf Nguy\u1ec5n V\u0103n Tr\u00e1ng, mang \u0111\u1ebfn cho kh\u00e1n gi\u1ea3 m\u1ed9t tr\u1ea3i nghi\u1ec7m ngh\u1ec7 thu\u1eadt \u0111\u1ed9c \u0111\u00e1o v\u00e0 \u0111\u1ea7y \u00fd ngh\u0129a. Kh\u00f4ng ch\u1ec9 l\u00e0 ch\u01b0\u01a1ng tr\u00ecnh giao l\u01b0u, \u201cH\u1ed3n X\u01b0a Qu\u1ed1c K\u1ecbch\u201d c\u00f2n m\u1edf ra m\u1ed9t g\u00f3c nh\u00ecn m\u1edbi m\u1ebb, gi\u00fap th\u1ebf h\u1ec7 Gen Z ti\u1ebfp c\u1eadn g\u1ea7n h\u01a1n v\u1edbi lo\u1ea1i h\u00ecnh <strong>ngh\u1ec7 thu\u1eadt tu\u1ed3ng c\u1ed5<\/strong> \u2013 di s\u1ea3n qu\u00fd gi\u00e1 c\u1ee7a d\u00e2n t\u1ed9c.<\/p>\n\n\n\n<figure class=\"wp-block-image size-full\"><img loading=\"lazy\" decoding=\"async\" width=\"5184\" height=\"3456\" src=\"https:\/\/www.hoasen.edu.vn\/so-tay-sinh-vien\/wp-content\/uploads\/sites\/46\/2025\/09\/24.png\" alt=\"\" class=\"wp-image-2879\" style=\"object-fit:cover\"\/><\/figure>\n\n\n\n<p>V\u1edbi s\u1ef1 tham gia c\u1ee7a <strong>di\u1ec5n gi\u1ea3 Joseph L\u00e2m<\/strong> c\u00f9ng c\u00e1c ngh\u1ec7 s\u0129, ch\u01b0\u01a1ng tr\u00ecnh \u0111\u00e3 t\u1ea1o n\u00ean m\u1ed9t kh\u00f4ng gian giao thoa th\u00fa v\u1ecb gi\u1eefa truy\u1ec1n th\u1ed1ng v\u00e0 hi\u1ec7n \u0111\u1ea1i. T\u1eeb g\u00f3c nh\u00ecn tr\u1ebb trung nh\u01b0ng s\u00e2u s\u1eafc, anh Joseph L\u00e2m \u0111\u00e3 mang \u0111\u1ebfn cho sinh vi\u00ean c\u00e1i nh\u00ecn r\u00f5 n\u00e9t v\u00e0 g\u1ea7n g\u0169i h\u01a1n v\u1ec1 tu\u1ed3ng c\u1ed5, kh\u01a1i g\u1ee3i <strong>s\u1ef1 t\u00f2 m\u00f2 v\u00e0 ni\u1ec1m tr\u00e2n tr\u1ecdng <\/strong>d\u00e0nh cho lo\u1ea1i h\u00ecnh ngh\u1ec7 thu\u1eadt n\u00e0y. H\u00f2a trong kh\u00f4ng kh\u00ed ho\u00e0i c\u1ed5, kh\u00e1n gi\u1ea3 c\u00f2n \u0111\u01b0\u1ee3c th\u01b0\u1edfng th\u1ee9c hai tr\u00edch \u0111o\u1ea1n tu\u1ed3ng \u0111\u1eb7c s\u1eafc: \u201cBao C\u00f4ng V\u00f4 L\u00f2 G\u1ea1ch\u201d v\u00e0 \u201cB\u00e3o T\u00e1p Nguy\u00ean Phong\u201d, tr\u1ef1c ti\u1ebfp c\u1ea3m nh\u1eadn s\u1ef1 tinh t\u1ebf trong t\u1eebng l\u00e0n \u0111i\u1ec7u, nh\u1ecbp tr\u1ed1ng, \u00e1nh s\u00e1ng v\u00e0 s\u1eafc m\u00e0u s\u00e2n kh\u1ea5u truy\u1ec1n th\u1ed1ng.<\/p>\n\n\n\n<p>Th\u00e0nh c\u00f4ng c\u1ee7a \u201cH\u1ed3n X\u01b0a Qu\u1ed1c K\u1ecbch\u201d kh\u00f4ng ch\u1ec9 d\u1eebng l\u1ea1i \u1edf m\u1ed9t bu\u1ed5i di\u1ec5n, m\u00e0 c\u00f2n g\u00f3p ph\u1ea7n <strong>kh\u01a1i d\u1eady ni\u1ec1m t\u1ef1 h\u00e0o d\u00e2n t\u1ed9c<\/strong>, lan t\u1ecfa t\u00ecnh y\u00eau ngh\u1ec7 thu\u1eadt tu\u1ed3ng c\u1ed5 v\u00e0 kh\u1eb3ng \u0111\u1ecbnh <strong>gi\u00e1 tr\u1ecb b\u1ec1n v\u1eefng c\u1ee7a di s\u1ea3n v\u0103n h\u00f3a Vi\u1ec7t Nam<\/strong>. V\u1edbi s\u1ef1 nhi\u1ec7t huy\u1ebft c\u1ee7a ngh\u1ec7 s\u0129 c\u00f9ng s\u1ef1 quan t\u00e2m c\u1ee7a c\u1ed9ng \u0111\u1ed3ng, ngh\u1ec7 thu\u1eadt tu\u1ed3ng c\u1ed5 ch\u1eafc ch\u1eafn s\u1ebd ti\u1ebfp t\u1ee5c t\u1ed3n t\u1ea1i, ph\u00e1t tri\u1ec3n v\u00e0 \u0111\u1ed3ng h\u00e0nh c\u00f9ng nhi\u1ec1u th\u1ebf h\u1ec7.<\/p>\n\n\n\n<div class=\"wp-block-columns is-layout-flex wp-container-core-columns-is-layout-9d6595d7 wp-block-columns-is-layout-flex\">\n<div class=\"wp-block-column is-layout-flow wp-block-column-is-layout-flow\">\n<figure class=\"wp-block-image size-full\"><img loading=\"lazy\" decoding=\"async\" width=\"5184\" height=\"3456\" src=\"https:\/\/www.hoasen.edu.vn\/so-tay-sinh-vien\/wp-content\/uploads\/sites\/46\/2025\/09\/30.png\" alt=\"\" class=\"wp-image-2881\"\/><\/figure>\n<\/div>\n\n\n\n<div class=\"wp-block-column is-layout-flow wp-block-column-is-layout-flow\">\n<figure class=\"wp-block-image size-full\"><img loading=\"lazy\" decoding=\"async\" width=\"5184\" height=\"3456\" src=\"https:\/\/www.hoasen.edu.vn\/so-tay-sinh-vien\/wp-content\/uploads\/sites\/46\/2025\/09\/29.png\" alt=\"\" class=\"wp-image-2882\"\/><\/figure>\n<\/div>\n<\/div>\n","protected":false},"excerpt":{"rendered":"<p>T\u1ea1i Tr\u01b0\u1eddng \u0110\u1ea1i h\u1ecdc Hoa Sen, c\u00e1c ho\u1ea1t \u0111\u1ed9ng phong tr\u00e0o lu\u00f4n l\u00e0 m\u1ea3nh gh\u00e9p quan tr\u1ecdng trong \u0111\u1eddi s\u1ed1ng sinh vi\u00ean \u2013 n\u01a1i h\u1ed9i t\u1ee5 nh\u1eefng tr\u1ea3i nghi\u1ec7m \u00fd ngh\u0129a, s\u00e1ng t\u1ea1o v\u00e0 gi\u00e0u c\u1ea3m h\u1ee9ng. M\u1ed7i s\u1ef1 ki\u1ec7n \u0111\u1ec1u mang \u0111\u1ebfn c\u01a1 h\u1ed9i \u0111\u1ec3 sinh vi\u00ean kh\u00f4ng ch\u1ec9 r\u00e8n luy\u1ec7n k\u1ef9 n\u0103ng, kh\u1eb3ng \u0111\u1ecbnh c\u00e1 t\u00ednh m\u00e0 c\u00f2n g\u1eafn k\u1ebft c\u1ed9ng \u0111\u1ed3ng, nu\u00f4i d\u01b0\u1ee1ng tinh th\u1ea7n nh\u00e2n v\u0103n v\u00e0 t\u1ef1 h\u00e0o d\u00e2n t\u1ed9c. \u0110\u00e2y ch\u00ednh l\u00e0 h\u00e0nh tr\u00ecnh \u0111\u1ec3 tu\u1ed5i tr\u1ebb Hoa Sen t\u1ecfa s\u00e1ng, tr\u01b0\u1edfng th\u00e0nh v\u00e0 lan t\u1ecfa nh\u1eefng gi\u00e1 tr\u1ecb t\u1ed1t \u0111\u1eb9p \u0111\u1ebfn x\u00e3 h\u1ed9i&#8230;.<\/p>\n","protected":false},"author":38,"featured_media":0,"parent":0,"menu_order":0,"comment_status":"closed","ping_status":"closed","template":"","meta":{"footnotes":""},"class_list":["post-147","page","type-page","status-publish","hentry"],"acf":[],"_links":{"self":[{"href":"https:\/\/www.hoasen.edu.vn\/so-tay-sinh-vien\/wp-json\/wp\/v2\/pages\/147","targetHints":{"allow":["GET"]}}],"collection":[{"href":"https:\/\/www.hoasen.edu.vn\/so-tay-sinh-vien\/wp-json\/wp\/v2\/pages"}],"about":[{"href":"https:\/\/www.hoasen.edu.vn\/so-tay-sinh-vien\/wp-json\/wp\/v2\/types\/page"}],"author":[{"embeddable":true,"href":"https:\/\/www.hoasen.edu.vn\/so-tay-sinh-vien\/wp-json\/wp\/v2\/users\/38"}],"replies":[{"embeddable":true,"href":"https:\/\/www.hoasen.edu.vn\/so-tay-sinh-vien\/wp-json\/wp\/v2\/comments?post=147"}],"version-history":[{"count":36,"href":"https:\/\/www.hoasen.edu.vn\/so-tay-sinh-vien\/wp-json\/wp\/v2\/pages\/147\/revisions"}],"predecessor-version":[{"id":3102,"href":"https:\/\/www.hoasen.edu.vn\/so-tay-sinh-vien\/wp-json\/wp\/v2\/pages\/147\/revisions\/3102"}],"wp:attachment":[{"href":"https:\/\/www.hoasen.edu.vn\/so-tay-sinh-vien\/wp-json\/wp\/v2\/media?parent=147"}],"curies":[{"name":"wp","href":"https:\/\/api.w.org\/{rel}","templated":true}]}}