{"id":132,"date":"2022-08-01T03:12:06","date_gmt":"2022-08-01T03:12:06","guid":{"rendered":"https:\/\/www.hoasen.edu.vn\/so-tay-sinh-vien\/?page_id=132"},"modified":"2025-09-13T09:51:23","modified_gmt":"2025-09-13T09:51:23","slug":"clb-hoc-thuat","status":"publish","type":"page","link":"https:\/\/www.hoasen.edu.vn\/so-tay-sinh-vien\/clb-hoc-thuat\/","title":{"rendered":"CLB H\u1ecdc thu\u1eadt &#8211; Nghi\u00ean c\u1ee9u"},"content":{"rendered":"\n<p><strong>T\u1ea1i Tr\u01b0\u1eddng \u0110\u1ea1i h\u1ecdc Hoa Sen, c\u00e1c C\u00e2u l\u1ea1c b\u1ed9 h\u1ecdc thu\u1eadt \u0111\u01b0\u1ee3c h\u00ecnh th\u00e0nh nh\u01b0 nh\u1eefng kh\u00f4ng gian s\u00e1ng t\u1ea1o, n\u01a1i sinh vi\u00ean c\u00f9ng nhau trao \u0111\u1ed5i ki\u1ebfn th\u1ee9c, r\u00e8n luy\u1ec7n k\u1ef9 n\u0103ng chuy\u00ean m\u00f4n v\u00e0 ph\u00e1t tri\u1ec3n t\u01b0 duy nghi\u00ean c\u1ee9u. \u0110\u00e2y kh\u00f4ng ch\u1ec9 l\u00e0 m\u00f4i tr\u01b0\u1eddng \u0111\u1ec3 h\u1ecdc t\u1eadp ngo\u00e0i gi\u1edd l\u00ean l\u1edbp, m\u00e0 c\u00f2n l\u00e0 c\u01a1 h\u1ed9i \u0111\u1ec3 sinh vi\u00ean g\u1eafn k\u1ebft c\u1ed9ng \u0111\u1ed3ng, nu\u00f4i d\u01b0\u1ee1ng \u0111am m\u00ea h\u1ecdc thu\u1eadt v\u00e0 kh\u1eb3ng \u0111\u1ecbnh b\u1ea3n l\u0129nh tr\u00ean con \u0111\u01b0\u1eddng h\u1ed9i nh\u1eadp qu\u1ed1c t\u1ebf.<\/strong><\/p>\n\n\n\n<h2 class=\"wp-block-heading\" style=\"font-size:20px\">CHIA S\u1eba TH\u1ef0C T\u1eacP NH\u1eacN TH\u1ee8C 2025<\/h2>\n\n\n\n<p>Th\u00f4ng qua bu\u1ed5i chia s\u1ebb th\u1ef1c t\u1eadp nh\u1eadn th\u1ee9c, c\u00e1c b\u1ea1n sinh vi\u00ean Ch\u01b0\u01a1ng tr\u00ecnh T\u00e2m l\u00fd h\u1ecdc \u0111\u00e3 \u0111\u01b0\u1ee3c n\u1eafm r\u00f5 h\u01a1n quy tr\u00ecnh v\u1ec1 c\u00e1c lo\u1ea1i gi\u1ea5y t\u1edd, th\u1ee7 t\u1ee5c c\u1ea7n thi\u1ebft v\u00e0 \u0111\u1eb7c \u0111i\u1ec3m c\u1ee7a c\u00e1c c\u01a1 s\u1edf th\u1ef1c t\u1eadp; \u0111\u1ed3ng th\u1eddi r\u00fat ra nh\u1eefng kinh nghi\u1ec7m qu\u00fd b\u00e1u qua c\u00e2u chuy\u1ec7n c\u1ee7a v\u1ecb kh\u00e1ch m\u1eddi \u0111\u00e1ng m\u1ebfn &#8211; Th\u1ea1c s\u0129 Nguy\u1ec5n H\u1ed3ng \u00c2n &#8211; hi\u1ec7n t\u1ea1i \u0111ang c\u00f4ng t\u00e1c t\u1ea1i Tr\u01b0\u1eddng \u0110\u1ea1i h\u1ecdc Hoa Sen ch\u01b0\u01a1ng tr\u00ecnh T\u00e2m l\u00fd h\u1ecdc HSU.<\/p>\n\n\n\n<figure class=\"wp-block-gallery has-nested-images columns-default is-cropped wp-block-gallery-1 is-layout-flex wp-block-gallery-is-layout-flex\">\n<figure class=\"wp-block-image size-full\"><img loading=\"lazy\" decoding=\"async\" width=\"1931\" height=\"1287\" data-id=\"3038\" src=\"https:\/\/www.hoasen.edu.vn\/so-tay-sinh-vien\/wp-content\/uploads\/sites\/46\/2025\/09\/Hi\u0300nh-2-Psy-up.jpg\" alt=\"\" class=\"wp-image-3038\"\/><\/figure>\n\n\n\n<figure class=\"wp-block-image size-full\"><img loading=\"lazy\" decoding=\"async\" width=\"1949\" height=\"1299\" data-id=\"3039\" src=\"https:\/\/www.hoasen.edu.vn\/so-tay-sinh-vien\/wp-content\/uploads\/sites\/46\/2025\/09\/Hi\u0300nh-3-Psy-up.jpg\" alt=\"\" class=\"wp-image-3039\"\/><\/figure>\n\n\n\n<figure class=\"wp-block-image size-full\"><img loading=\"lazy\" decoding=\"async\" width=\"1916\" height=\"1278\" data-id=\"3037\" src=\"https:\/\/www.hoasen.edu.vn\/so-tay-sinh-vien\/wp-content\/uploads\/sites\/46\/2025\/09\/Hi\u0300nh-1-Psy-up.jpg\" alt=\"\" class=\"wp-image-3037\"\/><\/figure>\n<\/figure>\n\n\n\n<h2 class=\"wp-block-heading\" style=\"font-size:20px\">ROAD TO BIG4 2025<\/h2>\n\n\n\n<p>Road to Big4 \u0111\u01b0\u1ee3c t\u1ed5 ch\u1ee9c b\u1edfi C\u00e2u l\u1ea1c b\u1ed9 K\u1ebf to\u00e1n &#8211; Ki\u1ec3m to\u00e1n \u0111\u00e3 ch\u00ednh th\u1ee9c di\u1ec5n ra v\u1edbi s\u1ef1 tham gia \u0111\u00f4ng \u0111\u1ea3o c\u1ee7a c\u00e1c b\u1ea1n sinh vi\u00ean y\u00eau th\u00edch ki\u1ec3m to\u00e1n \u2013 t\u00e0i ch\u00ednh. S\u1ef1 ki\u1ec7n kh\u00f4ng ch\u1ec9 mang \u0111\u1ebfn nh\u1eefng chia s\u1ebb ngh\u1ec1 nghi\u1ec7p gi\u00e1 tr\u1ecb m\u00e0 c\u00f2n l\u00e0 d\u1ecbp \u0111\u1ec3 giao l\u01b0u, k\u1ebft n\u1ed1i v\u00e0 truy\u1ec1n c\u1ea3m h\u1ee9ng t\u1eeb nh\u1eefng ng\u01b0\u1eddi \u0111i tr\u01b0\u1edbc.<\/p>\n\n\n\n<p>T\u1eebng c\u00e2u chuy\u1ec7n, t\u1eebng tr\u1ea3i nghi\u1ec7m m\u00e0 c\u00e1c kh\u00e1ch m\u1eddi chia s\u1ebb kh\u00f4ng ch\u1ec9 gi\u00fap c\u00e1c b\u1ea1n sinh vi\u00ean \u0110\u1ea1i h\u1ecdc Hoa Sen hi\u1ec3u r\u00f5 h\u01a1n v\u1ec1 con \u0111\u01b0\u1eddng ngh\u1ec1 nghi\u1ec7p ph\u00eda tr\u01b0\u1edbc, m\u00e0 c\u00f2n truy\u1ec1n l\u1eeda m\u1ea1nh m\u1ebd cho nh\u1eefng ai \u0111ang nu\u00f4i d\u01b0\u1ee1ng \u01b0\u1edbc m\u01a1 \u0111\u1eb7t ch\u00e2n v\u00e0o Big4 l\u0129nh v\u1ef1c K\u1ebf to\u00e1n &#8211; Ki\u1ec3m to\u00e1n.<\/p>\n\n\n\n<figure class=\"wp-block-gallery has-nested-images columns-default is-cropped wp-block-gallery-2 is-layout-flex wp-block-gallery-is-layout-flex\">\n<figure class=\"wp-block-image size-full\"><img loading=\"lazy\" decoding=\"async\" width=\"2048\" height=\"1365\" data-id=\"3040\" src=\"https:\/\/www.hoasen.edu.vn\/so-tay-sinh-vien\/wp-content\/uploads\/sites\/46\/2025\/09\/Hi\u0300nh-1-AAC.jpg\" alt=\"\" class=\"wp-image-3040\"\/><\/figure>\n\n\n\n<figure class=\"wp-block-image size-full\"><img loading=\"lazy\" decoding=\"async\" width=\"1170\" height=\"780\" data-id=\"3041\" src=\"https:\/\/www.hoasen.edu.vn\/so-tay-sinh-vien\/wp-content\/uploads\/sites\/46\/2025\/09\/Hi\u0300nh-2-AAC.jpg\" alt=\"\" class=\"wp-image-3041\"\/><\/figure>\n\n\n\n<figure class=\"wp-block-image size-full\"><img loading=\"lazy\" decoding=\"async\" width=\"1170\" height=\"780\" data-id=\"3042\" src=\"https:\/\/www.hoasen.edu.vn\/so-tay-sinh-vien\/wp-content\/uploads\/sites\/46\/2025\/09\/Hi\u0300nh-3-AAC.jpg\" alt=\"\" class=\"wp-image-3042\"\/><\/figure>\n<\/figure>\n\n\n\n<h2 class=\"wp-block-heading\" style=\"font-size:20px\">SYNTH OUR SONG 8<\/h2>\n\n\n\n<p>Ng\u00e0y 12\/07, Tr\u01b0\u1eddng \u0110\u1ea1i h\u1ecdc Hoa Sen \u0111\u00e3 tr\u1edf th\u00e0nh t\u00e2m \u0111i\u1ec3m c\u1ee7a m\u1ed9t ch\u01b0\u01a1ng tr\u00ecnh th\u0103ng hoa, n\u01a1i nh\u1eefng giai \u0111i\u1ec7u bay b\u1ed5ng v\u00e0 c\u1ea3m x\u00fac lan t\u1ecfa trong s\u1ef1 ki\u1ec7n Synth Our Song 8. Kh\u00f4ng ch\u1ec9 l\u00e0 m\u1ed9t ch\u01b0\u01a1ng tr\u00ecnh bi\u1ec3u di\u1ec5n, \u0111\u00e2y c\u00f2n l\u00e0 minh ch\u1ee9ng s\u1ed1ng \u0111\u1ed9ng cho s\u1ef1 k\u1ebft n\u1ed1i \u0111\u1ea7y \u00fd ngh\u0129a gi\u1eefa C\u00e2u l\u1ea1c b\u1ed9 HSU Saigon Corners c\u1ee7a ch\u00fang ta v\u00e0 nh\u1eefng t\u00e0i n\u0103ng tr\u1ebb \u0111\u1ebfn t\u1eeb C\u00e2u l\u1ea1c b\u1ed9 The Synth thu\u1ed9c Tr\u01b0\u1eddng THPT H\u00f9ng V\u01b0\u01a1ng. M\u1ed9t s\u1ef1 giao thoa tuy\u1ec7t v\u1eddi gi\u1eefa hai th\u1ebf h\u1ec7, hai m\u00f4i tr\u01b0\u1eddng \u0111\u00e3 t\u1ea1o n\u00ean d\u1ea5u \u1ea5n kh\u00f4ng th\u1ec3 qu\u00ean.<\/p>\n\n\n\n<figure class=\"wp-block-gallery has-nested-images columns-default is-cropped wp-block-gallery-3 is-layout-flex wp-block-gallery-is-layout-flex\">\n<figure class=\"wp-block-image size-full\"><img loading=\"lazy\" decoding=\"async\" width=\"2048\" height=\"1366\" data-id=\"3044\" src=\"https:\/\/www.hoasen.edu.vn\/so-tay-sinh-vien\/wp-content\/uploads\/sites\/46\/2025\/09\/Hi\u0300nh-3-SGC.jpg\" alt=\"\" class=\"wp-image-3044\"\/><\/figure>\n\n\n\n<figure class=\"wp-block-image size-full\"><img loading=\"lazy\" decoding=\"async\" width=\"2048\" height=\"1365\" data-id=\"3043\" src=\"https:\/\/www.hoasen.edu.vn\/so-tay-sinh-vien\/wp-content\/uploads\/sites\/46\/2025\/09\/Hi\u0300nh-2-SGC.jpg\" alt=\"\" class=\"wp-image-3043\"\/><\/figure>\n\n\n\n<figure class=\"wp-block-image size-full\"><img loading=\"lazy\" decoding=\"async\" width=\"2048\" height=\"1366\" data-id=\"3045\" src=\"https:\/\/www.hoasen.edu.vn\/so-tay-sinh-vien\/wp-content\/uploads\/sites\/46\/2025\/09\/Hi\u0300nh-1-SGC.jpg\" alt=\"\" class=\"wp-image-3045\"\/><\/figure>\n<\/figure>\n\n\n\n<h2 class=\"wp-block-heading\" style=\"font-size:20px\">THE PROFESSIONAL FINANCIAL ANALYST 2025<\/h2>\n\n\n\n<p>Cu\u1ed9c thi th\u01b0\u1eddng ni\u00ean c\u00f3 s\u1ef1 \u0111\u1ed3ng h\u00e0nh c\u1ee7a C\u00e2u l\u1ea1c b\u1ed9 Hoa Sen Financial Analyst Club \u0111\u00e3 thu h\u00fat 504 l\u01b0\u1ee3t \u0111\u0103ng k\u00fd t\u1eeb 60 tr\u01b0\u1eddng \u0111\u1ea1i h\u1ecdc trong v\u00e0 ngo\u00e0i n\u01b0\u1edbc, \u0111\u00e1nh d\u1ea5u s\u1ef1 lan t\u1ecfa m\u1ea1nh m\u1ebd v\u00e0 kh\u1eb3ng \u0111\u1ecbnh uy t\u00edn c\u1ee7a m\u1ed9t s\u00e2n ch\u01a1i h\u1ecdc thu\u1eadt h\u00e0ng \u0111\u1ea7u d\u00e0nh cho sinh vi\u00ean y\u00eau th\u00edch l\u0129nh v\u1ef1c t\u00e0i ch\u00ednh \u2013 \u0111\u1ea7u t\u01b0.<\/p>\n\n\n\n<figure class=\"wp-block-image size-full\"><img loading=\"lazy\" decoding=\"async\" width=\"3129\" height=\"1340\" src=\"https:\/\/www.hoasen.edu.vn\/so-tay-sinh-vien\/wp-content\/uploads\/sites\/46\/2025\/09\/Hi\u0300nh-1-HFA.jpg\" alt=\"\" class=\"wp-image-3048\"\/><\/figure>\n\n\n\n<p>T\u1ea1i \u0111\u00eam chung k\u1ebft di\u1ec5n ra v\u00e0o ng\u00e0y 26\/06\/2025, c\u00e1c \u0111\u1ed9i thi \u0111\u00e3 th\u1ec3 hi\u1ec7n kh\u1ea3 n\u0103ng ph\u00e2n t\u00edch chuy\u00ean s\u00e2u, k\u1ef9 n\u0103ng thuy\u1ebft tr\u00ecnh t\u1ef1 tin v\u00e0 l\u1eadp lu\u1eadn s\u1eafc b\u00e9n, t\u1ea1o n\u00ean kh\u00f4ng kh\u00ed tranh bi\u1ec7n h\u1ecdc thu\u1eadt \u0111\u1ea7y k\u1ecbch t\u00ednh v\u00e0 thu h\u00fat. S\u1ef1 t\u1eadp trung c\u1ee7a h\u1ed9i \u0111\u1ed3ng gi\u00e1m kh\u1ea3o c\u00f9ng s\u1ef1 theo d\u00f5i s\u00e1t sao t\u1eeb kh\u00e1n gi\u1ea3 \u0111\u00e3 kh\u1eb3ng \u0111\u1ecbnh gi\u00e1 tr\u1ecb chuy\u00ean m\u00f4n c\u1ee7a cu\u1ed9c thi v\u00e0 ti\u1ec1m n\u0103ng c\u1ee7a th\u1ebf h\u1ec7 chuy\u00ean gia t\u00e0i ch\u00ednh tr\u1ebb.<\/p>\n\n\n\n<h2 class=\"wp-block-heading\" style=\"font-size:20px\">DANH S\u00c1CH C\u00c1C CLB H\u1eccC THU\u1eacT<\/h2>\n\n\n\n<figure class=\"wp-block-table\"><table><tbody><tr><td class=\"has-text-align-center\" data-align=\"center\"><strong>TT<\/strong><\/td><td class=\"has-text-align-center\" data-align=\"center\"><strong>T\u00caN CH\u00cdNH TH\u1ee8C<\/strong><\/td><td class=\"has-text-align-center\" data-align=\"center\"><strong>EMAIL<\/strong><\/td><td class=\"has-text-align-center\" data-align=\"center\"><strong>FANPAGE<\/strong><\/td><\/tr><tr><td class=\"has-text-align-center\" data-align=\"center\">1<\/td><td class=\"has-text-align-center\" data-align=\"center\">HOA SEN FINANCIAL ANALYST<\/td><td class=\"has-text-align-center\" data-align=\"center\"><a href=\"mailto:hfa@sinhvien.hoasen.edu.vn\">hfa@sinhvien.hoasen.edu.vn<\/a><\/td><td class=\"has-text-align-center\" data-align=\"center\"><a href=\"https:\/\/www.facebook.com\/HFAface\" target=\"_blank\" rel=\"noopener\">https:\/\/www.facebook.com\/HFAface<\/a><\/td><\/tr><tr><td class=\"has-text-align-center\" data-align=\"center\">2<\/td><td class=\"has-text-align-center\" data-align=\"center\">\u0110\u1ea6U T\u01af B\u1ea4T \u0110\u1ed8NG S\u1ea2N<\/td><td class=\"has-text-align-center\" data-align=\"center\"><a href=\"mailto:realestateinvestment.declub@gmail.com\">realestateinvestment.declub@gmail.com<\/a><\/td><td class=\"has-text-align-center\" data-align=\"center\"><a href=\"https:\/\/m.facebook.com\/RIC-Real-Estate-Investment-Club-106466952030991\/\" target=\"_blank\" rel=\"noopener\">https:\/\/m.facebook.com\/RIC-Real-Estate-Investment-Club-106466952030991\/<\/a><\/td><\/tr><tr><td class=\"has-text-align-center\" data-align=\"center\">3<\/td><td class=\"has-text-align-center\" data-align=\"center\">K\u1ebe TO\u00c1N &#8211; KI\u1ec2M TO\u00c1N<\/td><td class=\"has-text-align-center\" data-align=\"center\"><a href=\"mailto:accountingandauditingclub@sinhvien.hoasen.edu.vn\">accountingandauditingclub@sinhvien.hoasen.edu.vn<\/a><\/td><td class=\"has-text-align-center\" data-align=\"center\"><a href=\"https:\/\/www.facebook.com\/aac.hsu\" target=\"_blank\" rel=\"noopener\">https:\/\/www.facebook.com\/aac.hsu<\/a><\/td><\/tr><tr><td class=\"has-text-align-center\" data-align=\"center\">4<\/td><td class=\"has-text-align-center\" data-align=\"center\">HOA SEN PSY-UP<\/td><td class=\"has-text-align-center\" data-align=\"center\"><a href=\"mailto:hoasenpsyup@sinhvien.hoasen.edu.vn\">hoasenpsyup@sinhvien.hoasen.edu.vn<\/a><\/td><td class=\"has-text-align-center\" data-align=\"center\"><a href=\"http:\/\/facebook.com\/clbsinhvientamlyhoc\" target=\"_blank\" rel=\"noopener\">facebook.com\/clbsinhvientamlyhoc<\/a><\/td><\/tr><tr><td class=\"has-text-align-center\" data-align=\"center\">5<\/td><td class=\"has-text-align-center\" data-align=\"center\">PH\u00c1P L\u00dd HSU<\/td><td class=\"has-text-align-center\" data-align=\"center\"><a href=\"mailto:lawyclub@gmail.com\">lawyclub@gmail.com<\/a><\/td><td class=\"has-text-align-center\" data-align=\"center\"><a href=\"https:\/\/www.facebook.com\/lawyclub.hsu\" target=\"_blank\" rel=\"noopener\">https:\/\/www.facebook.com\/lawyclub.hsu<\/a><\/td><\/tr><tr><td class=\"has-text-align-center\" data-align=\"center\">6<\/td><td class=\"has-text-align-center\" data-align=\"center\">HR HUB<\/td><td class=\"has-text-align-center\" data-align=\"center\"><a href=\"mailto:ad.hrhub@gmail.com\">ad.hrhub@gmail.com<\/a><\/td><td class=\"has-text-align-center\" data-align=\"center\"><a href=\"https:\/\/www.facebook.com\/ad.hrhub\" target=\"_blank\" rel=\"noopener\">https:\/\/www.facebook.com\/ad.hrhub<br><\/a><\/td><\/tr><tr><td class=\"has-text-align-center\" data-align=\"center\">7<\/td><td class=\"has-text-align-center\" data-align=\"center\">GENZ RESEARCH<\/td><td class=\"has-text-align-center\" data-align=\"center\"><a href=\"mailto:ad.zrcclub@gmail.com\">ad.zrcclub@gmail.com<\/a><\/td><td class=\"has-text-align-center\" data-align=\"center\"><a href=\"https:\/\/www.facebook.com\/profile.php?id=100083065194147\" target=\"_blank\" rel=\"noopener\">https:\/\/www.facebook.com\/profile.php?id=100083065194147<\/a><\/td><\/tr><tr><td class=\"has-text-align-center\" data-align=\"center\">8<\/td><td class=\"has-text-align-center\" data-align=\"center\">MIRACLE ENGLISH CLUB<\/td><td class=\"has-text-align-center\" data-align=\"center\"><a href=\"mailto:miracleenglishclub@sinhvien.hoasen.edu.vn\">miracleenglishclub@sinhvien.hoasen.edu.vn<\/a><\/td><td class=\"has-text-align-center\" data-align=\"center\"><a href=\"https:\/\/www.facebook.com\/MiracleEnglishClubHSU\" target=\"_blank\" rel=\"noopener\">https:\/\/www.facebook.com\/MiracleEnglishClubHSU<\/a><\/td><\/tr><tr><td class=\"has-text-align-center\" data-align=\"center\">9<\/td><td class=\"has-text-align-center\" data-align=\"center\">SAIGON CORNERS<\/td><td class=\"has-text-align-center\" data-align=\"center\"><a href=\"mailto:saigoncorners.org@gmail.com\">saigoncorners.org@gmail.com<\/a><\/td><td class=\"has-text-align-center\" data-align=\"center\"><a href=\"https:\/\/www.facebook.com\/saigoncorners.org?locale=vi_VN\" target=\"_blank\" rel=\"noreferrer noopener\">https:\/\/www.facebook.com\/saigoncorners.org?locale=vi_VN<\/a><\/td><\/tr><tr><td class=\"has-text-align-center\" data-align=\"center\">10<\/td><td class=\"has-text-align-center\" data-align=\"center\">FLYBUG<\/td><td class=\"has-text-align-center\" data-align=\"center\"><a href=\"mailto:flybug@hoasen.edu.vn\">flybug@hoasen.edu.vn<\/a><\/td><td class=\"has-text-align-center\" data-align=\"center\"><a href=\"https:\/\/www.facebook.com\/flybugclub.hsu\" target=\"_blank\" rel=\"noopener\">https:\/\/www.facebook.com\/flybugclub.hsu<\/a><\/td><\/tr><tr><td class=\"has-text-align-center\" data-align=\"center\">11<\/td><td class=\"has-text-align-center\" data-align=\"center\">HOA SEN E-COMMERCE<\/td><td class=\"has-text-align-center\" data-align=\"center\"><a href=\"mailto:hoasenecomclub@gmail.com\">hoasenecomclub@gmail.com<\/a><\/td><td class=\"has-text-align-center\" data-align=\"center\"><a href=\"https:\/\/www.facebook.com\/hoasenEcomCLUB\" target=\"_blank\" rel=\"noopener\">https:\/\/www.facebook.com\/hoasenEcomCLUB<\/a><\/td><\/tr><tr><td class=\"has-text-align-center\" data-align=\"center\">12<\/td><td class=\"has-text-align-center\" data-align=\"center\">TI\u1ebeNG TRUNG HSU<\/td><td class=\"has-text-align-center\" data-align=\"center\"><a href=\"mailto:clbtiengtrung.hsu@gmail.com\">clbtiengtrung.hsu@gmail.com<\/a><\/td><td class=\"has-text-align-center\" data-align=\"center\"><a href=\"https:\/\/www.facebook.com\/clbtiengtrunghsu?mibextid=LQQJ4d\" target=\"_blank\" rel=\"noreferrer noopener\">https:\/\/www.facebook.com\/clbtiengtrunghsu?mibextid=LQQJ4d<\/a><\/td><\/tr><\/tbody><\/table><\/figure>\n\n\n\n<p class=\"has-text-align-center\"><\/p>\n","protected":false},"excerpt":{"rendered":"<p>T\u1ea1i Tr\u01b0\u1eddng \u0110\u1ea1i h\u1ecdc Hoa Sen, c\u00e1c C\u00e2u l\u1ea1c b\u1ed9 h\u1ecdc thu\u1eadt \u0111\u01b0\u1ee3c h\u00ecnh th\u00e0nh nh\u01b0 nh\u1eefng kh\u00f4ng gian s\u00e1ng t\u1ea1o, n\u01a1i sinh vi\u00ean c\u00f9ng nhau trao \u0111\u1ed5i ki\u1ebfn th\u1ee9c, r\u00e8n luy\u1ec7n k\u1ef9 n\u0103ng chuy\u00ean m\u00f4n v\u00e0 ph\u00e1t tri\u1ec3n t\u01b0 duy nghi\u00ean c\u1ee9u. \u0110\u00e2y kh\u00f4ng ch\u1ec9 l\u00e0 m\u00f4i tr\u01b0\u1eddng \u0111\u1ec3 h\u1ecdc t\u1eadp ngo\u00e0i gi\u1edd l\u00ean l\u1edbp, m\u00e0 c\u00f2n l\u00e0 c\u01a1 h\u1ed9i \u0111\u1ec3 sinh vi\u00ean g\u1eafn k\u1ebft c\u1ed9ng \u0111\u1ed3ng, nu\u00f4i d\u01b0\u1ee1ng \u0111am m\u00ea h\u1ecdc thu\u1eadt v\u00e0 kh\u1eb3ng \u0111\u1ecbnh b\u1ea3n l\u0129nh tr\u00ean con \u0111\u01b0\u1eddng h\u1ed9i nh\u1eadp qu\u1ed1c t\u1ebf. CHIA S\u1eba TH\u1ef0C T\u1eacP NH\u1eacN TH\u1ee8C 2025 Th\u00f4ng qua bu\u1ed5i chia s\u1ebb th\u1ef1c t\u1eadp&#8230;<\/p>\n","protected":false},"author":38,"featured_media":0,"parent":0,"menu_order":0,"comment_status":"closed","ping_status":"closed","template":"","meta":{"footnotes":""},"class_list":["post-132","page","type-page","status-publish","hentry"],"acf":[],"_links":{"self":[{"href":"https:\/\/www.hoasen.edu.vn\/so-tay-sinh-vien\/wp-json\/wp\/v2\/pages\/132","targetHints":{"allow":["GET"]}}],"collection":[{"href":"https:\/\/www.hoasen.edu.vn\/so-tay-sinh-vien\/wp-json\/wp\/v2\/pages"}],"about":[{"href":"https:\/\/www.hoasen.edu.vn\/so-tay-sinh-vien\/wp-json\/wp\/v2\/types\/page"}],"author":[{"embeddable":true,"href":"https:\/\/www.hoasen.edu.vn\/so-tay-sinh-vien\/wp-json\/wp\/v2\/users\/38"}],"replies":[{"embeddable":true,"href":"https:\/\/www.hoasen.edu.vn\/so-tay-sinh-vien\/wp-json\/wp\/v2\/comments?post=132"}],"version-history":[{"count":26,"href":"https:\/\/www.hoasen.edu.vn\/so-tay-sinh-vien\/wp-json\/wp\/v2\/pages\/132\/revisions"}],"predecessor-version":[{"id":3116,"href":"https:\/\/www.hoasen.edu.vn\/so-tay-sinh-vien\/wp-json\/wp\/v2\/pages\/132\/revisions\/3116"}],"wp:attachment":[{"href":"https:\/\/www.hoasen.edu.vn\/so-tay-sinh-vien\/wp-json\/wp\/v2\/media?parent=132"}],"curies":[{"name":"wp","href":"https:\/\/api.w.org\/{rel}","templated":true}]}}