{"id":122,"date":"2022-08-01T03:02:11","date_gmt":"2022-08-01T03:02:11","guid":{"rendered":"https:\/\/www.hoasen.edu.vn\/so-tay-sinh-vien\/?page_id=122"},"modified":"2022-08-04T08:26:06","modified_gmt":"2022-08-04T08:26:06","slug":"qua-tang-sinh-vien","status":"publish","type":"page","link":"https:\/\/www.hoasen.edu.vn\/so-tay-sinh-vien\/qua-tang-sinh-vien\/","title":{"rendered":"Qu\u00e0 t\u1eb7ng sinh vi\u00ean"},"content":{"rendered":"\n<p>\u0110\u1ec3 ch\u00e0o \u0111\u00f3n c\u00e1c b\u1ea1n T\u00e2n sinh vi\u00ean, tr\u01b0\u1eddng \u0110\u1ea1i h\u1ecdc Hoa Sen lu\u00f4n c\u00f3 nh\u1eefng m\u00f3n qu\u00e0 xinh x\u1eafn v\u00e0 h\u1eefu \u00edch cho vi\u1ec7c h\u1ecdc t\u1eadp c\u1ee7a c\u00e1c b\u1ea1n:<\/p>\n\n\n\n<p>&#8211; \u00c1o thun Logo HSU<\/p>\n\n\n\n<p>&#8211; Balo HSU<\/p>\n\n\n\n<p>&#8211; S\u1ed5 tay<\/p>\n\n\n\n<p>&#8211; B\u00fat vi\u1ebft, \u2026<\/p>\n\n\n\n<p>Th\u1eddi gian nh\u1eadn Qu\u00e0 t\u1eb7ng T\u00e2n sinh vi\u00ean: Tu\u1ea7n 0 &#8211; Tu\u1ea7n sinh ho\u1ea1t \u0111\u1ea7u kh\u00f3a d\u00e0nh cho c\u00e1c b\u1ea1n T\u00e2n Sinh Vi\u00ean (tr\u01b0\u1edbc th\u1eddi gian khai gi\u1ea3ng ch\u00ednh th\u1ee9c 01 tu\u1ea7n)<\/p>\n\n\n\n<p>T\u00f9y m\u1ed7i n\u0103m, Tr\u01b0\u1eddng s\u1ebd c\u00f3 th\u00f4ng b\u00e1o v\u1ec1 qu\u00e0 t\u1eb7ng kh\u00e1c nhau d\u00e0nh cho c\u00e1c b\u1ea1n t\u00e2n sinh vi\u00ean.<\/p>\n\n\n\n<p>M\u1ed9t v\u00e0i m\u1eabu qu\u00e0 t\u1eb7ng t\u00e2m sinh vi\u00ean c\u00e1c n\u0103m:<\/p>\n\n\n\n<figure class=\"wp-block-gallery columns-3 is-cropped wp-block-gallery-1 is-layout-flex wp-block-gallery-is-layout-flex\"><ul class=\"blocks-gallery-grid\"><li class=\"blocks-gallery-item\"><figure><img loading=\"lazy\" decoding=\"async\" width=\"2560\" height=\"1920\" src=\"https:\/\/www.hoasen.edu.vn\/so-tay-sinh-vien\/wp-content\/uploads\/sites\/46\/2022\/08\/z3603359519423_91fd641d01f09d3b6256eb2976226ade-scaled.jpg\" alt=\"\" data-id=\"552\" data-full-url=\"https:\/\/www.hoasen.edu.vn\/so-tay-sinh-vien\/wp-content\/uploads\/sites\/46\/2022\/08\/z3603359519423_91fd641d01f09d3b6256eb2976226ade-scaled.jpg\" data-link=\"https:\/\/www.hoasen.edu.vn\/so-tay-sinh-vien\/qua-tang-sinh-vien\/z3603359519423_91fd641d01f09d3b6256eb2976226ade\/\" class=\"wp-image-552\" srcset=\"https:\/\/www.hoasen.edu.vn\/so-tay-sinh-vien\/wp-content\/uploads\/sites\/46\/2022\/08\/z3603359519423_91fd641d01f09d3b6256eb2976226ade-scaled.jpg 2560w, https:\/\/www.hoasen.edu.vn\/so-tay-sinh-vien\/wp-content\/uploads\/sites\/46\/2022\/08\/z3603359519423_91fd641d01f09d3b6256eb2976226ade-248x186.jpg 248w, https:\/\/www.hoasen.edu.vn\/so-tay-sinh-vien\/wp-content\/uploads\/sites\/46\/2022\/08\/z3603359519423_91fd641d01f09d3b6256eb2976226ade-367x275.jpg 367w, https:\/\/www.hoasen.edu.vn\/so-tay-sinh-vien\/wp-content\/uploads\/sites\/46\/2022\/08\/z3603359519423_91fd641d01f09d3b6256eb2976226ade-352x264.jpg 352w, https:\/\/www.hoasen.edu.vn\/so-tay-sinh-vien\/wp-content\/uploads\/sites\/46\/2022\/08\/z3603359519423_91fd641d01f09d3b6256eb2976226ade-310x233.jpg 310w, https:\/\/www.hoasen.edu.vn\/so-tay-sinh-vien\/wp-content\/uploads\/sites\/46\/2022\/08\/z3603359519423_91fd641d01f09d3b6256eb2976226ade-372x279.jpg 372w, https:\/\/www.hoasen.edu.vn\/so-tay-sinh-vien\/wp-content\/uploads\/sites\/46\/2022\/08\/z3603359519423_91fd641d01f09d3b6256eb2976226ade-377x283.jpg 377w, https:\/\/www.hoasen.edu.vn\/so-tay-sinh-vien\/wp-content\/uploads\/sites\/46\/2022\/08\/z3603359519423_91fd641d01f09d3b6256eb2976226ade-201x151.jpg 201w, https:\/\/www.hoasen.edu.vn\/so-tay-sinh-vien\/wp-content\/uploads\/sites\/46\/2022\/08\/z3603359519423_91fd641d01f09d3b6256eb2976226ade-492x369.jpg 492w, https:\/\/www.hoasen.edu.vn\/so-tay-sinh-vien\/wp-content\/uploads\/sites\/46\/2022\/08\/z3603359519423_91fd641d01f09d3b6256eb2976226ade-579x434.jpg 579w, https:\/\/www.hoasen.edu.vn\/so-tay-sinh-vien\/wp-content\/uploads\/sites\/46\/2022\/08\/z3603359519423_91fd641d01f09d3b6256eb2976226ade-311x233.jpg 311w, https:\/\/www.hoasen.edu.vn\/so-tay-sinh-vien\/wp-content\/uploads\/sites\/46\/2022\/08\/z3603359519423_91fd641d01f09d3b6256eb2976226ade-355x266.jpg 355w, https:\/\/www.hoasen.edu.vn\/so-tay-sinh-vien\/wp-content\/uploads\/sites\/46\/2022\/08\/z3603359519423_91fd641d01f09d3b6256eb2976226ade-421x316.jpg 421w, https:\/\/www.hoasen.edu.vn\/so-tay-sinh-vien\/wp-content\/uploads\/sites\/46\/2022\/08\/z3603359519423_91fd641d01f09d3b6256eb2976226ade-415x311.jpg 415w\" sizes=\"auto, (max-width: 2560px) 100vw, 2560px\" \/><\/figure><\/li><li class=\"blocks-gallery-item\"><figure><img loading=\"lazy\" decoding=\"async\" width=\"2047\" height=\"916\" src=\"https:\/\/www.hoasen.edu.vn\/so-tay-sinh-vien\/wp-content\/uploads\/sites\/46\/2022\/08\/z3603357400833_99c7bf42e1016c5da88ea81965a9ba2e.jpg\" alt=\"\" data-id=\"553\" data-full-url=\"https:\/\/www.hoasen.edu.vn\/so-tay-sinh-vien\/wp-content\/uploads\/sites\/46\/2022\/08\/z3603357400833_99c7bf42e1016c5da88ea81965a9ba2e.jpg\" data-link=\"https:\/\/www.hoasen.edu.vn\/so-tay-sinh-vien\/qua-tang-sinh-vien\/z3603357400833_99c7bf42e1016c5da88ea81965a9ba2e\/\" class=\"wp-image-553\" srcset=\"https:\/\/www.hoasen.edu.vn\/so-tay-sinh-vien\/wp-content\/uploads\/sites\/46\/2022\/08\/z3603357400833_99c7bf42e1016c5da88ea81965a9ba2e.jpg 2047w, https:\/\/www.hoasen.edu.vn\/so-tay-sinh-vien\/wp-content\/uploads\/sites\/46\/2022\/08\/z3603357400833_99c7bf42e1016c5da88ea81965a9ba2e-256x115.jpg 256w, https:\/\/www.hoasen.edu.vn\/so-tay-sinh-vien\/wp-content\/uploads\/sites\/46\/2022\/08\/z3603357400833_99c7bf42e1016c5da88ea81965a9ba2e-474x212.jpg 474w, https:\/\/www.hoasen.edu.vn\/so-tay-sinh-vien\/wp-content\/uploads\/sites\/46\/2022\/08\/z3603357400833_99c7bf42e1016c5da88ea81965a9ba2e-396x177.jpg 396w, https:\/\/www.hoasen.edu.vn\/so-tay-sinh-vien\/wp-content\/uploads\/sites\/46\/2022\/08\/z3603357400833_99c7bf42e1016c5da88ea81965a9ba2e-310x139.jpg 310w, https:\/\/www.hoasen.edu.vn\/so-tay-sinh-vien\/wp-content\/uploads\/sites\/46\/2022\/08\/z3603357400833_99c7bf42e1016c5da88ea81965a9ba2e-418x187.jpg 418w, https:\/\/www.hoasen.edu.vn\/so-tay-sinh-vien\/wp-content\/uploads\/sites\/46\/2022\/08\/z3603357400833_99c7bf42e1016c5da88ea81965a9ba2e-425x190.jpg 425w, https:\/\/www.hoasen.edu.vn\/so-tay-sinh-vien\/wp-content\/uploads\/sites\/46\/2022\/08\/z3603357400833_99c7bf42e1016c5da88ea81965a9ba2e-201x90.jpg 201w, https:\/\/www.hoasen.edu.vn\/so-tay-sinh-vien\/wp-content\/uploads\/sites\/46\/2022\/08\/z3603357400833_99c7bf42e1016c5da88ea81965a9ba2e-492x220.jpg 492w, https:\/\/www.hoasen.edu.vn\/so-tay-sinh-vien\/wp-content\/uploads\/sites\/46\/2022\/08\/z3603357400833_99c7bf42e1016c5da88ea81965a9ba2e-645x289.jpg 645w, https:\/\/www.hoasen.edu.vn\/so-tay-sinh-vien\/wp-content\/uploads\/sites\/46\/2022\/08\/z3603357400833_99c7bf42e1016c5da88ea81965a9ba2e-415x186.jpg 415w, https:\/\/www.hoasen.edu.vn\/so-tay-sinh-vien\/wp-content\/uploads\/sites\/46\/2022\/08\/z3603357400833_99c7bf42e1016c5da88ea81965a9ba2e-395x177.jpg 395w, https:\/\/www.hoasen.edu.vn\/so-tay-sinh-vien\/wp-content\/uploads\/sites\/46\/2022\/08\/z3603357400833_99c7bf42e1016c5da88ea81965a9ba2e-535x239.jpg 535w\" sizes=\"auto, (max-width: 2047px) 100vw, 2047px\" \/><\/figure><\/li><li class=\"blocks-gallery-item\"><figure><img loading=\"lazy\" decoding=\"async\" width=\"1920\" height=\"2560\" src=\"https:\/\/www.hoasen.edu.vn\/so-tay-sinh-vien\/wp-content\/uploads\/sites\/46\/2022\/08\/z3603343784297_c9582d350b51e8bc98a248d5629c6bc7.jpg\" alt=\"\" data-id=\"554\" data-full-url=\"https:\/\/www.hoasen.edu.vn\/so-tay-sinh-vien\/wp-content\/uploads\/sites\/46\/2022\/08\/z3603343784297_c9582d350b51e8bc98a248d5629c6bc7.jpg\" data-link=\"https:\/\/www.hoasen.edu.vn\/so-tay-sinh-vien\/qua-tang-sinh-vien\/z3603343784297_c9582d350b51e8bc98a248d5629c6bc7\/\" class=\"wp-image-554\" srcset=\"https:\/\/www.hoasen.edu.vn\/so-tay-sinh-vien\/wp-content\/uploads\/sites\/46\/2022\/08\/z3603343784297_c9582d350b51e8bc98a248d5629c6bc7.jpg 1920w, https:\/\/www.hoasen.edu.vn\/so-tay-sinh-vien\/wp-content\/uploads\/sites\/46\/2022\/08\/z3603343784297_c9582d350b51e8bc98a248d5629c6bc7-140x186.jpg 140w, https:\/\/www.hoasen.edu.vn\/so-tay-sinh-vien\/wp-content\/uploads\/sites\/46\/2022\/08\/z3603343784297_c9582d350b51e8bc98a248d5629c6bc7-206x275.jpg 206w, https:\/\/www.hoasen.edu.vn\/so-tay-sinh-vien\/wp-content\/uploads\/sites\/46\/2022\/08\/z3603343784297_c9582d350b51e8bc98a248d5629c6bc7-198x264.jpg 198w, https:\/\/www.hoasen.edu.vn\/so-tay-sinh-vien\/wp-content\/uploads\/sites\/46\/2022\/08\/z3603343784297_c9582d350b51e8bc98a248d5629c6bc7-185x247.jpg 185w, https:\/\/www.hoasen.edu.vn\/so-tay-sinh-vien\/wp-content\/uploads\/sites\/46\/2022\/08\/z3603343784297_c9582d350b51e8bc98a248d5629c6bc7-209x279.jpg 209w, https:\/\/www.hoasen.edu.vn\/so-tay-sinh-vien\/wp-content\/uploads\/sites\/46\/2022\/08\/z3603343784297_c9582d350b51e8bc98a248d5629c6bc7-212x283.jpg 212w, https:\/\/www.hoasen.edu.vn\/so-tay-sinh-vien\/wp-content\/uploads\/sites\/46\/2022\/08\/z3603343784297_c9582d350b51e8bc98a248d5629c6bc7-201x268.jpg 201w, https:\/\/www.hoasen.edu.vn\/so-tay-sinh-vien\/wp-content\/uploads\/sites\/46\/2022\/08\/z3603343784297_c9582d350b51e8bc98a248d5629c6bc7-295x393.jpg 295w, https:\/\/www.hoasen.edu.vn\/so-tay-sinh-vien\/wp-content\/uploads\/sites\/46\/2022\/08\/z3603343784297_c9582d350b51e8bc98a248d5629c6bc7-326x434.jpg 326w, https:\/\/www.hoasen.edu.vn\/so-tay-sinh-vien\/wp-content\/uploads\/sites\/46\/2022\/08\/z3603343784297_c9582d350b51e8bc98a248d5629c6bc7-175x233.jpg 175w, https:\/\/www.hoasen.edu.vn\/so-tay-sinh-vien\/wp-content\/uploads\/sites\/46\/2022\/08\/z3603343784297_c9582d350b51e8bc98a248d5629c6bc7-200x266.jpg 200w, https:\/\/www.hoasen.edu.vn\/so-tay-sinh-vien\/wp-content\/uploads\/sites\/46\/2022\/08\/z3603343784297_c9582d350b51e8bc98a248d5629c6bc7-237x316.jpg 237w, https:\/\/www.hoasen.edu.vn\/so-tay-sinh-vien\/wp-content\/uploads\/sites\/46\/2022\/08\/z3603343784297_c9582d350b51e8bc98a248d5629c6bc7-233x311.jpg 233w\" sizes=\"auto, (max-width: 1920px) 100vw, 1920px\" \/><\/figure><\/li><\/ul><\/figure>\n","protected":false},"excerpt":{"rendered":"<p>\u0110\u1ec3 ch\u00e0o \u0111\u00f3n c\u00e1c b\u1ea1n T\u00e2n sinh vi\u00ean, tr\u01b0\u1eddng \u0110\u1ea1i h\u1ecdc Hoa Sen lu\u00f4n c\u00f3 nh\u1eefng m\u00f3n qu\u00e0 xinh x\u1eafn v\u00e0 h\u1eefu \u00edch cho vi\u1ec7c h\u1ecdc t\u1eadp c\u1ee7a c\u00e1c b\u1ea1n: &#8211; \u00c1o thun Logo HSU &#8211; Balo HSU &#8211; S\u1ed5 tay &#8211; B\u00fat vi\u1ebft, \u2026 Th\u1eddi gian nh\u1eadn Qu\u00e0 t\u1eb7ng T\u00e2n sinh vi\u00ean: Tu\u1ea7n 0 &#8211; Tu\u1ea7n sinh ho\u1ea1t \u0111\u1ea7u kh\u00f3a d\u00e0nh cho c\u00e1c b\u1ea1n T\u00e2n Sinh Vi\u00ean (tr\u01b0\u1edbc th\u1eddi gian khai gi\u1ea3ng ch\u00ednh th\u1ee9c 01 tu\u1ea7n) T\u00f9y m\u1ed7i n\u0103m, Tr\u01b0\u1eddng s\u1ebd c\u00f3 th\u00f4ng b\u00e1o v\u1ec1 qu\u00e0 t\u1eb7ng kh\u00e1c nhau d\u00e0nh cho c\u00e1c b\u1ea1n t\u00e2n sinh vi\u00ean. M\u1ed9t v\u00e0i m\u1eabu&#8230;<\/p>\n","protected":false},"author":38,"featured_media":0,"parent":0,"menu_order":0,"comment_status":"closed","ping_status":"closed","template":"","meta":{"footnotes":""},"class_list":["post-122","page","type-page","status-publish","hentry"],"acf":[],"_links":{"self":[{"href":"https:\/\/www.hoasen.edu.vn\/so-tay-sinh-vien\/wp-json\/wp\/v2\/pages\/122","targetHints":{"allow":["GET"]}}],"collection":[{"href":"https:\/\/www.hoasen.edu.vn\/so-tay-sinh-vien\/wp-json\/wp\/v2\/pages"}],"about":[{"href":"https:\/\/www.hoasen.edu.vn\/so-tay-sinh-vien\/wp-json\/wp\/v2\/types\/page"}],"author":[{"embeddable":true,"href":"https:\/\/www.hoasen.edu.vn\/so-tay-sinh-vien\/wp-json\/wp\/v2\/users\/38"}],"replies":[{"embeddable":true,"href":"https:\/\/www.hoasen.edu.vn\/so-tay-sinh-vien\/wp-json\/wp\/v2\/comments?post=122"}],"version-history":[{"count":2,"href":"https:\/\/www.hoasen.edu.vn\/so-tay-sinh-vien\/wp-json\/wp\/v2\/pages\/122\/revisions"}],"predecessor-version":[{"id":555,"href":"https:\/\/www.hoasen.edu.vn\/so-tay-sinh-vien\/wp-json\/wp\/v2\/pages\/122\/revisions\/555"}],"wp:attachment":[{"href":"https:\/\/www.hoasen.edu.vn\/so-tay-sinh-vien\/wp-json\/wp\/v2\/media?parent=122"}],"curies":[{"name":"wp","href":"https:\/\/api.w.org\/{rel}","templated":true}]}}