{"id":107,"date":"2022-08-01T02:54:15","date_gmt":"2022-08-01T02:54:15","guid":{"rendered":"https:\/\/www.hoasen.edu.vn\/so-tay-sinh-vien\/?page_id=107"},"modified":"2024-11-19T09:15:04","modified_gmt":"2024-11-19T09:15:04","slug":"trai-nghiem-co-so-hoc-tap","status":"publish","type":"page","link":"https:\/\/www.hoasen.edu.vn\/so-tay-sinh-vien\/trai-nghiem-co-so-hoc-tap\/","title":{"rendered":"Tr\u1ea3i nghi\u1ec7m c\u01a1 s\u1edf h\u1ecdc t\u1eadp"},"content":{"rendered":"\n<p>Hi\u1ec7n nay, Tr\u01b0\u1eddng \u0110\u1ea1i h\u1ecdc Hoa Sen c\u00f3 04 c\u01a1 s\u1edf h\u1ecdc t\u1eadp, \u0111\u1ea3m b\u1ea3o c\u00f3 \u0111\u1ee7 l\u1edbp h\u1ecdc, ph\u00f2ng th\u1ef1c h\u00e0nh, c\u01a1 s\u1edf v\u1eadt ch\u1ea5t hi\u1ec7n \u0111\u1ea1i \u0111\u1ec3 \u0111\u00e1p \u1ee9ng nhu c\u1ea7u h\u1ecdc t\u1eadp v\u00e0 ho\u1ea1t \u0111\u1ed9ng c\u1ee7a sinh vi\u00ean, \u0111em \u0111\u1ebfn cho sinh vi\u00ean nh\u1eefng tr\u1ea3i nghi\u1ec7m tuy\u1ec7t v\u1eddi nh\u1ea5t khi h\u1ecdc t\u1eadp t\u1ea1i Tr\u01b0\u1eddng.<\/p>\n\n\n\n<figure class=\"wp-block-video\"><video height=\"1080\" style=\"aspect-ratio: 1920 \/ 1080;\" width=\"1920\" controls src=\"https:\/\/www.hoasen.edu.vn\/so-tay-sinh-vien\/wp-content\/uploads\/sites\/46\/2022\/08\/the-university-hsu.mp4\"><\/video><\/figure>\n\n\n\n<p><strong>C\u1ea3nh quan 04 c\u01a1 s\u1edf c\u1ee7a HSU<\/strong><\/p>\n\n\n\n<figure class=\"wp-block-gallery has-nested-images columns-default is-cropped wp-block-gallery-1 is-layout-flex wp-block-gallery-is-layout-flex\">\n<figure class=\"wp-block-image size-full\"><img loading=\"lazy\" decoding=\"async\" width=\"1785\" height=\"1058\" data-id=\"2696\" src=\"https:\/\/www.hoasen.edu.vn\/so-tay-sinh-vien\/wp-content\/uploads\/sites\/46\/2024\/11\/Picture1.png\" alt=\"\" class=\"wp-image-2696\"\/><\/figure>\n<\/figure>\n\n\n\n<p><strong>C\u00e1c ph\u00f2ng h\u1ecdc t\u1ea1i c\u00e1c c\u01a1 s\u1edf \u0111\u01b0\u1ee3c trang b\u1ecb \u0111\u1ea7y \u0111\u1ee7 b\u00e0n, gh\u1ebf, m\u00e1y l\u1ea1nh, m\u00e1y chi\u1ebfu v\u00e0 c\u00e1c thi\u1ebft b\u1ecb \u0111i\u1ec7n t\u1eed ph\u1ee5c v\u1ee5 c\u00f4ng t\u00e1c h\u1ecdc t\u1eadp c\u1ee7a sinh vi\u00ean \u0111\u1ea1t hi\u1ec7u qu\u1ea3.<\/strong><\/p>\n\n\n\n<figure class=\"wp-block-gallery aligncenter has-nested-images columns-default is-cropped wp-block-gallery-2 is-layout-flex wp-block-gallery-is-layout-flex\">\n<figure class=\"wp-block-image size-large\"><img loading=\"lazy\" decoding=\"async\" width=\"1854\" height=\"539\" data-id=\"1806\" src=\"https:\/\/www.hoasen.edu.vn\/so-tay-sinh-vien\/wp-content\/uploads\/sites\/46\/2023\/09\/Picture4.png\" alt=\"\" class=\"wp-image-1806\" srcset=\"https:\/\/www.hoasen.edu.vn\/so-tay-sinh-vien\/wp-content\/uploads\/sites\/46\/2023\/09\/Picture4.png 1854w, https:\/\/www.hoasen.edu.vn\/so-tay-sinh-vien\/wp-content\/uploads\/sites\/46\/2023\/09\/Picture4-300x87.png 300w, https:\/\/www.hoasen.edu.vn\/so-tay-sinh-vien\/wp-content\/uploads\/sites\/46\/2023\/09\/Picture4-768x223.png 768w, https:\/\/www.hoasen.edu.vn\/so-tay-sinh-vien\/wp-content\/uploads\/sites\/46\/2023\/09\/Picture4-1536x447.png 1536w\" sizes=\"auto, (max-width: 1854px) 100vw, 1854px\" \/><\/figure>\n<figcaption class=\"blocks-gallery-caption wp-element-caption\"><em>Ph\u00f2ng l\u00fd thuy\u1ebft t\u1ea1i c\u01a1 s\u1edf Th\u00e0nh Th\u00e1i<\/em><\/figcaption><\/figure>\n\n\n\n<figure class=\"wp-block-gallery aligncenter has-nested-images columns-default is-cropped wp-block-gallery-3 is-layout-flex wp-block-gallery-is-layout-flex\">\n<figure class=\"wp-block-image size-large\"><img loading=\"lazy\" decoding=\"async\" width=\"1875\" height=\"576\" data-id=\"1809\" src=\"https:\/\/www.hoasen.edu.vn\/so-tay-sinh-vien\/wp-content\/uploads\/sites\/46\/2023\/09\/Picture6.png\" alt=\"\" class=\"wp-image-1809\" srcset=\"https:\/\/www.hoasen.edu.vn\/so-tay-sinh-vien\/wp-content\/uploads\/sites\/46\/2023\/09\/Picture6.png 1875w, https:\/\/www.hoasen.edu.vn\/so-tay-sinh-vien\/wp-content\/uploads\/sites\/46\/2023\/09\/Picture6-300x92.png 300w, https:\/\/www.hoasen.edu.vn\/so-tay-sinh-vien\/wp-content\/uploads\/sites\/46\/2023\/09\/Picture6-768x236.png 768w, https:\/\/www.hoasen.edu.vn\/so-tay-sinh-vien\/wp-content\/uploads\/sites\/46\/2023\/09\/Picture6-1536x472.png 1536w\" sizes=\"auto, (max-width: 1875px) 100vw, 1875px\" \/><\/figure>\n<figcaption class=\"blocks-gallery-caption wp-element-caption\"><em>Ph\u00f2ng M\u00e1y t\u00ednh v\u1edbi trang thi\u1ebft b\u1ecb hi\u1ec7n \u0111\u1ea1i<\/em><\/figcaption><\/figure>\n\n\n\n<p><\/p>\n\n\n\n<p><strong>C\u01a1 s\u1edf Nguy\u1ec5n V\u0103n Tr\u00e1ng c\u00f3 hai H\u1ed9i tr\u01b0\u1eddng v\u1edbi s\u1ee9c ch\u1ee9a h\u01a1n 200 ch\u1ed7, ph\u00f9 h\u1ee3p \u0111\u1ec3 sinh vi\u00ean t\u1ed5 ch\u1ee9c c\u00e1c s\u1ef1 ki\u1ec7n, ch\u01b0\u01a1ng tr\u00ecnh h\u1ed9i th\u1ea3o, t\u1ecda \u0111\u00e0m, &#8230;<\/strong><\/p>\n\n\n\n<figure class=\"wp-block-gallery has-nested-images columns-default is-cropped wp-block-gallery-4 is-layout-flex wp-block-gallery-is-layout-flex\">\n<figure class=\"wp-block-image size-large\"><img loading=\"lazy\" decoding=\"async\" width=\"1893\" height=\"588\" data-id=\"1813\" src=\"https:\/\/www.hoasen.edu.vn\/so-tay-sinh-vien\/wp-content\/uploads\/sites\/46\/2023\/09\/Picture7.png\" alt=\"\" class=\"wp-image-1813\" srcset=\"https:\/\/www.hoasen.edu.vn\/so-tay-sinh-vien\/wp-content\/uploads\/sites\/46\/2023\/09\/Picture7.png 1893w, https:\/\/www.hoasen.edu.vn\/so-tay-sinh-vien\/wp-content\/uploads\/sites\/46\/2023\/09\/Picture7-300x93.png 300w, https:\/\/www.hoasen.edu.vn\/so-tay-sinh-vien\/wp-content\/uploads\/sites\/46\/2023\/09\/Picture7-768x239.png 768w, https:\/\/www.hoasen.edu.vn\/so-tay-sinh-vien\/wp-content\/uploads\/sites\/46\/2023\/09\/Picture7-1536x477.png 1536w\" sizes=\"auto, (max-width: 1893px) 100vw, 1893px\" \/><\/figure>\n<\/figure>\n\n\n\n<p><strong>Ngo\u00e0i ra, t\u1ea1i \u0111\u00e2y c\u0169ng c\u00f3 h\u1ec7 th\u1ed1ng th\u01b0 vi\u1ec7n &#8220;x\u1ecbn x\u00f2&#8221; \u0111\u1ec3 cho c\u00e1c b\u1ea1n sinh vi\u00ean c\u00f3 m\u1ed9t kh\u00f4ng gian checkin c\u0169ng nh\u01b0 h\u1ecdc t\u1eadp, h\u1ecdp nh\u00f3m<\/strong><\/p>\n\n\n\n<figure class=\"wp-block-gallery has-nested-images columns-default is-cropped wp-block-gallery-5 is-layout-flex wp-block-gallery-is-layout-flex\">\n<figure class=\"wp-block-image size-large\"><img loading=\"lazy\" decoding=\"async\" width=\"1893\" height=\"614\" data-id=\"1814\" src=\"https:\/\/www.hoasen.edu.vn\/so-tay-sinh-vien\/wp-content\/uploads\/sites\/46\/2023\/09\/Picture8.png\" alt=\"\" class=\"wp-image-1814\" srcset=\"https:\/\/www.hoasen.edu.vn\/so-tay-sinh-vien\/wp-content\/uploads\/sites\/46\/2023\/09\/Picture8.png 1893w, https:\/\/www.hoasen.edu.vn\/so-tay-sinh-vien\/wp-content\/uploads\/sites\/46\/2023\/09\/Picture8-300x97.png 300w, https:\/\/www.hoasen.edu.vn\/so-tay-sinh-vien\/wp-content\/uploads\/sites\/46\/2023\/09\/Picture8-768x249.png 768w, https:\/\/www.hoasen.edu.vn\/so-tay-sinh-vien\/wp-content\/uploads\/sites\/46\/2023\/09\/Picture8-1536x498.png 1536w\" sizes=\"auto, (max-width: 1893px) 100vw, 1893px\" \/><\/figure>\n<\/figure>\n","protected":false},"excerpt":{"rendered":"<p>Hi\u1ec7n nay, Tr\u01b0\u1eddng \u0110\u1ea1i h\u1ecdc Hoa Sen c\u00f3 04 c\u01a1 s\u1edf h\u1ecdc t\u1eadp, \u0111\u1ea3m b\u1ea3o c\u00f3 \u0111\u1ee7 l\u1edbp h\u1ecdc, ph\u00f2ng th\u1ef1c h\u00e0nh, c\u01a1 s\u1edf v\u1eadt ch\u1ea5t hi\u1ec7n \u0111\u1ea1i \u0111\u1ec3 \u0111\u00e1p \u1ee9ng nhu c\u1ea7u h\u1ecdc t\u1eadp v\u00e0 ho\u1ea1t \u0111\u1ed9ng c\u1ee7a sinh vi\u00ean, \u0111em \u0111\u1ebfn cho sinh vi\u00ean nh\u1eefng tr\u1ea3i nghi\u1ec7m tuy\u1ec7t v\u1eddi nh\u1ea5t khi h\u1ecdc t\u1eadp t\u1ea1i Tr\u01b0\u1eddng. C\u1ea3nh quan 04 c\u01a1 s\u1edf c\u1ee7a HSU C\u00e1c ph\u00f2ng h\u1ecdc t\u1ea1i c\u00e1c c\u01a1 s\u1edf \u0111\u01b0\u1ee3c trang b\u1ecb \u0111\u1ea7y \u0111\u1ee7 b\u00e0n, gh\u1ebf, m\u00e1y l\u1ea1nh, m\u00e1y chi\u1ebfu v\u00e0 c\u00e1c thi\u1ebft b\u1ecb \u0111i\u1ec7n t\u1eed ph\u1ee5c v\u1ee5 c\u00f4ng t\u00e1c h\u1ecdc t\u1eadp c\u1ee7a sinh vi\u00ean \u0111\u1ea1t hi\u1ec7u qu\u1ea3&#8230;.<\/p>\n","protected":false},"author":38,"featured_media":0,"parent":0,"menu_order":0,"comment_status":"closed","ping_status":"closed","template":"","meta":{"footnotes":""},"class_list":["post-107","page","type-page","status-publish","hentry"],"acf":[],"_links":{"self":[{"href":"https:\/\/www.hoasen.edu.vn\/so-tay-sinh-vien\/wp-json\/wp\/v2\/pages\/107","targetHints":{"allow":["GET"]}}],"collection":[{"href":"https:\/\/www.hoasen.edu.vn\/so-tay-sinh-vien\/wp-json\/wp\/v2\/pages"}],"about":[{"href":"https:\/\/www.hoasen.edu.vn\/so-tay-sinh-vien\/wp-json\/wp\/v2\/types\/page"}],"author":[{"embeddable":true,"href":"https:\/\/www.hoasen.edu.vn\/so-tay-sinh-vien\/wp-json\/wp\/v2\/users\/38"}],"replies":[{"embeddable":true,"href":"https:\/\/www.hoasen.edu.vn\/so-tay-sinh-vien\/wp-json\/wp\/v2\/comments?post=107"}],"version-history":[{"count":23,"href":"https:\/\/www.hoasen.edu.vn\/so-tay-sinh-vien\/wp-json\/wp\/v2\/pages\/107\/revisions"}],"predecessor-version":[{"id":2697,"href":"https:\/\/www.hoasen.edu.vn\/so-tay-sinh-vien\/wp-json\/wp\/v2\/pages\/107\/revisions\/2697"}],"wp:attachment":[{"href":"https:\/\/www.hoasen.edu.vn\/so-tay-sinh-vien\/wp-json\/wp\/v2\/media?parent=107"}],"curies":[{"name":"wp","href":"https:\/\/api.w.org\/{rel}","templated":true}]}}