{"id":687,"date":"2021-11-22T05:53:14","date_gmt":"2021-11-22T05:53:14","guid":{"rendered":"https:\/\/hoasen.edu.vn\/saudaihoc\/?page_id=687"},"modified":"2025-07-21T09:31:30","modified_gmt":"2025-07-21T09:31:30","slug":"moi-truong-hoc-tap","status":"publish","type":"page","link":"https:\/\/www.hoasen.edu.vn\/saudaihoc\/gioi-thieu\/moi-truong-hoc-tap\/","title":{"rendered":"M\u00f4i tr\u01b0\u1eddng h\u1ecdc t\u1eadp"},"content":{"rendered":"\n<p>T\u1ecda l\u1ea1c t\u1ea1i Qu\u1eadn 1 trung t\u00e2m th\u00e0nh ph\u1ed1, Tr\u01b0\u1eddng \u0110\u1ea1i h\u1ecdc Hoa Sen lu\u00f4n t\u1ef1 h\u00e0o l\u00e0 m\u1ed9t trong nh\u1eefng tr\u01b0\u1eddng \u0111\u1ea1i h\u1ecdc s\u1edf h\u1eefu h\u1ec7 th\u1ed1ng c\u01a1 s\u1edf v\u1eadt ch\u1ea5t v\u00e0 trang thi\u1ebft b\u1ecb gi\u1ea3ng d\u1ea1y hi\u1ec7n \u0111\u1ea1i v\u01b0\u1ee3t tr\u1ed9i. \u0110\u1ebfn v\u1edbi &#8220;gi\u1ea3ng \u0111\u01b0\u1eddng kh\u00f4ng b\u1ee5c gi\u1ea3ng&#8221;, h\u1ecdc vi\u00ean s\u1ebd \u0111\u01b0\u1ee3c tr\u1ea3i nghi\u1ec7m kh\u00f4ng gian h\u1ecdc t\u1eadp g\u1eafn k\u1ebft, g\u1ea7n g\u0169i gi\u1eefa gi\u1ea3ng vi\u00ean v\u00e0 h\u1ecdc vi\u00ean. <\/p>\n\n\n\n<figure class=\"wp-block-gallery aligncenter columns-3 is-cropped\">\n<ul class=\"blocks-gallery-grid\">\n<li class=\"blocks-gallery-item\">\n<figure><img loading=\"lazy\" decoding=\"async\" width=\"1672\" height=\"1254\" class=\"wp-image-1334\" src=\"https:\/\/www.hoasen.edu.vn\/saudaihoc\/wp-content\/uploads\/sites\/3\/2022\/04\/MAX04643.jpg\" alt=\"\" data-id=\"1334\" data-full-url=\"https:\/\/www.hoasen.edu.vn\/saudaihoc\/wp-content\/uploads\/sites\/3\/2022\/04\/MAX04643.jpg\" data-link=\"https:\/\/www.hoasen.edu.vn\/saudaihoc\/gioi-thieu\/moi-truong-hoc-tap\/max04643\/\" srcset=\"https:\/\/www.hoasen.edu.vn\/saudaihoc\/wp-content\/uploads\/sites\/3\/2022\/04\/MAX04643.jpg 1672w, https:\/\/www.hoasen.edu.vn\/saudaihoc\/wp-content\/uploads\/sites\/3\/2022\/04\/MAX04643-248x186.jpg 248w, https:\/\/www.hoasen.edu.vn\/saudaihoc\/wp-content\/uploads\/sites\/3\/2022\/04\/MAX04643-367x275.jpg 367w, https:\/\/www.hoasen.edu.vn\/saudaihoc\/wp-content\/uploads\/sites\/3\/2022\/04\/MAX04643-352x264.jpg 352w, https:\/\/www.hoasen.edu.vn\/saudaihoc\/wp-content\/uploads\/sites\/3\/2022\/04\/MAX04643-310x233.jpg 310w, https:\/\/www.hoasen.edu.vn\/saudaihoc\/wp-content\/uploads\/sites\/3\/2022\/04\/MAX04643-372x279.jpg 372w, https:\/\/www.hoasen.edu.vn\/saudaihoc\/wp-content\/uploads\/sites\/3\/2022\/04\/MAX04643-377x283.jpg 377w, https:\/\/www.hoasen.edu.vn\/saudaihoc\/wp-content\/uploads\/sites\/3\/2022\/04\/MAX04643-201x151.jpg 201w, https:\/\/www.hoasen.edu.vn\/saudaihoc\/wp-content\/uploads\/sites\/3\/2022\/04\/MAX04643-492x369.jpg 492w, https:\/\/www.hoasen.edu.vn\/saudaihoc\/wp-content\/uploads\/sites\/3\/2022\/04\/MAX04643-579x434.jpg 579w, https:\/\/www.hoasen.edu.vn\/saudaihoc\/wp-content\/uploads\/sites\/3\/2022\/04\/MAX04643-311x233.jpg 311w, https:\/\/www.hoasen.edu.vn\/saudaihoc\/wp-content\/uploads\/sites\/3\/2022\/04\/MAX04643-355x266.jpg 355w, https:\/\/www.hoasen.edu.vn\/saudaihoc\/wp-content\/uploads\/sites\/3\/2022\/04\/MAX04643-421x316.jpg 421w, https:\/\/www.hoasen.edu.vn\/saudaihoc\/wp-content\/uploads\/sites\/3\/2022\/04\/MAX04643-415x311.jpg 415w\" sizes=\"auto, (max-width: 1672px) 100vw, 1672px\" \/><\/figure>\n<\/li>\n<li class=\"blocks-gallery-item\">\n<figure><img loading=\"lazy\" decoding=\"async\" width=\"1672\" height=\"1254\" class=\"wp-image-1335\" src=\"https:\/\/www.hoasen.edu.vn\/saudaihoc\/wp-content\/uploads\/sites\/3\/2022\/04\/MAX04661.jpg\" alt=\"\" data-id=\"1335\" data-full-url=\"https:\/\/www.hoasen.edu.vn\/saudaihoc\/wp-content\/uploads\/sites\/3\/2022\/04\/MAX04661.jpg\" data-link=\"https:\/\/www.hoasen.edu.vn\/saudaihoc\/gioi-thieu\/moi-truong-hoc-tap\/max04661\/\" srcset=\"https:\/\/www.hoasen.edu.vn\/saudaihoc\/wp-content\/uploads\/sites\/3\/2022\/04\/MAX04661.jpg 1672w, https:\/\/www.hoasen.edu.vn\/saudaihoc\/wp-content\/uploads\/sites\/3\/2022\/04\/MAX04661-248x186.jpg 248w, https:\/\/www.hoasen.edu.vn\/saudaihoc\/wp-content\/uploads\/sites\/3\/2022\/04\/MAX04661-367x275.jpg 367w, https:\/\/www.hoasen.edu.vn\/saudaihoc\/wp-content\/uploads\/sites\/3\/2022\/04\/MAX04661-352x264.jpg 352w, https:\/\/www.hoasen.edu.vn\/saudaihoc\/wp-content\/uploads\/sites\/3\/2022\/04\/MAX04661-310x233.jpg 310w, https:\/\/www.hoasen.edu.vn\/saudaihoc\/wp-content\/uploads\/sites\/3\/2022\/04\/MAX04661-372x279.jpg 372w, https:\/\/www.hoasen.edu.vn\/saudaihoc\/wp-content\/uploads\/sites\/3\/2022\/04\/MAX04661-377x283.jpg 377w, https:\/\/www.hoasen.edu.vn\/saudaihoc\/wp-content\/uploads\/sites\/3\/2022\/04\/MAX04661-201x151.jpg 201w, https:\/\/www.hoasen.edu.vn\/saudaihoc\/wp-content\/uploads\/sites\/3\/2022\/04\/MAX04661-492x369.jpg 492w, https:\/\/www.hoasen.edu.vn\/saudaihoc\/wp-content\/uploads\/sites\/3\/2022\/04\/MAX04661-579x434.jpg 579w, https:\/\/www.hoasen.edu.vn\/saudaihoc\/wp-content\/uploads\/sites\/3\/2022\/04\/MAX04661-311x233.jpg 311w, https:\/\/www.hoasen.edu.vn\/saudaihoc\/wp-content\/uploads\/sites\/3\/2022\/04\/MAX04661-355x266.jpg 355w, https:\/\/www.hoasen.edu.vn\/saudaihoc\/wp-content\/uploads\/sites\/3\/2022\/04\/MAX04661-421x316.jpg 421w, https:\/\/www.hoasen.edu.vn\/saudaihoc\/wp-content\/uploads\/sites\/3\/2022\/04\/MAX04661-415x311.jpg 415w\" sizes=\"auto, (max-width: 1672px) 100vw, 1672px\" \/><\/figure>\n<\/li>\n<li class=\"blocks-gallery-item\">\n<figure><img loading=\"lazy\" decoding=\"async\" width=\"1672\" height=\"1254\" class=\"wp-image-1336\" src=\"https:\/\/www.hoasen.edu.vn\/saudaihoc\/wp-content\/uploads\/sites\/3\/2022\/04\/MAX04667.jpg\" alt=\"\" data-id=\"1336\" data-full-url=\"https:\/\/www.hoasen.edu.vn\/saudaihoc\/wp-content\/uploads\/sites\/3\/2022\/04\/MAX04667.jpg\" data-link=\"https:\/\/www.hoasen.edu.vn\/saudaihoc\/gioi-thieu\/moi-truong-hoc-tap\/max04667\/\" srcset=\"https:\/\/www.hoasen.edu.vn\/saudaihoc\/wp-content\/uploads\/sites\/3\/2022\/04\/MAX04667.jpg 1672w, https:\/\/www.hoasen.edu.vn\/saudaihoc\/wp-content\/uploads\/sites\/3\/2022\/04\/MAX04667-248x186.jpg 248w, https:\/\/www.hoasen.edu.vn\/saudaihoc\/wp-content\/uploads\/sites\/3\/2022\/04\/MAX04667-367x275.jpg 367w, https:\/\/www.hoasen.edu.vn\/saudaihoc\/wp-content\/uploads\/sites\/3\/2022\/04\/MAX04667-352x264.jpg 352w, https:\/\/www.hoasen.edu.vn\/saudaihoc\/wp-content\/uploads\/sites\/3\/2022\/04\/MAX04667-310x233.jpg 310w, https:\/\/www.hoasen.edu.vn\/saudaihoc\/wp-content\/uploads\/sites\/3\/2022\/04\/MAX04667-372x279.jpg 372w, https:\/\/www.hoasen.edu.vn\/saudaihoc\/wp-content\/uploads\/sites\/3\/2022\/04\/MAX04667-377x283.jpg 377w, https:\/\/www.hoasen.edu.vn\/saudaihoc\/wp-content\/uploads\/sites\/3\/2022\/04\/MAX04667-201x151.jpg 201w, https:\/\/www.hoasen.edu.vn\/saudaihoc\/wp-content\/uploads\/sites\/3\/2022\/04\/MAX04667-492x369.jpg 492w, https:\/\/www.hoasen.edu.vn\/saudaihoc\/wp-content\/uploads\/sites\/3\/2022\/04\/MAX04667-579x434.jpg 579w, https:\/\/www.hoasen.edu.vn\/saudaihoc\/wp-content\/uploads\/sites\/3\/2022\/04\/MAX04667-311x233.jpg 311w, https:\/\/www.hoasen.edu.vn\/saudaihoc\/wp-content\/uploads\/sites\/3\/2022\/04\/MAX04667-355x266.jpg 355w, https:\/\/www.hoasen.edu.vn\/saudaihoc\/wp-content\/uploads\/sites\/3\/2022\/04\/MAX04667-421x316.jpg 421w, https:\/\/www.hoasen.edu.vn\/saudaihoc\/wp-content\/uploads\/sites\/3\/2022\/04\/MAX04667-415x311.jpg 415w\" sizes=\"auto, (max-width: 1672px) 100vw, 1672px\" \/><\/figure>\n<\/li>\n<li class=\"blocks-gallery-item\">\n<figure><img loading=\"lazy\" decoding=\"async\" class=\"wp-image-1337 aligncenter\" src=\"https:\/\/www.hoasen.edu.vn\/saudaihoc\/wp-content\/uploads\/sites\/3\/2022\/04\/MAX04670.jpg\" alt=\"\" width=\"615\" height=\"461\" data-id=\"1337\" data-full-url=\"https:\/\/www.hoasen.edu.vn\/saudaihoc\/wp-content\/uploads\/sites\/3\/2022\/04\/MAX04670.jpg\" data-link=\"https:\/\/www.hoasen.edu.vn\/saudaihoc\/gioi-thieu\/moi-truong-hoc-tap\/max04670\/\" srcset=\"https:\/\/www.hoasen.edu.vn\/saudaihoc\/wp-content\/uploads\/sites\/3\/2022\/04\/MAX04670.jpg 1672w, https:\/\/www.hoasen.edu.vn\/saudaihoc\/wp-content\/uploads\/sites\/3\/2022\/04\/MAX04670-248x186.jpg 248w, https:\/\/www.hoasen.edu.vn\/saudaihoc\/wp-content\/uploads\/sites\/3\/2022\/04\/MAX04670-367x275.jpg 367w, https:\/\/www.hoasen.edu.vn\/saudaihoc\/wp-content\/uploads\/sites\/3\/2022\/04\/MAX04670-352x264.jpg 352w, https:\/\/www.hoasen.edu.vn\/saudaihoc\/wp-content\/uploads\/sites\/3\/2022\/04\/MAX04670-310x233.jpg 310w, https:\/\/www.hoasen.edu.vn\/saudaihoc\/wp-content\/uploads\/sites\/3\/2022\/04\/MAX04670-372x279.jpg 372w, https:\/\/www.hoasen.edu.vn\/saudaihoc\/wp-content\/uploads\/sites\/3\/2022\/04\/MAX04670-377x283.jpg 377w, https:\/\/www.hoasen.edu.vn\/saudaihoc\/wp-content\/uploads\/sites\/3\/2022\/04\/MAX04670-201x151.jpg 201w, https:\/\/www.hoasen.edu.vn\/saudaihoc\/wp-content\/uploads\/sites\/3\/2022\/04\/MAX04670-492x369.jpg 492w, https:\/\/www.hoasen.edu.vn\/saudaihoc\/wp-content\/uploads\/sites\/3\/2022\/04\/MAX04670-579x434.jpg 579w, https:\/\/www.hoasen.edu.vn\/saudaihoc\/wp-content\/uploads\/sites\/3\/2022\/04\/MAX04670-311x233.jpg 311w, https:\/\/www.hoasen.edu.vn\/saudaihoc\/wp-content\/uploads\/sites\/3\/2022\/04\/MAX04670-355x266.jpg 355w, https:\/\/www.hoasen.edu.vn\/saudaihoc\/wp-content\/uploads\/sites\/3\/2022\/04\/MAX04670-421x316.jpg 421w, https:\/\/www.hoasen.edu.vn\/saudaihoc\/wp-content\/uploads\/sites\/3\/2022\/04\/MAX04670-415x311.jpg 415w\" sizes=\"auto, (max-width: 615px) 100vw, 615px\" \/><\/figure>\n<\/li>\n<\/ul>\n<\/figure>\n\n\n\n<div style=\"height:18px\" aria-hidden=\"true\" class=\"wp-block-spacer\"><\/div>\n\n\n\n<p>V\u1edbi ph\u01b0\u01a1ng ch\u00e2m \u0111\u1ec1 cao t\u00ednh \u1ee9ng d\u1ee5ng, c\u00e1c ch\u01b0\u01a1ng tr\u00ecnh Th\u1ea1c s\u0129 c\u1ee7a tr\u01b0\u1eddng \u0110\u1ea1i h\u1ecdc Hoa Sen \u0111\u01b0\u1ee3c thi\u1ebft k\u1ebf c\u00e2n b\u1eb1ng gi\u1eefa vi\u1ec7c cung c\u1ea5p kh\u1ed1i ki\u1ebfn th\u1ee9c chuy\u00ean ng\u00e0nh t\u1ed5ng quan v\u00e0 vi\u1ec7c trang b\u1ecb cho h\u1ecdc vi\u00ean kh\u1ea3 n\u0103ng gi\u1ea3i quy\u1ebft v\u1ea5n \u0111\u1ec1, k\u1ef9 n\u0103ng \u1ee9ng d\u1ee5ng linh ho\u1ea1t l\u00fd thuy\u1ebft v\u00e0o m\u00f4i tr\u01b0\u1eddng doanh nghi\u1ec7p th\u1ef1c t\u1ebf. <\/p>\n\n\n\n<div style=\"height:20px\" aria-hidden=\"true\" class=\"wp-block-spacer\"><\/div>\n\n\n\n<p>V\u1edbi n\u1ed9i dung ch\u01b0\u01a1ng tr\u00ecnh \u0110\u00e0o t\u1ea1o \u0111\u01b0\u1ee3c chu\u1ea9n ho\u00e1 v\u00e0 mang t\u00ednh \u1ee9ng d\u1ee5ng cao, h\u1ecdc vi\u00ean c\u00f2n c\u00f3 c\u01a1 h\u1ed9i tham gia c\u00e1c bu\u1ed5i h\u1ecdc v\u1edbi CEO, CTO, CMO t\u1ea1i doanh nghi\u1ec7p c\u00f9ng ph\u01b0\u01a1ng ph\u00e1p x\u1eed l\u00fd t\u00ecnh hu\u1ed1ng &#8211; case study (ch\u01b0\u01a1ng tr\u00ecnh Th\u1ea1c s\u0129 Qu\u1ea3n tr\u1ecb Kinh doanh); c\u00e1c bu\u1ed5i h\u1ecdc th\u1ef1c t\u1ebf t\u1ea1i doanh nghi\u1ec7p Du l\u1ecbch 5 sao (ch\u01b0\u01a1ng tr\u00ecnh Th\u1ea1c s\u0129 Qu\u1ea3n tr\u1ecb D\u1ecbch v\u1ee5 Du l\u1ecbch &amp; L\u1eef h\u00e0nh); nh\u1eefng workshop mang t\u00ednh h\u1ecdc thu\u1eadt cao (ch\u01b0\u01a1ng tr\u00ecnh Th\u1ea1c s\u0129 Ng\u00f4n ng\u1eef Anh) s\u1ebd mang l\u1ea1i ch\u1ea5t l\u01b0\u1ee3ng v\u00e0 th\u01b0\u01a1ng hi\u1ec7u cho c\u00e1c ch\u01b0\u01a1ng tr\u00ecnh sau \u0111\u1ea1i h\u1ecdc t\u1ea1i \u0110H Hoa Sen.<\/p>\n\n\n\n<h2 class=\"wp-block-heading has-text-align-center\"><strong>H\u1ec7 th\u1ed1ng th\u01b0 vi\u1ec7n hi\u1ec7n \u0111\u1ea1i, phong ph\u00fa<\/strong><\/h2>\n\n\n\n<div style=\"height:24px\" aria-hidden=\"true\" class=\"wp-block-spacer\"><\/div>\n\n\n\n<figure class=\"wp-block-gallery has-nested-images columns-default is-cropped wp-block-gallery-1 is-layout-flex wp-block-gallery-is-layout-flex\">\n<figure class=\"wp-block-image size-large\"><img loading=\"lazy\" decoding=\"async\" width=\"682\" height=\"383\" data-id=\"1339\" src=\"https:\/\/www.hoasen.edu.vn\/saudaihoc\/wp-content\/uploads\/sites\/3\/2022\/04\/MAX7498.jpg\" alt=\"\" class=\"wp-image-1339\" srcset=\"https:\/\/www.hoasen.edu.vn\/saudaihoc\/wp-content\/uploads\/sites\/3\/2022\/04\/MAX7498.jpg 682w, https:\/\/www.hoasen.edu.vn\/saudaihoc\/wp-content\/uploads\/sites\/3\/2022\/04\/MAX7498-256x144.jpg 256w, https:\/\/www.hoasen.edu.vn\/saudaihoc\/wp-content\/uploads\/sites\/3\/2022\/04\/MAX7498-474x266.jpg 474w, https:\/\/www.hoasen.edu.vn\/saudaihoc\/wp-content\/uploads\/sites\/3\/2022\/04\/MAX7498-396x222.jpg 396w, https:\/\/www.hoasen.edu.vn\/saudaihoc\/wp-content\/uploads\/sites\/3\/2022\/04\/MAX7498-310x174.jpg 310w, https:\/\/www.hoasen.edu.vn\/saudaihoc\/wp-content\/uploads\/sites\/3\/2022\/04\/MAX7498-418x235.jpg 418w, https:\/\/www.hoasen.edu.vn\/saudaihoc\/wp-content\/uploads\/sites\/3\/2022\/04\/MAX7498-425x239.jpg 425w, https:\/\/www.hoasen.edu.vn\/saudaihoc\/wp-content\/uploads\/sites\/3\/2022\/04\/MAX7498-201x113.jpg 201w, https:\/\/www.hoasen.edu.vn\/saudaihoc\/wp-content\/uploads\/sites\/3\/2022\/04\/MAX7498-492x276.jpg 492w, https:\/\/www.hoasen.edu.vn\/saudaihoc\/wp-content\/uploads\/sites\/3\/2022\/04\/MAX7498-645x362.jpg 645w, https:\/\/www.hoasen.edu.vn\/saudaihoc\/wp-content\/uploads\/sites\/3\/2022\/04\/MAX7498-415x233.jpg 415w, https:\/\/www.hoasen.edu.vn\/saudaihoc\/wp-content\/uploads\/sites\/3\/2022\/04\/MAX7498-395x222.jpg 395w, https:\/\/www.hoasen.edu.vn\/saudaihoc\/wp-content\/uploads\/sites\/3\/2022\/04\/MAX7498-535x300.jpg 535w\" sizes=\"auto, (max-width: 682px) 100vw, 682px\" \/><\/figure>\n\n\n\n<figure class=\"wp-block-image size-large\"><img loading=\"lazy\" decoding=\"async\" width=\"682\" height=\"384\" data-id=\"1340\" src=\"https:\/\/www.hoasen.edu.vn\/saudaihoc\/wp-content\/uploads\/sites\/3\/2022\/04\/HER09246-1.jpg\" alt=\"\" class=\"wp-image-1340\" srcset=\"https:\/\/www.hoasen.edu.vn\/saudaihoc\/wp-content\/uploads\/sites\/3\/2022\/04\/HER09246-1.jpg 682w, https:\/\/www.hoasen.edu.vn\/saudaihoc\/wp-content\/uploads\/sites\/3\/2022\/04\/HER09246-1-256x144.jpg 256w, https:\/\/www.hoasen.edu.vn\/saudaihoc\/wp-content\/uploads\/sites\/3\/2022\/04\/HER09246-1-474x267.jpg 474w, https:\/\/www.hoasen.edu.vn\/saudaihoc\/wp-content\/uploads\/sites\/3\/2022\/04\/HER09246-1-396x223.jpg 396w, https:\/\/www.hoasen.edu.vn\/saudaihoc\/wp-content\/uploads\/sites\/3\/2022\/04\/HER09246-1-310x175.jpg 310w, https:\/\/www.hoasen.edu.vn\/saudaihoc\/wp-content\/uploads\/sites\/3\/2022\/04\/HER09246-1-418x235.jpg 418w, https:\/\/www.hoasen.edu.vn\/saudaihoc\/wp-content\/uploads\/sites\/3\/2022\/04\/HER09246-1-425x239.jpg 425w, https:\/\/www.hoasen.edu.vn\/saudaihoc\/wp-content\/uploads\/sites\/3\/2022\/04\/HER09246-1-201x113.jpg 201w, https:\/\/www.hoasen.edu.vn\/saudaihoc\/wp-content\/uploads\/sites\/3\/2022\/04\/HER09246-1-492x277.jpg 492w, https:\/\/www.hoasen.edu.vn\/saudaihoc\/wp-content\/uploads\/sites\/3\/2022\/04\/HER09246-1-645x363.jpg 645w, https:\/\/www.hoasen.edu.vn\/saudaihoc\/wp-content\/uploads\/sites\/3\/2022\/04\/HER09246-1-415x233.jpg 415w, https:\/\/www.hoasen.edu.vn\/saudaihoc\/wp-content\/uploads\/sites\/3\/2022\/04\/HER09246-1-395x222.jpg 395w, https:\/\/www.hoasen.edu.vn\/saudaihoc\/wp-content\/uploads\/sites\/3\/2022\/04\/HER09246-1-535x301.jpg 535w\" sizes=\"auto, (max-width: 682px) 100vw, 682px\" \/><\/figure>\n<\/figure>\n\n\n\n<figure class=\"wp-block-gallery columns-1 is-cropped\">\n<ul class=\"blocks-gallery-grid\">\n<li class=\"blocks-gallery-item\">&nbsp;<\/li>\n<\/ul>\n<\/figure>\n\n\n\n<p>H\u1ecdc vi\u00ean \u0111\u01b0\u1ee3c ti\u1ebfp c\u1eadn v\u00e0 truy c\u1eadp h\u1ec7 th\u1ed1ng th\u01b0 vi\u1ec7n v\u1edbi h\u01a1n 75.000 t\u00e0i li\u1ec7u s\u00e1ch; g\u1ea7n 4.000 t\u00e0i li\u1ec7u \u0111i\u1ec7n t\u1eed; 25 nhan \u0111\u1ec1 b\u00e1o \u2013 t\u1ea1p ch\u00ed n\u1ed9i, ngo\u1ea1i v\u0103n; 12 CSDL th\u01b0\u01a1ng m\u1ea1i h\u00e0ng \u0111\u1ea7u th\u1ebf gi\u1edbi nh\u01b0 ScienceDirect, IEEE Xplore Digital Library, ACS, Springer Nature, ProQuest Central, IG Publishing, Scopus; tr\u00ean 50 CSDL h\u1ecdc thu\u1eadt m\u1edf ch\u1ecdn l\u1ecdc ph\u1ee5c v\u1ee5 \u0111\u1ea7y \u0111\u1ee7 nhu c\u1ea7u gi\u1ea3ng d\u1ea1y, h\u1ecdc t\u1eadp. Ngo\u00e0i ra th\u01b0 vi\u1ec7n tr\u01b0\u1eddng c\u00f2n trang b\u1ecb c\u00e1c m\u00e1y vi t\u00ednh n\u1ed1i m\u1ea1ng Internet, h\u1ec7 th\u1ed1ng wifi mi\u1ec5n ph\u00ed \u0111\u1ec3 h\u1ecdc vi\u00ean c\u00f3 th\u1ec3 d\u1ec5 d\u00e0ng tra c\u1ee9u th\u00f4ng tin v\u00e0 t\u00ecm ki\u1ebfm t\u00e0i li\u1ec7u.<\/p>\n\n\n\n<div style=\"height:20px\" aria-hidden=\"true\" class=\"wp-block-spacer\"><\/div>\n\n\n\n<h2 class=\"wp-block-heading has-text-align-center\">C\u1ed9ng \u0111\u1ed3ng tinh hoa <\/h2>\n\n\n\n<div style=\"height:25px\" aria-hidden=\"true\" class=\"wp-block-spacer\"><\/div>\n\n\n\n<p>Xuy\u00ean su\u1ed1t kh\u00f3a h\u1ecdc, h\u1ecdc vi\u00ean s\u1ebd \u0111\u01b0\u1ee3c gi\u1ea3ng d\u1ea1y b\u1edfi \u0111\u1ed9i ng\u0169 gi\u1ea3ng vi\u00ean c\u00f3 c\u00f3 tr\u00ecnh \u0111\u1ed9 chuy\u00ean m\u00f4n cao v\u00e0 gi\u00e0u ki\u1ebfn th\u1ee9c th\u1ef1c ti\u1ec5n. Nh\u00e0 tr\u01b0\u1eddng c\u0169ng th\u01b0\u1eddng xuy\u00ean t\u1ed5 ch\u1ee9c c\u00e1c bu\u1ed5i workshop, talkshow chuy\u00ean ng\u00e0nh, v\u1edbi s\u1ef1 tham gia c\u1ee7a nhi\u1ec1u chuy\u00ean gia trong l\u0129nh v\u1ef1c, doanh nh\u00e2n n\u1ed5i ti\u1ebfng. Ngo\u00e0i ra, nh\u1edd s\u1ef1 k\u1ebft n\u1ed1i th\u00e2n thi\u1ebft c\u1ee7a nh\u00e0 tr\u01b0\u1eddng v\u1edbi \u0111\u1ed9i ng\u0169 chuy\u00ean gia, doanh nh\u00e2n v\u00e0 h\u1ed9i c\u1ef1u vi\u00ean, c\u00e1c h\u1ecdc vi\u00ean tham gia c\u00e1c kh\u00f3a h\u1ecdc s\u1ebd c\u00f3 th\u00eam c\u01a1 h\u1ed9i \u0111\u01b0\u1ee3c tham gia c\u00e1c CLB c\u1ef1u h\u1ecdc vi\u00ean, h\u1ed9i thi nghi\u00ean c\u1ee9u khoa h\u1ecdc, di\u1ec5n \u0111\u00e0n qu\u1ed1c t\u1ebf\u2026<\/p>\n\n\n\n<figure class=\"wp-block-gallery has-nested-images columns-default is-cropped wp-block-gallery-2 is-layout-flex wp-block-gallery-is-layout-flex\">\n<figure class=\"wp-block-image size-large\"><img loading=\"lazy\" decoding=\"async\" width=\"703\" height=\"372\" data-id=\"1341\" src=\"https:\/\/www.hoasen.edu.vn\/saudaihoc\/wp-content\/uploads\/sites\/3\/2022\/04\/MAX8504.jpg\" alt=\"\" class=\"wp-image-1341\" srcset=\"https:\/\/www.hoasen.edu.vn\/saudaihoc\/wp-content\/uploads\/sites\/3\/2022\/04\/MAX8504.jpg 703w, https:\/\/www.hoasen.edu.vn\/saudaihoc\/wp-content\/uploads\/sites\/3\/2022\/04\/MAX8504-256x135.jpg 256w, https:\/\/www.hoasen.edu.vn\/saudaihoc\/wp-content\/uploads\/sites\/3\/2022\/04\/MAX8504-474x251.jpg 474w, https:\/\/www.hoasen.edu.vn\/saudaihoc\/wp-content\/uploads\/sites\/3\/2022\/04\/MAX8504-396x210.jpg 396w, https:\/\/www.hoasen.edu.vn\/saudaihoc\/wp-content\/uploads\/sites\/3\/2022\/04\/MAX8504-310x164.jpg 310w, https:\/\/www.hoasen.edu.vn\/saudaihoc\/wp-content\/uploads\/sites\/3\/2022\/04\/MAX8504-418x221.jpg 418w, https:\/\/www.hoasen.edu.vn\/saudaihoc\/wp-content\/uploads\/sites\/3\/2022\/04\/MAX8504-425x225.jpg 425w, https:\/\/www.hoasen.edu.vn\/saudaihoc\/wp-content\/uploads\/sites\/3\/2022\/04\/MAX8504-201x106.jpg 201w, https:\/\/www.hoasen.edu.vn\/saudaihoc\/wp-content\/uploads\/sites\/3\/2022\/04\/MAX8504-492x260.jpg 492w, https:\/\/www.hoasen.edu.vn\/saudaihoc\/wp-content\/uploads\/sites\/3\/2022\/04\/MAX8504-645x341.jpg 645w, https:\/\/www.hoasen.edu.vn\/saudaihoc\/wp-content\/uploads\/sites\/3\/2022\/04\/MAX8504-415x220.jpg 415w, https:\/\/www.hoasen.edu.vn\/saudaihoc\/wp-content\/uploads\/sites\/3\/2022\/04\/MAX8504-395x209.jpg 395w, https:\/\/www.hoasen.edu.vn\/saudaihoc\/wp-content\/uploads\/sites\/3\/2022\/04\/MAX8504-535x283.jpg 535w\" sizes=\"auto, (max-width: 703px) 100vw, 703px\" \/><\/figure>\n\n\n\n<figure class=\"wp-block-image size-large\"><img loading=\"lazy\" decoding=\"async\" width=\"682\" height=\"383\" data-id=\"1342\" src=\"https:\/\/www.hoasen.edu.vn\/saudaihoc\/wp-content\/uploads\/sites\/3\/2022\/04\/1.jpg\" alt=\"\" class=\"wp-image-1342\" srcset=\"https:\/\/www.hoasen.edu.vn\/saudaihoc\/wp-content\/uploads\/sites\/3\/2022\/04\/1.jpg 682w, https:\/\/www.hoasen.edu.vn\/saudaihoc\/wp-content\/uploads\/sites\/3\/2022\/04\/1-256x144.jpg 256w, https:\/\/www.hoasen.edu.vn\/saudaihoc\/wp-content\/uploads\/sites\/3\/2022\/04\/1-474x266.jpg 474w, https:\/\/www.hoasen.edu.vn\/saudaihoc\/wp-content\/uploads\/sites\/3\/2022\/04\/1-396x222.jpg 396w, https:\/\/www.hoasen.edu.vn\/saudaihoc\/wp-content\/uploads\/sites\/3\/2022\/04\/1-310x174.jpg 310w, https:\/\/www.hoasen.edu.vn\/saudaihoc\/wp-content\/uploads\/sites\/3\/2022\/04\/1-418x235.jpg 418w, https:\/\/www.hoasen.edu.vn\/saudaihoc\/wp-content\/uploads\/sites\/3\/2022\/04\/1-425x239.jpg 425w, https:\/\/www.hoasen.edu.vn\/saudaihoc\/wp-content\/uploads\/sites\/3\/2022\/04\/1-201x113.jpg 201w, https:\/\/www.hoasen.edu.vn\/saudaihoc\/wp-content\/uploads\/sites\/3\/2022\/04\/1-492x276.jpg 492w, https:\/\/www.hoasen.edu.vn\/saudaihoc\/wp-content\/uploads\/sites\/3\/2022\/04\/1-645x362.jpg 645w, https:\/\/www.hoasen.edu.vn\/saudaihoc\/wp-content\/uploads\/sites\/3\/2022\/04\/1-415x233.jpg 415w, https:\/\/www.hoasen.edu.vn\/saudaihoc\/wp-content\/uploads\/sites\/3\/2022\/04\/1-395x222.jpg 395w, https:\/\/www.hoasen.edu.vn\/saudaihoc\/wp-content\/uploads\/sites\/3\/2022\/04\/1-535x300.jpg 535w\" sizes=\"auto, (max-width: 682px) 100vw, 682px\" \/><\/figure>\n\n\n\n<figure class=\"wp-block-image size-large\"><img loading=\"lazy\" decoding=\"async\" width=\"682\" height=\"383\" data-id=\"1343\" src=\"https:\/\/www.hoasen.edu.vn\/saudaihoc\/wp-content\/uploads\/sites\/3\/2022\/04\/800x530-1.jpg\" alt=\"\" class=\"wp-image-1343\" srcset=\"https:\/\/www.hoasen.edu.vn\/saudaihoc\/wp-content\/uploads\/sites\/3\/2022\/04\/800x530-1.jpg 682w, https:\/\/www.hoasen.edu.vn\/saudaihoc\/wp-content\/uploads\/sites\/3\/2022\/04\/800x530-1-256x144.jpg 256w, https:\/\/www.hoasen.edu.vn\/saudaihoc\/wp-content\/uploads\/sites\/3\/2022\/04\/800x530-1-474x266.jpg 474w, https:\/\/www.hoasen.edu.vn\/saudaihoc\/wp-content\/uploads\/sites\/3\/2022\/04\/800x530-1-396x222.jpg 396w, https:\/\/www.hoasen.edu.vn\/saudaihoc\/wp-content\/uploads\/sites\/3\/2022\/04\/800x530-1-310x174.jpg 310w, https:\/\/www.hoasen.edu.vn\/saudaihoc\/wp-content\/uploads\/sites\/3\/2022\/04\/800x530-1-418x235.jpg 418w, https:\/\/www.hoasen.edu.vn\/saudaihoc\/wp-content\/uploads\/sites\/3\/2022\/04\/800x530-1-425x239.jpg 425w, https:\/\/www.hoasen.edu.vn\/saudaihoc\/wp-content\/uploads\/sites\/3\/2022\/04\/800x530-1-201x113.jpg 201w, https:\/\/www.hoasen.edu.vn\/saudaihoc\/wp-content\/uploads\/sites\/3\/2022\/04\/800x530-1-492x276.jpg 492w, https:\/\/www.hoasen.edu.vn\/saudaihoc\/wp-content\/uploads\/sites\/3\/2022\/04\/800x530-1-645x362.jpg 645w, https:\/\/www.hoasen.edu.vn\/saudaihoc\/wp-content\/uploads\/sites\/3\/2022\/04\/800x530-1-415x233.jpg 415w, https:\/\/www.hoasen.edu.vn\/saudaihoc\/wp-content\/uploads\/sites\/3\/2022\/04\/800x530-1-395x222.jpg 395w, https:\/\/www.hoasen.edu.vn\/saudaihoc\/wp-content\/uploads\/sites\/3\/2022\/04\/800x530-1-535x300.jpg 535w\" sizes=\"auto, (max-width: 682px) 100vw, 682px\" \/><\/figure>\n<figcaption class=\"blocks-gallery-caption wp-element-caption\">M\u1ed9t s\u1ed1 s\u1ef1 ki\u1ec7n, ho\u1ea1t \u0111\u1ed9ng do Vi\u1ec7n Sau \u0110\u1ea1i h\u1ecdc &amp; L\u00e3nh \u0111\u1ea1o t\u1ed5 ch\u1ee9c<\/figcaption><\/figure>\n\n\n\n<div style=\"height:24px\" aria-hidden=\"true\" class=\"wp-block-spacer\"><\/div>\n\n\n\n<p>H\u1ecdc vi\u00ean khi tham gia c\u00e1c ch\u01b0\u01a1ng tr\u00ecnh Th\u1ea1c s\u0129 Qu\u1ea3n tr\u1ecb Kinh doanh (MBA), Ng\u00f4n ng\u1eef Anh (MAE), Qu\u1ea3n tr\u1ecb D\u1ecbch v\u1ee5 du l\u1ecbch v\u00e0 L\u1eef h\u00e0nh (MAE) t\u1ea1i Tr\u01b0\u1eddng \u0110\u1ea1i h\u1ecdc Hoa Sen c\u00f2n c\u00f3 c\u01a1 h\u1ed9i m\u1edf r\u1ed9ng c\u00e1c m\u1ed1i quan h\u1ec7, t\u1ea1o d\u1ef1ng m\u1ea1ng l\u01b0\u1edbi k\u1ebft n\u1ed1i chuy\u00ean nghi\u1ec7p v\u1edbi c\u00e1c doanh nh\u00e2n th\u00e0nh \u0111\u1ea1t \u0111\u1ebfn t\u1eeb c\u00e1c t\u1eadp \u0111o\u00e0n, doanh nghi\u1ec7p t\u00ean tu\u1ed5i, c\u00e1c c\u1ef1u h\u1ecdc vi\u00ean \u0111\u00e3 c\u00f3 th\u00e2m ni\u00ean trong ngh\u1ec1&#8230; th\u00f4ng qua c\u00e1c ho\u1ea1t \u0111\u1ed9ng, s\u1ef1 ki\u1ec7n do Vi\u1ec7n Sau \u0110\u1ea1i h\u1ecdc &amp; L\u00e3nh \u0111\u1ea1o \u0110\u1ea1i h\u1ecdc t\u1ed5 ch\u1ee9c th\u01b0\u1eddng xuy\u00ean v\u00e0 xuy\u00ean su\u1ed1t trong n\u0103m. T\u1eeb c\u1ed9ng \u0111\u1ed3ng n\u00e0y, h\u1ecdc vi\u00ean s\u1ebd \u0111\u01b0\u1ee3c m\u1edf mang t\u1ea7m nh\u00ecn, t\u0103ng th\u00eam c\u01a1 h\u1ed9i l\u00e0m vi\u1ec7c, h\u1ee3p t\u00e1c v\u1edbi nhi\u1ec1u t\u1ed5 ch\u1ee9c trong v\u00e0 ngo\u00e0i n\u01b0\u1edbc.<\/p>\n","protected":false},"excerpt":{"rendered":"<p>\u0110\u1ebfn v\u1edbi ch\u01b0\u01a1ng tr\u00ecnh Sau \u0111\u1ea1i h\u1ecdc t\u1ea1i \u0110H Hoa Sen, h\u1ecdc vi\u00ean c\u00f3 c\u01a1 h\u1ed9i \u0111\u01b0\u1ee3c tr\u1ea3i nghi\u1ec7m m\u00f4i tr\u01b0\u1eddng h\u1ecdc t\u1eadp chuy\u00ean nghi\u1ec7p v\u00e0 hi\u1ec7n \u0111\u1ea1i, c\u00f9ng c\u01a1 h\u1ed9i tham gia c\u00e1c s\u1ef1 ki\u1ec7n, ho\u1ea1t \u0111\u1ed9ng nh\u01b0 workshop, talkshow chuy\u00ean ng\u00e0nh.<\/p>\n","protected":false},"author":1,"featured_media":6633,"parent":669,"menu_order":3,"comment_status":"closed","ping_status":"closed","template":"","meta":{"footnotes":""},"class_list":["post-687","page","type-page","status-publish","has-post-thumbnail","hentry"],"acf":[],"_links":{"self":[{"href":"https:\/\/www.hoasen.edu.vn\/saudaihoc\/wp-json\/wp\/v2\/pages\/687","targetHints":{"allow":["GET"]}}],"collection":[{"href":"https:\/\/www.hoasen.edu.vn\/saudaihoc\/wp-json\/wp\/v2\/pages"}],"about":[{"href":"https:\/\/www.hoasen.edu.vn\/saudaihoc\/wp-json\/wp\/v2\/types\/page"}],"author":[{"embeddable":true,"href":"https:\/\/www.hoasen.edu.vn\/saudaihoc\/wp-json\/wp\/v2\/users\/1"}],"replies":[{"embeddable":true,"href":"https:\/\/www.hoasen.edu.vn\/saudaihoc\/wp-json\/wp\/v2\/comments?post=687"}],"version-history":[{"count":6,"href":"https:\/\/www.hoasen.edu.vn\/saudaihoc\/wp-json\/wp\/v2\/pages\/687\/revisions"}],"predecessor-version":[{"id":6646,"href":"https:\/\/www.hoasen.edu.vn\/saudaihoc\/wp-json\/wp\/v2\/pages\/687\/revisions\/6646"}],"up":[{"embeddable":true,"href":"https:\/\/www.hoasen.edu.vn\/saudaihoc\/wp-json\/wp\/v2\/pages\/669"}],"wp:featuredmedia":[{"embeddable":true,"href":"https:\/\/www.hoasen.edu.vn\/saudaihoc\/wp-json\/wp\/v2\/media\/6633"}],"wp:attachment":[{"href":"https:\/\/www.hoasen.edu.vn\/saudaihoc\/wp-json\/wp\/v2\/media?parent=687"}],"curies":[{"name":"wp","href":"https:\/\/api.w.org\/{rel}","templated":true}]}}