{"id":1551,"date":"2024-11-05T06:08:59","date_gmt":"2024-11-05T06:08:59","guid":{"rendered":"https:\/\/www.hoasen.edu.vn\/online\/?page_id=1551"},"modified":"2026-03-05T14:31:06","modified_gmt":"2026-03-05T07:31:06","slug":"ve-vien-dao-tao-truc-tuyen","status":"publish","type":"page","link":"https:\/\/www.hoasen.edu.vn\/online\/ve-chung-toi\/ve-vien-dao-tao-truc-tuyen\/","title":{"rendered":"V\u1ec1 Vi\u1ec7n \u0110\u00e0o t\u1ea1o tr\u1ef1c tuy\u1ebfn"},"content":{"rendered":"\n<div class=\"wp-block-columns is-layout-flex wp-container-core-columns-is-layout-9d6595d7 wp-block-columns-is-layout-flex\">\n<div class=\"wp-block-column is-layout-flow wp-block-column-is-layout-flow\" style=\"flex-basis:33.33%\">\n<figure class=\"wp-block-image size-full\"><img loading=\"lazy\" decoding=\"async\" width=\"1875\" height=\"1875\" src=\"https:\/\/www.hoasen.edu.vn\/online\/wp-content\/uploads\/sites\/56\/2024\/11\/dai-hoc-truc-tuyen-nhan-ngay-tam-bang-danh-gia.jpeg\" alt=\"\" class=\"wp-image-1570\" \/><\/figure>\n<\/div>\n\n\n\n<div class=\"wp-block-column is-layout-flow wp-block-column-is-layout-flow\" style=\"flex-basis:66.66%\">\n<p style=\"font-size:17px\">Tr\u01b0\u1eddng \u0110\u1ea1i h\u1ecdc Hoa Sen (HSU) l\u00e0 m\u1ed9t tr\u01b0\u1eddng \u0111\u1ea1i h\u1ecdc \u0111\u1eb3ng c\u1ea5p qu\u1ed1c t\u1ebf v\u1edbi b\u1ec1 d\u00e0y l\u1ecbch s\u1eed h\u01a1n 30 n\u0103m ph\u00e1t tri\u1ec3n, lu\u00f4n ti\u00ean phong \u0111\u1ed5i m\u1edbi s\u00e1ng t\u1ea1o trong \u0111\u00e0o t\u1ea1o, li\u00ean t\u1ee5c \u0111\u1ea1t nhi\u1ec1u ki\u1ec3m \u0111\u1ecbnh qu\u1ed1c t\u1ebf nh\u1eb1m cung \u1ee9ng ngu\u1ed3n nh\u00e2n l\u1ef1c ch\u1ea5t l\u01b0\u1ee3ng cao cho x\u00e3 h\u1ed9i.<\/p>\n\n\n\n<p style=\"font-size:17px\">N\u0103m 2021, nh\u00e0 tr\u01b0\u1eddng vinh d\u1ef1 nh\u1eadn ch\u1ee9ng nh\u1eadn \u0111\u1ea1t chu\u1ea9n qu\u1ed1c t\u1ebf Qs &#8211; Stars (Anh Qu\u1ed1c) 5 sao ngay l\u1ea7n \u0111\u00e1nh gi\u00e1 \u0111\u1ea7u ti\u00ean b\u00ean c\u1ea1nh nhi\u1ec1u ch\u01b0\u01a1ng tr\u00ecnh \u0111\u1ea1t chu\u1ea9n qu\u1ed1c t\u1ebf nh\u01b0 ACBSP (Hoa K\u1ef3), AUN-QA (\u0110\u00f4ng Nam \u00c1), NEAS (\u00dac), FIBBA (Th\u1ee5y S\u1ef9)\u2026 <\/p>\n\n\n\n<p style=\"font-size:17px\">B\u00ean c\u1ea1nh \u0111\u1ecbnh h\u01b0\u1edbng qu\u1ed1c t\u1ebf h\u00f3a, gi\u1ea3ng d\u1ea1y song ng\u1eef chu\u1ea9n qu\u1ed1c t\u1ebf, tr\u01b0\u1eddng \u0110\u1ea1i h\u1ecdc Hoa Sen c\u00f2n m\u1edf r\u1ed9ng tri\u1ec3n khai ph\u01b0\u01a1ng th\u1ee9c \u0110\u00c0O T\u1ea0O TR\u1ef0C TUY\u1ebeN nh\u1eb1m \u0111\u00e1p \u1ee9ng nhu c\u1ea7u \u0111a d\u1ea1ng c\u1ee7a ng\u01b0\u1eddi h\u1ecdc, g\u00f3p ph\u1ea7n x\u00e2y d\u1ef1ng x\u00e3 h\u1ed9i h\u1ecdc t\u1eadp linh ho\u1ea1t theo xu h\u01b0\u1edbng h\u1ed9i nh\u1eadp v\u1edbi khu v\u1ef1c v\u00e0 th\u1ebf gi\u1edbi. <\/p>\n\n\n\n<p style=\"font-size:17px\">\u0110\u1ec3 hi\u1ec7n th\u1ef1c h\u00f3a \u0111\u1ecbnh h\u01b0\u1edbng chi\u1ebfn l\u01b0\u1ee3c, n\u0103m 2022 Vi\u1ec7n \u0110\u00c0O T\u1ea0O TR\u1ef0C TUY\u1ebeN \u2013 \u0110\u1ea1i h\u1ecdc Hoa Sen ch\u00ednh th\u1ee9c \u0111\u01b0\u1ee3c th\u00e0nh l\u1eadp, l\u00e0 \u0111\u01a1n v\u1ecb ch\u1ecbu tr\u00e1ch nhi\u1ec7m chuy\u00ean m\u00f4n v\u1ec1 t\u1ed5 ch\u1ee9c tuy\u1ec3n sinh, \u0111\u00e0o t\u1ea1o t\u1eeb xa.<\/p>\n<\/div>\n<\/div>\n\n\n\n<div class=\"wp-block-columns is-layout-flex wp-container-core-columns-is-layout-9d6595d7 wp-block-columns-is-layout-flex\">\n<div class=\"wp-block-column is-layout-flow wp-block-column-is-layout-flow\"><\/div>\n\n\n\n<div class=\"wp-block-column is-layout-flow wp-block-column-is-layout-flow\"><\/div>\n<\/div>\n\n\n\n<p style=\"font-size:17px\">Hi\u1ec7n t\u1ea1i, Vi\u1ec7n \u0110\u00e0o t\u1ea1o tr\u1ef1c tuy\u1ebfn tr\u01b0\u1eddng \u0110\u1ea1i h\u1ecdc Hoa Sen t\u1ed5 ch\u1ee9c tuy\u1ec3n sinh Ch\u01b0\u01a1ng tr\u00ecnh \u0110\u00c0O T\u1ea0O \u0110\u1ea0I H\u1eccC TR\u1ef0C TUY\u1ebeN v\u1edbi c\u00e1c ch\u01b0\u01a1ng tr\u00ecnh \u0111\u00e0o t\u1ea1o: <\/p>\n\n\n\t\t<!-- ================================================== -->\r\n\t\t<!-- CHANNELS -->\r\n\t\t<!-- ================================================== -->\r\n\t\t<div class=\"vc-card--channel \">\r\n\t\t\t<div class=\"container position-relative\">\r\n\t\t\t\t\t\t\t\t\t<h2 class=\"vc-headline--primary position-relative\">5 NG\u00c0NH \u0110\u00c0O T\u1ea0O<\/h2>\r\n\t\t\t\t\t\t\t\t<div class=\"swiper-container mb-5 jsChannel\" id=\"block_343296cb2a22ef8bb8529ce832b1d356\">\r\n\t\t\t\t\t<div class=\"swiper-wrapper\">\r\n\t\t\t\t\t\t\t\t\t\t\t\t\t<div class=\"swiper-slide\">\r\n\t\t\t\t\t\t\t\t<a class=\"vc-card__item position-relative d-block\" href=\"https:\/\/www.hoasen.edu.vn\/online\/education\/nganh-cong-nghe-thong-tin\/\">\r\n\t\t\t\t\t\t\t\t\t<div class=\"swiper-container jsChannelChild\" id=\"channelChildblock_343296cb2a22ef8bb8529ce832b1d3561\">\r\n\t\t\t\t\t\t\t\t\t\t<div class=\"swiper-wrapper\">\r\n\t\t\t\t\t\t\t\t\t\t\t\t\t\t\t\t\t\t\t\t\t\t\t\t\t\t\t\t\t\t\t\t\t\t\t\t\t\t\t\t\t\t\t\t\t\t\t<div class=\"swiper-slide\">\r\n\t\t\t\t\t\t\t\t\t\t\t\t\t\t<div class=\"vc-card__avatar mb-0 position-relative\">\r\n\t\t\t\t\t\t\t\t\t\t\t\t\t\t\t<img decoding=\"async\" class=\"position-absolute\" src=\"https:\/\/www.hoasen.edu.vn\/online\/wp-content\/uploads\/sites\/56\/2024\/11\/cong-nghe-thong-tin-315-213.jpg\" alt=\"\">\r\n\t\t\t\t\t\t\t\t\t\t\t\t\t\t<\/div>\r\n\t\t\t\t\t\t\t\t\t\t\t\t\t<\/div>\r\n\t\t\t\t\t\t\t\t\t\t\t\t\t\t\t\t\t\t\t\t\t\t\t\t\t\t\t\t\t\t\t\t\t<\/div>\r\n\t\t\t\t\t\t\t\t\t<\/div>\r\n\t\t\t\t\t\t\t\t\t<span class=\"vc-card__ttl text-center position-absolute \">C\u00f4ng ngh\u1ec7 th\u00f4ng tin<\/span>\r\n\t\t\t\t\t\t\t\t<\/a>\r\n\t\t\t\t\t\t\t<\/div>\r\n\t\t\t\t\t\t\t\t\t\t\t\t\t<div class=\"swiper-slide\">\r\n\t\t\t\t\t\t\t\t<a class=\"vc-card__item position-relative d-block\" href=\"https:\/\/www.hoasen.edu.vn\/online\/education\/nganh-quan-tri-kinh-doanh\/\">\r\n\t\t\t\t\t\t\t\t\t<div class=\"swiper-container jsChannelChild\" id=\"channelChildblock_343296cb2a22ef8bb8529ce832b1d3562\">\r\n\t\t\t\t\t\t\t\t\t\t<div class=\"swiper-wrapper\">\r\n\t\t\t\t\t\t\t\t\t\t\t\t\t\t\t\t\t\t\t\t\t\t\t\t\t\t\t\t\t\t\t\t\t\t\t\t\t\t\t\t\t\t\t\t\t\t\t<div class=\"swiper-slide\">\r\n\t\t\t\t\t\t\t\t\t\t\t\t\t\t<div class=\"vc-card__avatar mb-0 position-relative\">\r\n\t\t\t\t\t\t\t\t\t\t\t\t\t\t\t<img decoding=\"async\" class=\"position-absolute\" src=\"https:\/\/www.hoasen.edu.vn\/online\/wp-content\/uploads\/sites\/56\/2024\/11\/quan-tri-kinh-doanh-315-213.jpg\" alt=\"\">\r\n\t\t\t\t\t\t\t\t\t\t\t\t\t\t<\/div>\r\n\t\t\t\t\t\t\t\t\t\t\t\t\t<\/div>\r\n\t\t\t\t\t\t\t\t\t\t\t\t\t\t\t\t\t\t\t\t\t\t\t\t\t\t\t\t\t\t\t\t\t<\/div>\r\n\t\t\t\t\t\t\t\t\t<\/div>\r\n\t\t\t\t\t\t\t\t\t<span class=\"vc-card__ttl text-center position-absolute \">Qu\u1ea3n tr\u1ecb kinh doanh<\/span>\r\n\t\t\t\t\t\t\t\t<\/a>\r\n\t\t\t\t\t\t\t<\/div>\r\n\t\t\t\t\t\t\t\t\t\t\t\t\t<div class=\"swiper-slide\">\r\n\t\t\t\t\t\t\t\t<a class=\"vc-card__item position-relative d-block\" href=\"https:\/\/www.hoasen.edu.vn\/online\/education\/nganh-marketing\/\">\r\n\t\t\t\t\t\t\t\t\t<div class=\"swiper-container jsChannelChild\" id=\"channelChildblock_343296cb2a22ef8bb8529ce832b1d3563\">\r\n\t\t\t\t\t\t\t\t\t\t<div class=\"swiper-wrapper\">\r\n\t\t\t\t\t\t\t\t\t\t\t\t\t\t\t\t\t\t\t\t\t\t\t\t\t\t\t\t\t\t\t\t\t\t\t\t\t\t\t\t\t\t\t\t\t\t\t<div class=\"swiper-slide\">\r\n\t\t\t\t\t\t\t\t\t\t\t\t\t\t<div class=\"vc-card__avatar mb-0 position-relative\">\r\n\t\t\t\t\t\t\t\t\t\t\t\t\t\t\t<img decoding=\"async\" class=\"position-absolute\" src=\"https:\/\/www.hoasen.edu.vn\/online\/wp-content\/uploads\/sites\/56\/2024\/11\/marketing-315-213.jpg\" alt=\"\">\r\n\t\t\t\t\t\t\t\t\t\t\t\t\t\t<\/div>\r\n\t\t\t\t\t\t\t\t\t\t\t\t\t<\/div>\r\n\t\t\t\t\t\t\t\t\t\t\t\t\t\t\t\t\t\t\t\t\t\t\t\t\t\t\t\t\t\t\t\t\t<\/div>\r\n\t\t\t\t\t\t\t\t\t<\/div>\r\n\t\t\t\t\t\t\t\t\t<span class=\"vc-card__ttl text-center position-absolute \">Marketing<\/span>\r\n\t\t\t\t\t\t\t\t<\/a>\r\n\t\t\t\t\t\t\t<\/div>\r\n\t\t\t\t\t\t\t\t\t\t\t\t\t<div class=\"swiper-slide\">\r\n\t\t\t\t\t\t\t\t<a class=\"vc-card__item position-relative d-block\" href=\"https:\/\/www.hoasen.edu.vn\/online\/education\/nganh-luat-kinh-te\/\">\r\n\t\t\t\t\t\t\t\t\t<div class=\"swiper-container jsChannelChild\" id=\"channelChildblock_343296cb2a22ef8bb8529ce832b1d3564\">\r\n\t\t\t\t\t\t\t\t\t\t<div class=\"swiper-wrapper\">\r\n\t\t\t\t\t\t\t\t\t\t\t\t\t\t\t\t\t\t\t\t\t\t\t\t\t\t\t\t\t\t\t\t\t\t\t\t\t\t\t\t\t\t\t\t\t\t\t<div class=\"swiper-slide\">\r\n\t\t\t\t\t\t\t\t\t\t\t\t\t\t<div class=\"vc-card__avatar mb-0 position-relative\">\r\n\t\t\t\t\t\t\t\t\t\t\t\t\t\t\t<img decoding=\"async\" class=\"position-absolute\" src=\"https:\/\/www.hoasen.edu.vn\/online\/wp-content\/uploads\/sites\/56\/2024\/11\/cong-nghe-thong-tin-315-213.jpg\" alt=\"\">\r\n\t\t\t\t\t\t\t\t\t\t\t\t\t\t<\/div>\r\n\t\t\t\t\t\t\t\t\t\t\t\t\t<\/div>\r\n\t\t\t\t\t\t\t\t\t\t\t\t\t\t\t\t\t\t\t\t\t\t\t\t\t<div class=\"swiper-slide\">\r\n\t\t\t\t\t\t\t\t\t\t\t\t\t\t<div class=\"vc-card__avatar mb-0 position-relative\">\r\n\t\t\t\t\t\t\t\t\t\t\t\t\t\t\t<img decoding=\"async\" class=\"position-absolute\" src=\"https:\/\/www.hoasen.edu.vn\/online\/wp-content\/uploads\/sites\/56\/2024\/11\/luat-kinh-te-315-213.jpg\" alt=\"\">\r\n\t\t\t\t\t\t\t\t\t\t\t\t\t\t<\/div>\r\n\t\t\t\t\t\t\t\t\t\t\t\t\t<\/div>\r\n\t\t\t\t\t\t\t\t\t\t\t\t\t\t\t\t\t\t\t\t\t\t\t\t\t\t\t\t\t\t\t\t\t<\/div>\r\n\t\t\t\t\t\t\t\t\t<\/div>\r\n\t\t\t\t\t\t\t\t\t<span class=\"vc-card__ttl text-center position-absolute \">Lu\u1eadt kinh t\u1ebf<\/span>\r\n\t\t\t\t\t\t\t\t<\/a>\r\n\t\t\t\t\t\t\t<\/div>\r\n\t\t\t\t\t\t\t\t\t\t\t\t\t<div class=\"swiper-slide\">\r\n\t\t\t\t\t\t\t\t<a class=\"vc-card__item position-relative d-block\" href=\"https:\/\/www.hoasen.edu.vn\/online\/education\/nganh-ngon-ngu-anh\/\">\r\n\t\t\t\t\t\t\t\t\t<div class=\"swiper-container jsChannelChild\" id=\"channelChildblock_343296cb2a22ef8bb8529ce832b1d3565\">\r\n\t\t\t\t\t\t\t\t\t\t<div class=\"swiper-wrapper\">\r\n\t\t\t\t\t\t\t\t\t\t\t\t\t\t\t\t\t\t\t\t\t\t\t\t\t\t\t\t\t\t\t\t\t\t\t\t\t\t\t\t\t\t\t\t\t\t\t<div class=\"swiper-slide\">\r\n\t\t\t\t\t\t\t\t\t\t\t\t\t\t<div class=\"vc-card__avatar mb-0 position-relative\">\r\n\t\t\t\t\t\t\t\t\t\t\t\t\t\t\t<img decoding=\"async\" class=\"position-absolute\" src=\"https:\/\/www.hoasen.edu.vn\/online\/wp-content\/uploads\/sites\/56\/2024\/11\/cu-nhan-nganh-digital-marketing.jpg\" alt=\"\">\r\n\t\t\t\t\t\t\t\t\t\t\t\t\t\t<\/div>\r\n\t\t\t\t\t\t\t\t\t\t\t\t\t<\/div>\r\n\t\t\t\t\t\t\t\t\t\t\t\t\t\t\t\t\t\t\t\t\t\t\t\t\t<div class=\"swiper-slide\">\r\n\t\t\t\t\t\t\t\t\t\t\t\t\t\t<div class=\"vc-card__avatar mb-0 position-relative\">\r\n\t\t\t\t\t\t\t\t\t\t\t\t\t\t\t<img decoding=\"async\" class=\"position-absolute\" src=\"https:\/\/www.hoasen.edu.vn\/online\/wp-content\/uploads\/sites\/56\/2024\/11\/ngon-ngu-anh-315-213.jpg\" alt=\"\">\r\n\t\t\t\t\t\t\t\t\t\t\t\t\t\t<\/div>\r\n\t\t\t\t\t\t\t\t\t\t\t\t\t<\/div>\r\n\t\t\t\t\t\t\t\t\t\t\t\t\t\t\t\t\t\t\t\t\t\t\t\t\t\t\t\t\t\t\t\t\t<\/div>\r\n\t\t\t\t\t\t\t\t\t<\/div>\r\n\t\t\t\t\t\t\t\t\t<span class=\"vc-card__ttl text-center position-absolute \">Ng\u00f4n ng\u1eef anh<\/span>\r\n\t\t\t\t\t\t\t\t<\/a>\r\n\t\t\t\t\t\t\t<\/div>\r\n\t\t\t\t\t\t\t\t\t\t\t<\/div>\r\n\t\t\t\t<\/div>\r\n\t\t\t\t<div class=\"swiper-button-next d-none d-lg-inline-flex jsNext\">\r\n\t\t\t\t\t<svg class=\"vc-icon\"><use xlink:href=\"https:\/\/www.hoasen.edu.vn\/online\/wp-content\/themes\/ru-hsu\/assets\/img\/icons.svg#i-arrow-right\" \/><\/svg>\r\n\t\t\t\t<\/div>\r\n\t\t\t\t<div class=\"swiper-button-prev d-none d-lg-inline-flex jsPrev\">\r\n\t\t\t\t\t<svg class=\"vc-icon\"><use xlink:href=\"https:\/\/www.hoasen.edu.vn\/online\/wp-content\/themes\/ru-hsu\/assets\/img\/icons.svg#i-arrow-left\" \/><\/svg>\r\n\t\t\t\t<\/div>\r\n\t\t\t\t<div class=\"swiper-pagination position-relative w-100 d-flex d-lg-none align-items-center justify-content-center jsPagination\"><\/div>\r\n\t\t\t<\/div>\r\n\t\t<\/div>\r\n\t\t\n\n\n<p class=\"has-text-align-center\" style=\"font-size:17px\"><br>V\u1edbi ch\u1ea5t l\u01b0\u1ee3ng gi\u00e1o d\u1ee5c \u0111\u1ea1t chu\u1ea9n qu\u1ed1c t\u1ebf, h\u01a1n 90% sinh vi\u00ean c\u00f3 vi\u1ec7c l\u00e0m tr\u01b0\u1edbc khi t\u1ed1t nghi\u1ec7p, Ch\u01b0\u01a1ng tr\u00ecnh \u0111\u00e0o t\u1ea1o \u0110\u1ea1i h\u1ecdc tr\u1ef1c tuy\u1ebfn HSU cam k\u1ebft mang \u0111\u1ebfn cho h\u1ecdc vi\u00ean nh\u1eefng \u01b0u \u0111i\u1ec3m n\u1ed5i tr\u1ed9i sau: <\/p>\n\n\n\t\t\t\t\t<div class=\"vc-about--red position-relative\">\r\n\t\t\t\t\t\t<div class=\"vc-about__img position-absolute\">\r\n\t\t\t\t\t\t\t\t\t\t\t\t\t<\/div>\r\n\t\t\t\t\t\t<div class=\"vc-about__row row position-relative\">\r\n\t\t\t\t\t\t\t<div class=\"col-12 col-md-12 col-lg-12 col-xl-8 col-xxl-8 offset-xl-4 offset-xxl-4\">\r\n\t\t\t\t\t\t\t\t<div class=\"vc-about__box text-end\">\r\n\t\t\t\t\t\t\t\t\t\t\t\t\t\t\t\t\t\t\t<h4 class=\"vc-about__head\">B\u1eb1ng c\u1eed nh\u00e2n t\u01b0\u01a1ng \u0111\u01b0\u01a1ng ch\u00ednh quy<\/h4>\r\n\t\t\t\t\t\t\t\t\t\t\t\t\t\t\t\t\t\t<div class=\"vc-about__content\">\r\n\t\t\t\t\t\t\t\t\t\t<p>B\u1eb1ng c\u1eed nh\u00e2n c\u00f3 gi\u00e1 tr\u1ecb v\u0129nh vi\u1ec5n. Tr\u00ean v\u0103n b\u1eb1ng t\u1ed1t nghi\u1ec7p s\u1ebd ch\u1ec9 ghi l\u00e0 b\u1eb1ng c\u1eed nh\u00e2n, KH\u00d4NG ghi th\u00f4ng tin v\u1ec1 h\u00ecnh th\u1ee9c \u0111\u00e0o t\u1ea1o.<\/p>\n\t\t\t\t\t\t\t\t\t<\/div>\r\n\t\t\t\t\t\t\t\t<\/div>\r\n\t\t\t\t\t\t\t<\/div>\r\n\t\t\t\t\t\t<\/div>\r\n\t\t\t\t\t<\/div>\r\n\t\t\t\t\t\t\t\t\t\t<div class=\"vc-about position-relative\">\r\n\t\t\t\t\t\t<div class=\"vc-about__img position-absolute text-end\">\r\n\t\t\t\t\t\t\t\t\t\t\t\t\t<\/div>\r\n\t\t\t\t\t\t<div class=\"vc-about__row row position-relative\">\r\n\t\t\t\t\t\t\t<div class=\"col-12 col-md-12 col-lg-12 col-xl-8 col-xxl-8\">\r\n\t\t\t\t\t\t\t\t<div class=\"vc-about__box\">\r\n\t\t\t\t\t\t\t\t\t\t\t\t\t\t\t\t\t\t\t<h4 class=\"vc-about__head\">Ch\u01b0\u01a1ng tr\u00ecnh h\u1ecdc<\/h4>\r\n\t\t\t\t\t\t\t\t\t\t\t\t\t\t\t\t\t\t<div class=\"vc-about__content\">\r\n\t\t\t\t\t\t\t\t\t\t<p>Ch\u01b0\u01a1ng tr\u00ecnh \u0111\u00e0o t\u1ea1o tinh g\u1ecdn, \u0111\u1ea1t ki\u1ec3m \u0111\u1ecbnh Qu\u1ed1c t\u1ebf<\/p>\n\t\t\t\t\t\t\t\t\t<\/div>\r\n\t\t\t\t\t\t\t\t<\/div>\r\n\t\t\t\t\t\t\t<\/div>\r\n\t\t\t\t\t\t<\/div>\r\n\t\t\t\t\t<\/div>\r\n\t\t\t\t\t\t\t\t\t\t<div class=\"vc-about--blue position-relative\">\r\n\t\t\t\t\t\t<div class=\"vc-about__img position-absolute\">\r\n\t\t\t\t\t\t\t\t\t\t\t\t\t<\/div>\r\n\t\t\t\t\t\t<div class=\"vc-about__row row position-relative\">\r\n\t\t\t\t\t\t\t<div class=\"col-12 col-md-12 col-lg-12 col-xl-8 col-xxl-8 offset-xl-4 offset-xxl-4\">\r\n\t\t\t\t\t\t\t\t<div class=\"vc-about__box text-end\">\r\n\t\t\t\t\t\t\t\t\t\t\t\t\t\t\t\t\t\t\t<h4 class=\"vc-about__head\">H\u1ecdc ph\u00ed c\u1ed1 \u0111\u1ecbnh<\/h4>\r\n\t\t\t\t\t\t\t\t\t\t\t\t\t\t\t\t\t\t<div class=\"vc-about__content\">\r\n\t\t\t\t\t\t\t\t\t\t<p>H\u1ecdc ph\u00ed c\u1ed1 \u0111\u1ecbnh, cam k\u1ebft kh\u00f4ng t\u0103ng trong su\u1ed1t qu\u00e1 tr\u00ecnh h\u1ecdc<\/p>\n\t\t\t\t\t\t\t\t\t<\/div>\r\n\t\t\t\t\t\t\t\t<\/div>\r\n\t\t\t\t\t\t\t<\/div>\r\n\t\t\t\t\t\t<\/div>\r\n\t\t\t\t\t<\/div>\r\n\t\t\t\t\t\t\t\t\t\t<div class=\"vc-about position-relative\">\r\n\t\t\t\t\t\t<div class=\"vc-about__img position-absolute text-end\">\r\n\t\t\t\t\t\t\t\t\t\t\t\t\t<\/div>\r\n\t\t\t\t\t\t<div class=\"vc-about__row row position-relative\">\r\n\t\t\t\t\t\t\t<div class=\"col-12 col-md-12 col-lg-12 col-xl-8 col-xxl-8\">\r\n\t\t\t\t\t\t\t\t<div class=\"vc-about__box\">\r\n\t\t\t\t\t\t\t\t\t\t\t\t\t\t\t\t\t\t\t<h4 class=\"vc-about__head\">Th\u1eddi gian h\u1ecdc linh ho\u1ea1t<\/h4>\r\n\t\t\t\t\t\t\t\t\t\t\t\t\t\t\t\t\t\t<div class=\"vc-about__content\">\r\n\t\t\t\t\t\t\t\t\t\t<p>Th\u1eddi gian h\u1ecdc ch\u1ec9 t\u1eeb 1,5 n\u0103m.<\/p>\n<p>Th\u1eddi gian h\u1ecdc linh ho\u1ea1t, linh \u0111\u1ed9ng h\u1ecdc m\u1ecdi l\u00fac, m\u1ecdi n\u01a1i. Ch\u1ee7 \u0111\u1ed9ng theo nhu c\u1ea7u h\u1ecdc c\u1ee7a b\u1ea1n.<\/p>\n\t\t\t\t\t\t\t\t\t<\/div>\r\n\t\t\t\t\t\t\t\t<\/div>\r\n\t\t\t\t\t\t\t<\/div>\r\n\t\t\t\t\t\t<\/div>\r\n\t\t\t\t\t<\/div>\r\n\t\t\t\t\t\t\t\t\t\t<div class=\"vc-about--red position-relative\">\r\n\t\t\t\t\t\t<div class=\"vc-about__img position-absolute\">\r\n\t\t\t\t\t\t\t\t\t\t\t\t\t<\/div>\r\n\t\t\t\t\t\t<div class=\"vc-about__row row position-relative\">\r\n\t\t\t\t\t\t\t<div class=\"col-12 col-md-12 col-lg-12 col-xl-8 col-xxl-8 offset-xl-4 offset-xxl-4\">\r\n\t\t\t\t\t\t\t\t<div class=\"vc-about__box text-end\">\r\n\t\t\t\t\t\t\t\t\t\t\t\t\t\t\t\t\t\t\t<h4 class=\"vc-about__head\">Gi\u1ea3ng vi\u00ean gi\u1ecfi, t\u1eadn t\u00e2m<\/h4>\r\n\t\t\t\t\t\t\t\t\t\t\t\t\t\t\t\t\t\t<div class=\"vc-about__content\">\r\n\t\t\t\t\t\t\t\t\t\t<p>Gi\u1ea3ng vi\u00ean gi\u1ecfi, t\u1eadn t\u00e2m, th\u01b0\u1eddng xuy\u00ean t\u01b0\u01a1ng t\u00e1c c\u00f9ng sinh vi\u00ean<\/p>\n\t\t\t\t\t\t\t\t\t<\/div>\r\n\t\t\t\t\t\t\t\t<\/div>\r\n\t\t\t\t\t\t\t<\/div>\r\n\t\t\t\t\t\t<\/div>\r\n\t\t\t\t\t<\/div>\r\n\t\t\t\t\t\n\n\n<div class=\"wp-block-columns is-layout-flex wp-container-core-columns-is-layout-9d6595d7 wp-block-columns-is-layout-flex\">\n<div class=\"wp-block-column is-layout-flow wp-block-column-is-layout-flow\"><\/div>\n<\/div>\n\n\n\n<p style=\"font-size:17px\">B\u1ea5t k\u1ef3 m\u1ed9t h\u00ecnh th\u1ee9c \u0111\u00e0o t\u1ea1o n\u00e0o c\u0169ng l\u1ea5y ng\u01b0\u1eddi h\u1ecdc l\u00e0m trung t\u00e2m, theo \u0111\u00f3 ng\u01b0\u1eddi h\u1ecdc l\u00e0 y\u1ebfu t\u1ed1 \u0111\u1eb7c bi\u1ec7t quan tr\u1ecdng trong qu\u00e1 tr\u00ecnh ph\u00e1t tri\u1ec3n c\u00e1c ch\u01b0\u01a1ng tr\u00ecnh \u0110\u00e0o t\u1ea1o tr\u1ef1c tuy\u1ebfn. V\u1edbi m\u1ee5c ti\u00eau \u0111\u00f3, nh\u00e0 tr\u01b0\u1eddng lu\u00f4n ch\u00fa tr\u1ecdng \u0111\u1ebfn ch\u1ea5t l\u01b0\u1ee3ng c\u1ee7a \u0111\u1ed9i ng\u0169 gi\u1ea3ng vi\u00ean v\u00e0 h\u1ec7 th\u1ed1ng h\u1ea1 t\u1ea7ng h\u1ed7 tr\u1ee3 vi\u1ec7c gi\u1ea3ng d\u1ea1y v\u00e0 h\u1ecdc t\u1eadp nh\u1eb1m t\u1ea1o s\u1ef1 c\u00f4ng nh\u1eadn c\u1ee7a c\u1ed9ng \u0111\u1ed3ng h\u1ecdc thu\u1eadt th\u1ebf gi\u1edbi. Ph\u1ea7n l\u1edbn c\u00e1c gi\u1ea3ng vi\u00ean c\u01a1 h\u1eefu c\u1ee7a tr\u01b0\u1eddng \u0111\u01b0\u1ee3c \u0111\u00e0o t\u1ea1o t\u1eeb n\u01b0\u1edbc ngo\u00e0i, gi\u1ea3ng d\u1ea1y theo \u0111\u00fang chuy\u00ean ng\u00e0nh \u0111\u00e3 \u0111\u01b0\u1ee3c \u0111\u00e0o t\u1ea1o v\u00e0 lu\u00f4n s\u1eb5n s\u00e0ng \u0111\u1ed3ng h\u00e0nh c\u00f9ng sinh vi\u00ean trong qu\u00e1 tr\u00ecnh h\u1ecdc t\u1eadp, nghi\u00ean c\u1ee9u khoa h\u1ecdc c\u0169ng nh\u01b0 ti\u1ebfp c\u1eadn v\u1edbi m\u00f4i tr\u01b0\u1eddng l\u00e0m vi\u1ec7c th\u1ef1c t\u1ebf t\u1ea1i doanh nghi\u1ec7p. V\u00ec th\u1ebf, sinh vi\u00ean Hoa Sen c\u00f3 nhi\u1ec1u thu\u1eadn l\u1ee3i khi ti\u1ebfp x\u00fac v\u1edbi doanh nghi\u1ec7p c\u0169ng nh\u01b0 thu h\u00fat s\u1ef1 ch\u00fa \u00fd c\u1ee7a c\u00e1c nh\u00e0 tuy\u1ec3n d\u1ee5ng.<\/p>\n","protected":false},"excerpt":{"rendered":"<p>Tr\u01b0\u1eddng \u0110\u1ea1i h\u1ecdc Hoa Sen l\u00e0 m\u1ed9t trong nh\u1eefng tr\u01b0\u1eddng \u0110\u1ea1i h\u1ecdc c\u00f3 n\u1ec1n t\u1ea3ng v\u00e0 uy t\u00edn v\u1ec1 ch\u1ea5t l\u01b0\u1ee3ng \u0111\u00e0o t\u1ea1o ngu\u1ed3n nh\u00e2n l\u1ef1c \u0111\u00e1p \u1ee9ng nhu c\u1ea7u ph\u00e1t tri\u1ec3n kinh t\u1ebf, x\u00e3 h\u1ed9i. \u0110\u1ec3 \u0111\u00e1p \u1ee9ng nhu c\u1ea7u c\u1ee7a ng\u01b0\u1eddi h\u1ecdc trong th\u1eddi \u0111\u1ea1i 4.0. Tr\u01b0\u1eddng \u0110\u1ea1i h\u1ecdc Hoa Sen \u0111\u00e3 x\u00e2y d\u1ef1ng v\u00e0 tri\u1ec3n khai ph\u01b0\u01a1ng th\u1ee9c \u0111\u00e0o t\u1ea1o tr\u1ef1c tuy\u1ebfn ph\u00f9 h\u1ee3p v\u1edbi \u0111\u1ecbnh h\u01b0\u1edbng v\u00e0 s\u1ef1 l\u1ef1a ch\u1ecdn c\u1ee7a \u0111\u00f4ng \u0111\u1ea3o ng\u01b0\u1eddi h\u1ecdc tr\u00ean c\u1ea3 n\u01b0\u1edbc<\/p>\n","protected":false},"author":2218,"featured_media":1475,"parent":1556,"menu_order":0,"comment_status":"closed","ping_status":"closed","template":"","meta":{"footnotes":""},"class_list":["post-1551","page","type-page","status-publish","has-post-thumbnail","hentry"],"acf":[],"_links":{"self":[{"href":"https:\/\/www.hoasen.edu.vn\/online\/wp-json\/wp\/v2\/pages\/1551","targetHints":{"allow":["GET"]}}],"collection":[{"href":"https:\/\/www.hoasen.edu.vn\/online\/wp-json\/wp\/v2\/pages"}],"about":[{"href":"https:\/\/www.hoasen.edu.vn\/online\/wp-json\/wp\/v2\/types\/page"}],"author":[{"embeddable":true,"href":"https:\/\/www.hoasen.edu.vn\/online\/wp-json\/wp\/v2\/users\/2218"}],"replies":[{"embeddable":true,"href":"https:\/\/www.hoasen.edu.vn\/online\/wp-json\/wp\/v2\/comments?post=1551"}],"version-history":[{"count":22,"href":"https:\/\/www.hoasen.edu.vn\/online\/wp-json\/wp\/v2\/pages\/1551\/revisions"}],"predecessor-version":[{"id":5359,"href":"https:\/\/www.hoasen.edu.vn\/online\/wp-json\/wp\/v2\/pages\/1551\/revisions\/5359"}],"up":[{"embeddable":true,"href":"https:\/\/www.hoasen.edu.vn\/online\/wp-json\/wp\/v2\/pages\/1556"}],"wp:featuredmedia":[{"embeddable":true,"href":"https:\/\/www.hoasen.edu.vn\/online\/wp-json\/wp\/v2\/media\/1475"}],"wp:attachment":[{"href":"https:\/\/www.hoasen.edu.vn\/online\/wp-json\/wp\/v2\/media?parent=1551"}],"curies":[{"name":"wp","href":"https:\/\/api.w.org\/{rel}","templated":true}]}}