{"id":8959,"date":"2025-08-11T10:17:47","date_gmt":"2025-08-11T03:17:47","guid":{"rendered":"https:\/\/www.hoasen.edu.vn\/lgtmqt\/?page_id=8959"},"modified":"2026-03-25T10:44:37","modified_gmt":"2026-03-25T03:44:37","slug":"dao-tao","status":"publish","type":"page","link":"https:\/\/www.hoasen.edu.vn\/lgtmqt\/dao-tao\/","title":{"rendered":"\u0110\u00e0o t\u1ea1o"},"content":{"rendered":"\n\n\n  <div class=\"faculty-edu\">\n        <div class=\"fy-card\">\n        <div class=\"card-image\">\n                            <img decoding=\"async\" src=\"https:\/\/www.hoasen.edu.vn\/lgtmqt\/wp-content\/uploads\/sites\/24\/2025\/08\/Da\u0302\u0301u-tru\u031bo\u031b\u0300ng-Thu\u031bo\u031bng-ma\u0323i-Quo\u0302\u0301c-te\u0302\u0301-2025-1.jpg\" alt=\"\u0110\u1ea5u tr\u01b0\u1eddng Th\u01b0\u01a1ng m\u1ea1i qu\u1ed1c t\u1ebf kh\u1eb3ng \u0111\u1ecbnh uy t\u00edn l\u00e0 m\u1ed9t trong nh\u1eefng s\u00e2n ch\u01a1i h\u1ecdc thu\u1eadt v\u00e0 kh\u1edfi nghi\u1ec7p quy m\u00f4 to\u00e0n qu\u1ed1c\">\n                    <\/div>\n        <div class=\"card-content\">\n            <div class=\"card-title\">Ng\u00e0nh Logistics v\u00e0 Qu\u1ea3n l\u00fd chu\u1ed7i cung \u1ee9ng (M\u00e3 ng\u00e0nh: 7510605)<\/div>\n\n                                                <a class=\"card-desc\" href=\"https:\/\/www.hoasen.edu.vn\/lgtmqt\/nganh-logistics-va-quan-ly-chuoi-cung-ung\/\" target=\"_blank\">\n                Kh\u00e1m ph\u00e1 ch\u01b0\u01a1ng tr\u00ecnh \u0111\u00e0o t\u1ea1o                    <div class=\"card-button\">\u203a<\/div>\n                <\/a>\n                                             <\/div>\n    <\/div>\n        <div class=\"fy-card\">\n        <div class=\"card-image\">\n                            <img decoding=\"async\" src=\"https:\/\/www.hoasen.edu.vn\/lgtmqt\/wp-content\/uploads\/sites\/24\/2025\/08\/Nganh-Logistics-va-Quan-ly-chuoi-cung-ung-HSU-1.jpg\" alt=\"\">\n                    <\/div>\n        <div class=\"card-content\">\n            <div class=\"card-title\">Ng\u00e0nh Kinh doanh qu\u1ed1c t\u1ebf (M\u00e3 ng\u00e0nh: 7340120)<\/div>\n\n                                                <a class=\"card-desc\" href=\"https:\/\/www.hoasen.edu.vn\/lgtmqt\/nganh-kinh-doanh-quoc-te\/\" target=\"_blank\">\n                Kh\u00e1m ph\u00e1 ch\u01b0\u01a1ng tr\u00ecnh \u0111\u00e0o t\u1ea1o                    <div class=\"card-button\">\u203a<\/div>\n                <\/a>\n                                             <\/div>\n    <\/div>\n        <div class=\"fy-card\">\n        <div class=\"card-image\">\n                            <img decoding=\"async\" src=\"https:\/\/www.hoasen.edu.vn\/lgtmqt\/wp-content\/uploads\/sites\/24\/2025\/08\/nga\u0300nh-Thu\u031bo\u031bng-ma\u0323i-die\u0323\u0302n-tu\u031b\u0309-kho\u0302ng-bi\u0323-AI-thay-the\u0302\u0301.jpg\" alt=\"Sinh vi\u00ean tham gia Workshop \u201cUnitour B\u1eaft nh\u1ecbp xu h\u01b0\u1edbng \u2013 D\u1eabn \u0111\u1ea7u t\u01b0\u01a1ng lai\u201d c\u1ee7a Hi\u1ec7p h\u1ed9i Th\u01b0\u01a1ng m\u1ea1i \u0111i\u1ec7n t\u1eed Vi\u1ec7t Nam\">\n                    <\/div>\n        <div class=\"card-content\">\n            <div class=\"card-title\">Ng\u00e0nh Th\u01b0\u01a1ng mai \u0111i\u1ec7n t\u1eed (M\u00e3 ng\u00e0nh: 7340122)<\/div>\n\n                                                <a class=\"card-desc\" href=\"https:\/\/www.hoasen.edu.vn\/lgtmqt\/nganh-thuong-mai-dien-tu\/\" target=\"_blank\">\n                Kh\u00e1m ph\u00e1 ch\u01b0\u01a1ng tr\u00ecnh \u0111\u00e0o t\u1ea1o                    <div class=\"card-button\">\u203a<\/div>\n                <\/a>\n                                             <\/div>\n    <\/div>\n        <div class=\"fy-card\">\n        <div class=\"card-image\">\n                            <img decoding=\"async\" src=\"https:\/\/www.hoasen.edu.vn\/lgtmqt\/wp-content\/uploads\/sites\/24\/2026\/02\/IMG_4882.jpg\" alt=\"\">\n                    <\/div>\n        <div class=\"card-content\">\n            <div class=\"card-title\">Kinh doanh tr\u1ef1c tuy\u1ebfn (M\u00e3 ng\u00e0nh: 7340122)<\/div>\n\n                                                <a class=\"card-desc\" href=\"https:\/\/www.hoasen.edu.vn\/lgtmqt\/kinh-doanh-truc-tuyen-thuong-mai-dien-tu\/\" target=\"_blank\">\n                Kh\u00e1m ph\u00e1 ch\u01b0\u01a1ng tr\u00ecnh \u0111\u00e0o t\u1ea1o                    <div class=\"card-button\">\u203a<\/div>\n                <\/a>\n                                             <\/div>\n    <\/div>\n        <div class=\"fy-card\">\n        <div class=\"card-image\">\n                            <img decoding=\"async\" src=\"https:\/\/www.hoasen.edu.vn\/lgtmqt\/wp-content\/uploads\/sites\/24\/2026\/03\/WANH6569.jpg\" alt=\"\">\n                    <\/div>\n        <div class=\"card-content\">\n            <div class=\"card-title\">Kinh t\u1ebf h\u00e0ng kh\u00f4ng th\u00f4ng minh (M\u00e3 ng\u00e0nh: 7340102)<\/div>\n\n                                                <a class=\"card-desc\" href=\"https:\/\/www.hoasen.edu.vn\/lgtmqt\/ct-kinh-te-hang-khong-thong-minh\/\" target=\"_blank\">\n                Kh\u00e1m ph\u00e1 ch\u01b0\u01a1ng tr\u00ecnh \u0111\u00e0o t\u1ea1o                    <div class=\"card-button\">\u203a<\/div>\n                <\/a>\n                                             <\/div>\n    <\/div>\n        <div class=\"fy-card\">\n        <div class=\"card-image\">\n                            <img decoding=\"async\" src=\"https:\/\/www.hoasen.edu.vn\/lgtmqt\/wp-content\/uploads\/sites\/24\/2026\/03\/sadsd.jpg\" alt=\"\">\n                    <\/div>\n        <div class=\"card-content\">\n            <div class=\"card-title\">Qu\u1ea3n tr\u1ecb tr\u1ea3i nghi\u1ec7m kh\u00e1ch h\u00e0ng s\u1ed1 (M\u00e3 ng\u00e0nh: 7340122)<\/div>\n\n                                                <a class=\"card-desc\" href=\"https:\/\/www.hoasen.edu.vn\/lgtmqt\/quan-tri-trai-nghiem-khach-hang-so-thuong-mai-dien-tu\/\" target=\"_blank\">\n                Kh\u00e1m ph\u00e1 ch\u01b0\u01a1ng tr\u00ecnh \u0111\u00e0o t\u1ea1o                    <div class=\"card-button\">\u203a<\/div>\n                <\/a>\n                                             <\/div>\n    <\/div>\n    <\/div>\n\n    \n<style>\n    \n.container:has(.faculty-edu){\nmax-width: 1312px;\npadding: 0 56px;\n}\n.container:has(.faculty-edu) h1.vc-headline--border-center {\n    text-align: left !important;\n    padding-top: 46px;\n    margin-bottom: 28px;\n}\n\n    .faculty-edu {\n      display: grid;\n      grid-template-columns: repeat(auto-fit, minmax(450px, 1fr));\n      gap: 20px;\n      margin-top: 20px;\n          max-width: 1200px;\n          margin: auto;\n    }\n\n    .faculty-edu .fy-card {\n    overflow: hidden;\n    background: linear-gradient(to bottom, #024DA1 184px, #Fff 184px);\n        box-shadow: 0px 4px 6px -2px #0A0D1208;\n        box-shadow: 0px 12px 16px -4px #0A0D1214;\n    }\n\n    .faculty-edu .card-image {\n     background: #e3e3e3;\n    position: relative;\n    height: 266px;\n    margin: 32px;\n    }\n    .faculty-edu .card-image img{\n     width: 100%;\n    object-fit: cover;\n    object-position: center;\n    height: 100%;\n    }\n    .faculty-edu .card-image::before {\n      content: \"\";\n      position: absolute;\n      top: 152px;\n        left: -32px;\n        width: 32px;\n        height: 16px;\n      background: url('https:\/\/www.hoasen.edu.vn\/wp-content\/themes\/ru-hsu\/assets\/faculty\/img\/icon-bg-faculty-edu-left.svg');\n    }\n    .faculty-edu .card-image::after {\n        content: \"\";\n        position: absolute;\n        top: 150px;\n        right: -32px;\n        width: 32px;\n        height: 32px;\n        background: url('https:\/\/www.hoasen.edu.vn\/wp-content\/themes\/ru-hsu\/assets\/faculty\/img\/icon-bg-faculty-edu-right.svg');\n    }\n\n    .faculty-edu .card-content {\n     padding: 0 16px 16px;\n    }\n\n    .faculty-edu .card-title {\n      font-weight: bold;\n      margin: 0 0 8px;\n      font-size: 20px;\n    }\n\n    .faculty-edu .card-desc {\n          font-size: 16px;\n      color: #333;\n      margin: 0 0 8px;\n          display: flex;\n    flex-direction: row;\n    justify-content: space-between;\n    align-items: center;\n    }\n\n    .faculty-edu .card-button {\n      text-align: right;\n    }\n\n    .faculty-edu .card-button {\n      display: inline-block;\n      width: 36px;\n      height: 28px;\n      background: #024DA1;\n      color: #fff;\n      text-align: center;\n      line-height: 24px;\n      text-decoration: none;\n      font-weight: bold;\n      border-right: 8px solid #009FE8;\n          font-size: 25px;\n    }\n\n    .faculty-edu .card-desc:hover .card-button{\n         background: #ed1c24;\n       }\n        .faculty-edu .card-desc:hover{\n            color: #024DA1;\n        }\n.faculty-edu .card-desc{\n    gap: 10px;\n}\n\n    @media only screen and (max-width: 1000px){\n        .container:has(.faculty-edu) {\n    padding: 0 40px;\n}\n    .faculty-edu {\n      display: grid;\n      grid-template-columns: repeat(auto-fit, minmax(320px, 1fr));\n      gap: 20px;\n    }\n    .faculty-edu .card-image{\n        height: 200px\n    }\n    .faculty-edu .fy-card {\n    background: linear-gradient(to bottom, #024DA1 118px, #Fff 118px);\n    }\n     .faculty-edu .card-image::after, .faculty-edu .card-image::before {\n        top: 85px;\n     }\n   }\n   @media only screen and (max-width: 768px){\n     .faculty-edu a.card-button{\n        font-size: 20px;\n     }\n     .faculty-edu .card-title{\n        font-size: 18px\n     }\n    .faculty-edu .card-desc {\n        font-size: 14px;\n    }\n    .container:has(.faculty-edu) h1.vc-headline--border-center {\n    text-align: left !important;\n    padding-top: 0;\n    margin-bottom: 16px;\n}\n.container:has(.faculty-edu) {\n    padding: 0 16px;\n}\n.faculty-edu .card-image{\n    margin: 16px;\n}\n.faculty-edu {\n        grid-template-columns: repeat(auto-fit, minmax(250px, 1fr));\n    }\n    .faculty-edu .card-image {\n        height: 150px;\n    }\n        .faculty-edu .card-image::after, .faculty-edu .card-image::before {\n        top: 101px;\n    }\n    .faculty-edu .card-image::after {\n    right: -16px;\n    width: 16px;\n    height: 100%;\n     background-repeat: no-repeat;\n    background-size: contain;\n}\nfaculty-edu .card-image::before {\n    left: -16px;\n    width: 16px;\n    height: 100%;\n        background-repeat: no-repeat;\n    background-size: contain;\n}\n   }\n  <\/style>\n\n<style>\r\n.vc-contact.position-relative {\r\n    display: none;\r\n}\r\n\t.vc-banner {\r\n    display: none;\r\n}\r\n\r\n\r\n<\/style>\r\n  \r\n\n","protected":false},"excerpt":{"rendered":"<p>Ch\u01b0\u01a1ng tr\u00ecnh \u0111\u00e0o t\u1ea1o t\u1ea1i Khoa Logistics \u2013 Th\u01b0\u01a1ng m\u1ea1i Qu\u1ed1c t\u1ebf g\u1ed3m ba ng\u00e0nh h\u1ecdc, \u0111\u01b0\u1ee3c thi\u1ebft k\u1ebf \u0111\u1ea1t chu\u1ea9n qu\u1ed1c t\u1ebf v\u00e0 b\u00e1m s\u00e1t nhu c\u1ea7u th\u1ef1c ti\u1ec5n c\u1ee7a th\u1ecb tr\u01b0\u1eddng.<\/p>\n","protected":false},"author":5427,"featured_media":9279,"parent":0,"menu_order":0,"comment_status":"closed","ping_status":"closed","template":"","meta":{"footnotes":""},"class_list":["post-8959","page","type-page","status-publish","has-post-thumbnail","hentry"],"acf":[],"_links":{"self":[{"href":"https:\/\/www.hoasen.edu.vn\/lgtmqt\/wp-json\/wp\/v2\/pages\/8959","targetHints":{"allow":["GET"]}}],"collection":[{"href":"https:\/\/www.hoasen.edu.vn\/lgtmqt\/wp-json\/wp\/v2\/pages"}],"about":[{"href":"https:\/\/www.hoasen.edu.vn\/lgtmqt\/wp-json\/wp\/v2\/types\/page"}],"author":[{"embeddable":true,"href":"https:\/\/www.hoasen.edu.vn\/lgtmqt\/wp-json\/wp\/v2\/users\/5427"}],"replies":[{"embeddable":true,"href":"https:\/\/www.hoasen.edu.vn\/lgtmqt\/wp-json\/wp\/v2\/comments?post=8959"}],"version-history":[{"count":7,"href":"https:\/\/www.hoasen.edu.vn\/lgtmqt\/wp-json\/wp\/v2\/pages\/8959\/revisions"}],"predecessor-version":[{"id":9914,"href":"https:\/\/www.hoasen.edu.vn\/lgtmqt\/wp-json\/wp\/v2\/pages\/8959\/revisions\/9914"}],"wp:featuredmedia":[{"embeddable":true,"href":"https:\/\/www.hoasen.edu.vn\/lgtmqt\/wp-json\/wp\/v2\/media\/9279"}],"wp:attachment":[{"href":"https:\/\/www.hoasen.edu.vn\/lgtmqt\/wp-json\/wp\/v2\/media?parent=8959"}],"curies":[{"name":"wp","href":"https:\/\/api.w.org\/{rel}","templated":true}]}}