{"id":4044,"date":"2025-07-28T09:05:55","date_gmt":"2025-07-28T02:05:55","guid":{"rendered":"https:\/\/www.hoasen.edu.vn\/khxh\/?page_id=4044"},"modified":"2026-01-09T09:47:05","modified_gmt":"2026-01-09T02:47:05","slug":"trai-nghiem-chuyen-nganh","status":"publish","type":"page","link":"https:\/\/www.hoasen.edu.vn\/khxh\/trai-nghiem-chuyen-nganh\/","title":{"rendered":"Tr\u1ea3i nghi\u1ec7m chuy\u00ean ng\u00e0nh"},"content":{"rendered":"\n<div class=\"wp-block-columns alignfull is-not-stacked-on-mobile block-faculty inf-center is-layout-flex wp-container-core-columns-is-layout-9d6595d7 wp-block-columns-is-layout-flex\">\n<div class=\"wp-block-column is-vertically-aligned-top fy-inf-bg-left is-layout-flow wp-block-column-is-layout-flow\" style=\"flex-basis:25%\"><div class=\"wp-block-image\">\n<figure class=\"alignleft size-large\"><img decoding=\"async\" src=\"https:\/\/www.hoasen.edu.vn\/wp-content\/themes\/ru-hsu\/assets\/faculty\/img\/Group_1000004021.svg\" alt=\"\"\/><\/figure>\n<\/div><\/div>\n\n\n\n<div class=\"wp-block-column is-vertically-aligned-center fy-inf-cnt is-layout-flow wp-block-column-is-layout-flow\" style=\"flex-basis:50%\">\n<h2 class=\"wp-block-heading has-text-align-center\" style=\"font-size:32px\">Tr\u1ea3i nghi\u1ec7m chuy\u00ean ng\u00e0nh<\/h2>\n\n\n\n<div style=\"height:24px\" aria-hidden=\"true\" class=\"wp-block-spacer\"><\/div>\n\n\n\n<p class=\"has-text-align-center has-text-color has-link-color has-medium-font-size wp-elements-4273f196cf6b02d011ca9bdeaf5d6493\" style=\"color:#4a5567\">T\u1ea1i Khoa Lu\u1eadt, ho\u1ea1t \u0111\u1ed9ng tr\u1ea3i nghi\u1ec7m chuy\u00ean ng\u00e0nh \u0111\u01b0\u1ee3c thi\u1ebft k\u1ebf th\u00f4ng qua c\u00e1c <strong>ph\u00f2ng th\u1ef1c h\u00e0nh m\u00f4 ph\u1ecfng<\/strong>, <strong>ho\u1ea1t \u0111\u1ed9ng t\u01b0 v\u1ea5n c\u1ed9ng \u0111\u1ed3ng<\/strong> v\u00e0 c\u00e1c <strong>c\u00e2u l\u1ea1c b\u1ed9 h\u1ecdc thu\u1eadt <\/strong>chuy\u00ean bi\u1ec7t. Sinh vi\u00ean \u0111\u01b0\u1ee3c ti\u1ebfp c\u1eadn c\u00e1c t\u00ecnh hu\u1ed1ng ph\u00e1p l\u00fd th\u1ef1c t\u1ebf, k\u1ef9 n\u0103ng tranh t\u1ee5ng, ho\u1eb7c tham gia tr\u1ecb li\u1ec7u gi\u1ea3 \u0111\u1ecbnh. Vi\u1ec7c h\u1ecdc \u0111i \u0111\u00f4i v\u1edbi h\u00e0nh kh\u00f4ng ch\u1ec9 gi\u00fap sinh vi\u00ean c\u1ee7ng c\u1ed1 ki\u1ebfn th\u1ee9c m\u00e0 c\u00f2n r\u00e8n luy\u1ec7n k\u1ef9 n\u0103ng m\u1ec1m \u2013 n\u1ec1n t\u1ea3ng v\u1eefng ch\u1eafc b\u01b0\u1edbc v\u00e0o th\u1ecb tr\u01b0\u1eddng lao \u0111\u1ed9ng.<\/p>\n<\/div>\n\n\n\n<div class=\"wp-block-column is-vertically-aligned-top fy-inf-bg-right is-layout-flow wp-block-column-is-layout-flow\" style=\"flex-basis:25%\"><div class=\"wp-block-image\">\n<figure class=\"alignright size-large\"><img decoding=\"async\" src=\"https:\/\/www.hoasen.edu.vn\/wp-content\/themes\/ru-hsu\/assets\/faculty\/img\/Group_1000004020.svg\" alt=\"\"\/><\/figure>\n<\/div><\/div>\n<\/div>\n\n\n<div class=\"block-faculty projects-student\">\n                        <div class=\"project-s-card\">\n                <div class=\"project-s-content\">\n                                            <h2>Ph\u00f2ng Th\u1ef1c h\u00e0nh Di\u1ec5n \u00e1n<\/h2>\n                                                                <div class=\"project-desc\">\n                            <p>Ph\u00f2ng Th\u1ef1c h\u00e0nh Di\u1ec5n \u00e1n \u0111\u01b0\u1ee3c thi\u1ebft k\u1ebf nh\u01b0 m\u1ed9t phi\u00ean t\u00f2a thu nh\u1ecf, cho ph\u00e9p sinh vi\u00ean ng\u00e0nh Lu\u1eadt, Lu\u1eadt Kinh t\u1ebf tr\u1ef1c ti\u1ebfp tr\u1ea3i nghi\u1ec7m quy tr\u00ecnh x\u00e9t x\u1eed th\u00f4ng qua vi\u1ec7c \u0111\u1ea3m nh\u1eadn c\u00e1c vai tr\u00f2: Th\u1ea9m ph\u00e1n, Ki\u1ec3m s\u00e1t vi\u00ean, Lu\u1eadt s\u01b0, Th\u01b0 k\u00fd t\u00f2a, B\u1ecb c\u00e1o&#8230; Qua c\u00e1c t\u00ecnh hu\u1ed1ng m\u00f4 ph\u1ecfng, sinh vi\u00ean \u0111\u01b0\u1ee3c r\u00e8n luy\u1ec7n t\u01b0 duy ph\u00e1p l\u00fd, k\u1ef9 n\u0103ng l\u1eadp lu\u1eadn \u2013 tranh t\u1ee5ng \u2013 ph\u1ea3n bi\u1ec7n d\u01b0\u1edbi s\u1ef1 h\u01b0\u1edbng d\u1eabn c\u00e1c gi\u1ea3ng vi\u00ean, lu\u1eadt s\u01b0 gi\u00e0u kinh nghi\u1ec7m.<\/p>\n                        <\/div>\n                                    <\/div>\n                <div class=\"project-s-image\">\n                                            <img decoding=\"async\" src=\"https:\/\/www.hoasen.edu.vn\/khxh\/wp-content\/uploads\/sites\/17\/2025\/07\/Nganh-Luat-HSU.jpg\" alt=\"Ph\u00f2ng Th\u1ef1c h\u00e0nh Di\u1ec5n \u00e1n\" \/>\n                                    <\/div>\n            <\/div>\n                    <div class=\"project-s-card\">\n                <div class=\"project-s-content\">\n                                            <h2>C\u00e2u l\u1ea1c b\u1ed9 Ph\u00e1p l\u00fd (LAWY Club)<\/h2>\n                                                                <div class=\"project-desc\">\n                            <article class=\"text-token-text-primary w-full focus:outline-none scroll-mt-[calc(var(--header-height)+min(200px,max(70px,20svh)))]\" dir=\"auto\" tabindex=\"-1\" data-testid=\"conversation-turn-102\" data-scroll-anchor=\"true\" data-turn=\"assistant\">\n<div class=\"text-base my-auto mx-auto pb-10 [--thread-content-margin:--spacing(4)] @[37rem]:[--thread-content-margin:--spacing(6)] @[72rem]:[--thread-content-margin:--spacing(16)] px-(--thread-content-margin)\">\n<div class=\"[--thread-content-max-width:32rem] @[34rem]:[--thread-content-max-width:40rem] @[64rem]:[--thread-content-max-width:48rem] mx-auto max-w-(--thread-content-max-width) flex-1 group\/turn-messages focus-visible:outline-hidden relative flex w-full min-w-0 flex-col agent-turn\" tabindex=\"-1\">\n<div class=\"flex max-w-full flex-col grow\">\n<div class=\"min-h-8 text-message relative flex w-full flex-col items-end gap-2 text-start break-words whitespace-normal [.text-message+&amp;]:mt-5\" dir=\"auto\" data-message-author-role=\"assistant\" data-message-id=\"da3553c4-56d3-4b86-9c5c-c1f5e57310d0\" data-message-model-slug=\"gpt-4o\">\n<div class=\"flex w-full flex-col gap-1 empty:hidden first:pt-[3px]\">\n<div class=\"markdown prose dark:prose-invert w-full break-words light\">\n<p data-start=\"69\" data-end=\"531\" data-is-last-node=\"\" data-is-only-node=\"\">C\u00e2u l\u1ea1c b\u1ed9 Ph\u00e1p l\u00fd\u00a0l\u00e0 s\u00e2n ch\u01a1i h\u1ecdc thu\u1eadt d\u00e0nh cho sinh vi\u00ean y\u00eau th\u00edch l\u0129nh v\u1ef1c ph\u00e1p lu\u1eadt, n\u01a1i c\u00e1c b\u1ea1n \u0111\u01b0\u1ee3c r\u00e8n luy\u1ec7n t\u01b0 duy ph\u1ea3n bi\u1ec7n, k\u1ef9 n\u0103ng tranh bi\u1ec7n v\u00e0 gi\u1ea3i quy\u1ebft t\u00ecnh hu\u1ed1ng ph\u00e1p l\u00fd th\u00f4ng qua c\u00e1c bu\u1ed5i sinh ho\u1ea1t chuy\u00ean \u0111\u1ec1, phi\u00ean t\u00f2a gi\u1ea3 \u0111\u1ecbnh, t\u1ecda \u0111\u00e0m c\u00f9ng chuy\u00ean gia. LAWY Club kh\u00f4ng ch\u1ec9 gi\u00fap sinh vi\u00ean c\u1ee7ng c\u1ed1 ki\u1ebfn th\u1ee9c chuy\u00ean ng\u00e0nh m\u00e0 c\u00f2n m\u1edf r\u1ed9ng g\u00f3c nh\u00ecn ph\u00e1p l\u00fd trong c\u00e1c v\u1ea5n \u0111\u1ec1 x\u00e3 h\u1ed9i, g\u00f3p ph\u1ea7n h\u00ecnh th\u00e0nh b\u1ea3n l\u0129nh ngh\u1ec1 nghi\u1ec7p v\u1eefng v\u00e0ng.<\/p>\n<\/div>\n<\/div>\n<\/div>\n<\/div>\n<\/div>\n<\/div>\n<\/article>\n<div class=\"pointer-events-none h-px w-px\" aria-hidden=\"true\" data-edge=\"true\"><\/div>\n                        <\/div>\n                                    <\/div>\n                <div class=\"project-s-image\">\n                                            <img decoding=\"async\" src=\"https:\/\/www.hoasen.edu.vn\/khxh\/wp-content\/uploads\/sites\/17\/2024\/10\/z5970334977541_d1b6153cc9233b8da237c919cc41778b.jpg\" alt=\"C\u00e2u l\u1ea1c b\u1ed9 Ph\u00e1p l\u00fd (LAWY Club)\" \/>\n                                    <\/div>\n            <\/div>\n            <\/div>\n\n\n\n\n<div class=\"block-faculty image-gallery-ps\">\n  <h2>H\u00ecnh \u1ea3nh<\/h2>\n\n  <div class=\"gallery-ps row-1\">\n          <div class=\"main-image\">\n        <img decoding=\"async\" src=\"https:\/\/www.hoasen.edu.vn\/khxh\/wp-content\/uploads\/sites\/17\/2025\/07\/Khoa-Luat-Tam-ly-HSU.jpg\" alt=\"\" style=\"aspect-ratio: 16 \/ 9;\">\n      <\/div>\n\n              <div class=\"gr-sub-img\">\n                      <div class=\"sub-image\">\n              <img decoding=\"async\" src=\"https:\/\/www.hoasen.edu.vn\/khxh\/wp-content\/uploads\/sites\/17\/2025\/07\/Cau-lac-bo-Hoa-Sen-Psy-up-1.jpg\" alt=\"\">\n            <\/div>\n                      <div class=\"sub-image\">\n              <img decoding=\"async\" src=\"https:\/\/www.hoasen.edu.vn\/khxh\/wp-content\/uploads\/sites\/17\/2025\/07\/yeu-lanh-lanh-du-11.jpg\" alt=\"[Y\u00eau l\u00e0nh l\u00e1nh d\u1eef m\u00f9a 2] Workshop Ng\u1ed3i xu\u1ed1ng v\u1edbi nh\u1eefng l\u1ed9n x\u1ed9n\">\n            <\/div>\n                  <\/div>\n            <\/div>\n\n      <div class=\"gallery-ps row-2\">\n              <div class=\"sub-image\">\n          <img decoding=\"async\" src=\"https:\/\/www.hoasen.edu.vn\/khxh\/wp-content\/uploads\/sites\/17\/2025\/07\/yeu-lanh-lanh-du-5-1.jpg\" alt=\"[Y\u00eau l\u00e0nh l\u00e1nh d\u1eef m\u00f9a 2] Workshop Y\u00eau m\u00ecnh \u0111\u00fang - H\u01b0\u1edbng m\u00ecnh tr\u00fang\">\n        <\/div>\n              <div class=\"sub-image\">\n          <img decoding=\"async\" src=\"https:\/\/www.hoasen.edu.vn\/khxh\/wp-content\/uploads\/sites\/17\/2025\/07\/Cau-lac-bo-Hoa-Sen-Psy-up-4.jpg\" alt=\"\">\n        <\/div>\n              <div class=\"sub-image\">\n          <img decoding=\"async\" src=\"https:\/\/www.hoasen.edu.vn\/khxh\/wp-content\/uploads\/sites\/17\/2025\/07\/Hoi-nghi-Nghien-cuu-Khoa-hoc-Sinh-vien-lan-thu-14-5-1.jpg\" alt=\"\">\n        <\/div>\n              <div class=\"sub-image\">\n          <img decoding=\"async\" src=\"https:\/\/www.hoasen.edu.vn\/khxh\/wp-content\/uploads\/sites\/17\/2025\/07\/Cau-lac-bo-Phap-ly-LAWY-Club.jpg\" alt=\"\">\n        <\/div>\n              <div class=\"sub-image\">\n          <img decoding=\"async\" src=\"https:\/\/www.hoasen.edu.vn\/khxh\/wp-content\/uploads\/sites\/17\/2025\/07\/Cau-lac-bo-Phap-ly-LAWY-Club-1.jpg\" alt=\"\">\n        <\/div>\n          <\/div>\n  <\/div>\n\n\n\n\n\n<div class=\"wp-block-columns alignfull are-vertically-aligned-top block-faculty fy-contact width-1200 is-layout-flex wp-container-core-columns-is-layout-9d6595d7 wp-block-columns-is-layout-flex\">\n<div class=\"wp-block-column is-vertically-aligned-top is-layout-flow wp-block-column-is-layout-flow\" style=\"flex-basis:30%\">\n<h2 class=\"wp-block-heading\" style=\"font-size:32px\">Li\u00ean h\u1ec7<\/h2>\n\n\n\n<p>C\u00e1c c\u00e2u l\u1ea1c b\u1ed9 Khoa Lu\u1eadt<\/p>\n<\/div>\n\n\n\n<div class=\"wp-block-column is-vertically-aligned-top is-layout-flow wp-block-column-is-layout-flow\" style=\"flex-basis:65%\" id=\"faculty-accordion\">\t\t<div id=\"block_d2af9232a84938d6cb09f6f15f6e3da4\" class=\"vc-accor\">\r\n\t\t\t\t\t\t\t<div class=\"vc-accor__item\">\r\n\t\t\t\t\t\t\t\t\t\t<input type=\"checkbox\" id=\"rdblock_d2af9232a84938d6cb09f6f15f6e3da4-1\" name=\"rd\">\r\n\t\t\t\t\t<label class=\"vc-accor__label d-block position-relative\" for=\"rdblock_d2af9232a84938d6cb09f6f15f6e3da4-1\">\r\n\t\t\t\t\t\t<span class=\"p-relative\">C\u00e2u l\u1ea1c b\u1ed9 Ph\u00e1p l\u00fd (LAWY Club)<\/span>\r\n\t\t\t\t\t\t<svg class=\"vc-icon position-absolute\"><use xlink:href=\"https:\/\/www.hoasen.edu.vn\/khxh\/wp-content\/themes\/ru-hsu\/assets\/img\/icons.svg#i-arrow-down\" \/><\/svg>\r\n\t\t\t\t\t<\/label>\r\n\t\t\t\t\t<div class=\"vc-accor__content\">\r\n\t\t\t\t\t\t<p><strong>Fanpage:<\/strong> <a href=\"https:\/\/www.facebook.com\/lawyclub.hsu\" target=\"_blank\" rel=\"noopener\">https:\/\/www.facebook.com\/lawyclub.hsu<\/a><\/p>\n<p><strong>Email:<\/strong> <a href=\"mailto:lawyclub@gmail.com\">lawyclub@gmail.com<\/a><\/p>\n<p>&nbsp;<\/p>\n\t\t\t\t\t<\/div>\r\n\t\t\t\t<\/div>\r\n\t\t\t\t\t<\/div>\r\n\t<\/div>\n<\/div>\n\n\n<p><style>\r\n.vc-contact.position-relative {\r\n    display: none;\r\n}\r\n\t.vc-banner {\r\n    display: none;\r\n}\r\n\r\n\r\n<\/style>\r\n  \r\n<br \/>\n<style>\r\n.vc-contact.position-relative {\r\n    display: none;\r\n}\r\ndiv#widFbWidget {\r\n    display: none;\r\n}\r\n.vc-footer__col.col-12.col-md-5.col-lg-5.col-xl-2.col-xxl-3 .row {\r\n    display: grid;\r\n    grid-template-columns: 50% 50%;\r\n}\r\n.row.vc-footer__row {\r\n    margin-top: 100px;\r\n}\r\nfooter#jsFooter {\r\n    position: relative;\r\n}\r\na.vc-footer__logo.d-none.d-xl-inline-block.mb-3 {\r\n    position: absolute;\r\n    top: 50px;\r\n}\r\n.row.vc-footer__row {\r\n    margin-top: 100px;\r\n    border-top: 1px solid #2564AC;\r\n    padding-top: 20px;\r\n}\r\n.vc-footer__hotline {\r\n    background: unset;\r\n    color: #fff;\r\n    font-size: 1.3rem;\r\n    margin-bottom: 10px;\r\n    padding: unset;\r\n}\r\n.vc-footer__hotline svg, .vc-footer__info svg {\r\n    display: none;\r\n}\r\n.vc-footer__hotline a {\r\n    font-size: 1.3rem;\r\n    font-weight: 100;\r\n}\r\n.vc-footer__info{\r\n    magrin-bottom: 5px\r\n}\r\n.vc-footer__col.col-12.col-md-5.col-lg-5.col-xl-2.col-xxl-3 {\r\n    width: 35%;\r\n}\r\n.vc-footer__col.col-12.col-md-9.col-lg-9.col-xl-6.col-xxl-6 {\r\n    width: 40%;\r\n}\r\n.vc-footer__col.col-12.col-md-5.col-lg-5.col-xl-2.col-xxl-3 .vc-footer__info {\r\n    width: max-content;\r\n}\r\n#faculty-accordion .vc-accor__item {\r\n    box-shadow: unset;\r\n    border-bottom: 1px solid #EFEEEF;\r\n    border-radius: unset;\r\n}\r\n#faculty-accordion .vc-accor__item input:checked+.vc-accor__label {\r\n    border: unset;\r\n    padding: unset;\r\n}\r\n\t#followHSU img {\r\n    width: 25px;\r\n}\r\n\tdiv#followHSU {\r\n    display: flex !important;\r\n\tflex-direction: column;\r\n    gap: 8px;\r\n}\r\n\tdiv#followHSU a {\r\n    color: white;\r\n    display: flex;\r\n    width: 150px;\r\n    gap: 12px;\r\n}\r\n\tnav.vc-footer__img.d-flex.flex-wrap.justify-content-between.align-items-center {\r\n    align-content: flex-start !important;\r\n}\r\n\t.vc-footer__col.col-12.col-md-7.col-lg-7.col-xl-3 {\r\n    display: flex;\r\n}\r\n\t.footet_faculty {\r\n    display: block !important;\r\n}\r\n<\/style><\/p>\n","protected":false},"excerpt":{"rendered":"<p>T\u1ea1i Khoa Lu\u1eadt \u2013 T\u00e2m l\u00fd, ho\u1ea1t \u0111\u1ed9ng tr\u1ea3i nghi\u1ec7m chuy\u00ean ng\u00e0nh \u0111\u01b0\u1ee3c thi\u1ebft k\u1ebf th\u00f4ng qua c\u00e1c ph\u00f2ng th\u1ef1c h\u00e0nh m\u00f4 ph\u1ecfng, ho\u1ea1t \u0111\u1ed9ng t\u01b0 v\u1ea5n c\u1ed9ng \u0111\u1ed3ng v\u00e0 c\u00e1c c\u00e2u l\u1ea1c b\u1ed9.<\/p>\n","protected":false},"author":5427,"featured_media":4474,"parent":0,"menu_order":0,"comment_status":"closed","ping_status":"closed","template":"page-templates\/home.php","meta":{"footnotes":""},"class_list":["post-4044","page","type-page","status-publish","has-post-thumbnail","hentry"],"acf":[],"_links":{"self":[{"href":"https:\/\/www.hoasen.edu.vn\/khxh\/wp-json\/wp\/v2\/pages\/4044","targetHints":{"allow":["GET"]}}],"collection":[{"href":"https:\/\/www.hoasen.edu.vn\/khxh\/wp-json\/wp\/v2\/pages"}],"about":[{"href":"https:\/\/www.hoasen.edu.vn\/khxh\/wp-json\/wp\/v2\/types\/page"}],"author":[{"embeddable":true,"href":"https:\/\/www.hoasen.edu.vn\/khxh\/wp-json\/wp\/v2\/users\/5427"}],"replies":[{"embeddable":true,"href":"https:\/\/www.hoasen.edu.vn\/khxh\/wp-json\/wp\/v2\/comments?post=4044"}],"version-history":[{"count":18,"href":"https:\/\/www.hoasen.edu.vn\/khxh\/wp-json\/wp\/v2\/pages\/4044\/revisions"}],"predecessor-version":[{"id":5118,"href":"https:\/\/www.hoasen.edu.vn\/khxh\/wp-json\/wp\/v2\/pages\/4044\/revisions\/5118"}],"wp:featuredmedia":[{"embeddable":true,"href":"https:\/\/www.hoasen.edu.vn\/khxh\/wp-json\/wp\/v2\/media\/4474"}],"wp:attachment":[{"href":"https:\/\/www.hoasen.edu.vn\/khxh\/wp-json\/wp\/v2\/media?parent=4044"}],"curies":[{"name":"wp","href":"https:\/\/api.w.org\/{rel}","templated":true}]}}