{"id":5,"date":"2023-12-13T15:40:37","date_gmt":"2023-12-13T08:40:37","guid":{"rendered":"https:\/\/www.hoasen.edu.vn\/htqt\/english\/"},"modified":"2024-04-16T17:25:55","modified_gmt":"2024-04-16T10:25:55","slug":"english","status":"publish","type":"page","link":"https:\/\/www.hoasen.edu.vn\/htqt\/en\/english\/","title":{"rendered":"Frontpage"},"content":{"rendered":"\t\t<div class=\"vc-banner position-relative\">\n\t\t\t<div class=\"swiper-container\" id=\"jsBanner\">\n\t\t\t\t<div class=\"swiper-wrapper\">\n\t\t\t\t\t\t\t\t\t\t\t<div class=\"swiper-slide\">\n\t\t\t\t\t\t\t<div class=\"vc-banner__item d-block p-relative\">\n\t\t\t\t\t\t\t\t\t\t\t\t\t\t\t\t\t\t\t\t\t\t\t\t<picture class=\"d-block\">\n\t\t\t\t\t\t\t\t\t\t\t\t\t\t\t\t\t\t\t\t\t\t\t\t\t\t\t\t\t\t\t\t\t\t\t\t\t\t\t\t\t\t\t\t\t\t\t\t\t\t\t\t\t\t\t<img loading=\"eager\" fetchpriority=\"high\" decoding=\"sync\" src=\"https:\/\/www.hoasen.edu.vn\/htqt\/wp-content\/uploads\/sites\/55\/2024\/02\/MAX8000.png\" alt=\"\" class=\"hsu-banner\">\n\t\t\t\t\t\t\t\t\t\t\t\t\t\t\t\t\t<\/picture>\n\t\t\t\t\t\t\t\t\n\t\t\t\t\t\t\t\t\t\t\t\t\t\t\t\t\t<div class=\"vc-banner__video position-absolute jsVideo\">\n\t\t\t\t\t\t\t\t\t\t<video playsinline=\"\" loop=\"\" muted=\"\" poster=\"https:\/\/www.hoasen.edu.vn\/htqt\/wp-content\/uploads\/sites\/55\/2024\/02\/MAX8000.png\">\n\t\t\t\t\t\t\t\t\t\t\t<source src=\"https:\/\/www.hoasen.edu.vn\/htqt\/wp-content\/uploads\/sites\/55\/2024\/02\/GIOI-THIEU-DH-HOA-SEN-ENG.mp4\" type=\"video\/mp4\">\n\t\t\t\t\t\t\t\t\t\t\tYour browser does not support the video tag or the file format of this video.\n\t\t\t\t\t\t\t\t\t\t<\/video>\n\t\t\t\t\t\t\t\t\t<\/div>\n\t\t\t\t\t\t\t\t\n\t\t\t\t\t\t\t\t\t\t\t\t\t\t\t\t\n\t\t\t\t\t\t\t\t\t\t\t\t\t\t\t\t\t<span class=\"vc-banner__btn position-absolute d-inline-block jsPlay\"><\/span>\n\t\t\t\t\t\t\t\t\t\t\t\t\t\t\t<\/div>\n\t\t\t\t\t\t<\/div>\n\t\t\t\t\t\t\t\t\t\t\t<div class=\"swiper-slide\">\n\t\t\t\t\t\t\t<div class=\"vc-banner__item d-block p-relative\">\n\t\t\t\t\t\t\t\t\t\t\t\t\t\t\t\t\t\t\t\t\t\t\t\t<picture class=\"d-block\">\n\t\t\t\t\t\t\t\t\t\t\t\t\t\t\t\t\t\t\t\t\t\t\t\t\t\t\t\t\t\t\t\t\t\t\t\t\t\t\t\t\t\t\t\t\t\t\t\t\t\t\t\t\t\t\t<img loading=\"eager\" fetchpriority=\"high\" decoding=\"sync\" src=\"https:\/\/www.hoasen.edu.vn\/htqt\/wp-content\/uploads\/sites\/55\/2024\/02\/GoGlobal_Web-26.png\" alt=\"\" class=\"hsu-banner\">\n\t\t\t\t\t\t\t\t\t\t\t\t\t\t\t\t\t<\/picture>\n\t\t\t\t\t\t\t\t\n\t\t\t\t\t\t\t\t\n\t\t\t\t\t\t\t\t\t\t\t\t\t\t\t\t\n\t\t\t\t\t\t\t\t\t\t\t\t\t\t\t<\/div>\n\t\t\t\t\t\t<\/div>\n\t\t\t\t\t\t\t\t\t<\/div>\n\t\t\t<\/div>\n\t\t\t<div class=\"swiper-pagination w-100 d-flex align-items-center justify-content-center jsPagination\"><\/div>\n\t\t<\/div>\n\t\n\n\t\t\t<!-- ================================================== -->\r\n\t\t\t<!-- NEWS & EVENTS -->\r\n\t\t\t<!-- ================================================== -->\r\n\t\t\t<div class=\"vc-card--educate position-relative news-event--bg_f1f1f1\">\r\n\t\t\t\t<div class=\"container position-relative\">\r\n\t\t\t\t\t<div class=\"row\">\r\n\t\t\t\t\t\t<div class=\"col-12 col-md-12 col-lg-12 col-xl-5 col-xxl-5 position-relative\">\r\n\t\t\t\t\t\t\t\t\t\t\t\t\t\t\t\t\t\t\t\t\t\t\t\t<h2 class=\"vc-headline--primary position-relative\">\r\n\t\t\t\t\t\t\t\t\t\t\t\t\t\t\t\t\t\t\t\t\tNews\t\t\t\t\t\t\t\t\t\t\t\t\t\t\t\t\t\t\t<\/h2>\r\n\t\t\t\t\t\t\t\t\t\t\t\t\t\t\t\t<div class=\"swiper-container\" id=\"jsCarouselBlog5\">\r\n\t\t\t\t\t\t\t\t\t<div class=\"swiper-wrapper\">\r\n\t\t\t\t\t\t\t\t\t\t\t\t\t\t\t\t\t\t\t\t\t<div class=\"swiper-slide\">\r\n\t\t\t\t\t\t\t\t\t\t\t\t<a class=\"vc-card__item d-block\" href=\"https:\/\/www.hoasen.edu.vn\/htqt\/en\/don-tiep-luxury-hotelschool-paris-tai-truong-dai-hoc-hoa-sen\/\">\r\n\t\t\t\t\t\t\t\t\t\t\t\t\t<div class=\"vc-card__avatar position-relative\">\r\n\t\t\t\t\t\t\t\t\t\t\t\t\t\t<img decoding=\"async\" class=\"position-absolute jsLazy\" src=\"https:\/\/www.hoasen.edu.vn\/htqt\/wp-content\/themes\/ru-hsu\/assets\/img\/pro\/common\/img-lazy.png\" data-src=\"https:\/\/www.hoasen.edu.vn\/htqt\/wp-content\/uploads\/sites\/55\/2024\/11\/z6028359452045_300fff5bd5c0ab7c856d88412ef77c4a-1.jpg\" alt=\"\">\t\t\t\t\t\t\t\t\t\t\t\t\t<\/div>\r\n\t\t\t\t\t\t\t\t\t\t\t\t\t<span class=\"vc-card__ttl d-block fw-bold\">Welcoming Luxury Hotelschool Paris to Hoa Sen University<\/span>\r\n\t\t\t\t\t\t\t\t\t\t\t\t\t<span class=\"vc-card__txt jsDot\" data-line=\"3\">On November 12, 2024, representatives from Hoa Sen University (HSU) hosted a meeting with leaders from Luxury Hotelschool Paris to explore expanded opportunities for cooperation in education and cultural exchange. The discussions covered various key topics, with a focus on mutually beneficial initiatives to enhance the educational experience and international exposure for students and faculty at both institutions. About Luxury Hotelschool Paris, France Luxury Hotelschool Paris, located in the heart of France, is a prestigious institution specializing in luxury hospitality management education. Renowned for its commitment to excellence, the school combines academic rigor with hands-on industry experience, preparing students for&#8230;<\/span>\r\n\t\t\t\t\t\t\t\t\t\t\t\t<\/a>\r\n\t\t\t\t\t\t\t\t\t\t\t<\/div>\r\n\t\t\t\t\t\t\t\t\t\t\t\t\t\t\t\t\t\t\t\t\t<div class=\"swiper-slide\">\r\n\t\t\t\t\t\t\t\t\t\t\t\t<a class=\"vc-card__item d-block\" href=\"https:\/\/www.hoasen.edu.vn\/htqt\/en\/strengthening-international-cooperation-hoa-sen-university-welcomes-sciences-po-paris-and-paris-school-of-luxury\/\">\r\n\t\t\t\t\t\t\t\t\t\t\t\t\t<div class=\"vc-card__avatar position-relative\">\r\n\t\t\t\t\t\t\t\t\t\t\t\t\t\t<img decoding=\"async\" class=\"position-absolute jsLazy\" src=\"https:\/\/www.hoasen.edu.vn\/htqt\/wp-content\/themes\/ru-hsu\/assets\/img\/pro\/common\/img-lazy.png\" data-src=\"https:\/\/www.hoasen.edu.vn\/htqt\/wp-content\/uploads\/sites\/55\/2024\/11\/z6021569506531_72fa60bfd7f15ade6442245f232c32kl-1.jpg\" alt=\"\">\t\t\t\t\t\t\t\t\t\t\t\t\t<\/div>\r\n\t\t\t\t\t\t\t\t\t\t\t\t\t<span class=\"vc-card__ttl d-block fw-bold\">Strengthening International Cooperation: Hoa Sen University Welcomes Sciences Po, Paris, and Paris School of Luxury<\/span>\r\n\t\t\t\t\t\t\t\t\t\t\t\t\t<span class=\"vc-card__txt jsDot\" data-line=\"3\">On November 11, 2024, Hoa Sen University (HSU) hosted two significant meetings to advance its partnerships with two prestigious global institutions from France: Sciences Po, Paris, and Paris School of Luxury. 1. Collaboration with Sciences Po, Paris Renowned worldwide for its excellence in political science and international relations, Sciences Po, Paris, was represented by Ms. Pauline Couteau, International Affairs Manager. The discussions focused on potential collaborations in student exchanges, research, and short-term training programs.Sciences Po expressed its interest in fostering academic exchange programs that enable students from both institutions to engage in diverse and enriching learning experiences. Dr. Ho Truc&#8230;<\/span>\r\n\t\t\t\t\t\t\t\t\t\t\t\t<\/a>\r\n\t\t\t\t\t\t\t\t\t\t\t<\/div>\r\n\t\t\t\t\t\t\t\t\t\t\t\t\t\t\t\t\t\t\t\t\t<div class=\"swiper-slide\">\r\n\t\t\t\t\t\t\t\t\t\t\t\t<a class=\"vc-card__item d-block\" href=\"https:\/\/www.hoasen.edu.vn\/htqt\/en\/2025-full-graduate-scholarship-at-baylor-university-usa\/\">\r\n\t\t\t\t\t\t\t\t\t\t\t\t\t<div class=\"vc-card__avatar position-relative\">\r\n\t\t\t\t\t\t\t\t\t\t\t\t\t\t<img decoding=\"async\" class=\"position-absolute jsLazy\" src=\"https:\/\/www.hoasen.edu.vn\/htqt\/wp-content\/themes\/ru-hsu\/assets\/img\/pro\/common\/img-lazy.png\" data-src=\"https:\/\/www.hoasen.edu.vn\/htqt\/wp-content\/uploads\/sites\/55\/2024\/11\/Baylor-Scholarship-Programs.jpg\" alt=\"\">\t\t\t\t\t\t\t\t\t\t\t\t\t<\/div>\r\n\t\t\t\t\t\t\t\t\t\t\t\t\t<span class=\"vc-card__ttl d-block fw-bold\">2025 Full Graduate Scholarship at Baylor University, USA<\/span>\r\n\t\t\t\t\t\t\t\t\t\t\t\t\t<span class=\"vc-card__txt jsDot\" data-line=\"3\">Baylor University, founded in 1845 and located in Waco, Texas, is a prestigious private Christian research institution known for its strong academic offerings in over 140 fields, including standout programs in business, nursing, and law. Recognized as an R1 research institution, Baylor excels in fields like environmental science, health, and social sciences. Its scenic 1,000-acre campus blends historic and modern architecture, and the university&#8217;s faith-based mission fosters a supportive and diverse community. Baylor also boasts a lively student life with numerous organizations and NCAA Division I athletics, particularly excelling in football and basketball. Who can Apply? The Fully Funded Baylor&#8230;<\/span>\r\n\t\t\t\t\t\t\t\t\t\t\t\t<\/a>\r\n\t\t\t\t\t\t\t\t\t\t\t<\/div>\r\n\t\t\t\t\t\t\t\t\t\t\t\t\t\t\t\t\t\t\t\t\t<div class=\"swiper-slide\">\r\n\t\t\t\t\t\t\t\t\t\t\t\t<a class=\"vc-card__item d-block\" href=\"https:\/\/www.hoasen.edu.vn\/htqt\/en\/hoa-sen-universitys-inspiring-participation-in-the-hybrid-mobility-and-discipline-language-culture-2024-program\/\">\r\n\t\t\t\t\t\t\t\t\t\t\t\t\t<div class=\"vc-card__avatar position-relative\">\r\n\t\t\t\t\t\t\t\t\t\t\t\t\t\t<img decoding=\"async\" class=\"position-absolute jsLazy\" src=\"https:\/\/www.hoasen.edu.vn\/htqt\/wp-content\/themes\/ru-hsu\/assets\/img\/pro\/common\/img-lazy.png\" data-src=\"https:\/\/www.hoasen.edu.vn\/htqt\/wp-content\/uploads\/sites\/55\/2024\/11\/1-2.png\" alt=\"\">\t\t\t\t\t\t\t\t\t\t\t\t\t<\/div>\r\n\t\t\t\t\t\t\t\t\t\t\t\t\t<span class=\"vc-card__ttl d-block fw-bold\">Hoa Sen University\u2019s Inspiring Participation in the Hybrid Mobility and Discipline Language &#038; Culture 2024 Program<\/span>\r\n\t\t\t\t\t\t\t\t\t\t\t\t\t<span class=\"vc-card__txt jsDot\" data-line=\"3\">Hoa Sen University (HSU) is thrilled to announce its participation in the prestigious Hybrid Mobility and Discipline Language (HBD) &amp; Culture 2024 program, hosted by P2A (Passage to ASEAN), which fosters cultural understanding and language skills among universities across ASEAN countries. This program provides a unique opportunity for students to immerse themselves in cultural and linguistic exploration, working alongside peers from various ASEAN nations. It celebrates the power of language and cultural heritage as bridges for cooperation and mutual respect among young professionals and academics in Southeast Asia. About the HMD Language &amp; Culture 2024 Program The HMD Language &amp;&#8230;<\/span>\r\n\t\t\t\t\t\t\t\t\t\t\t\t<\/a>\r\n\t\t\t\t\t\t\t\t\t\t\t<\/div>\r\n\t\t\t\t\t\t\t\t\t\t\t\t\t\t\t\t\t\t\t\t\t<div class=\"swiper-slide\">\r\n\t\t\t\t\t\t\t\t\t\t\t\t<a class=\"vc-card__item d-block\" href=\"https:\/\/www.hoasen.edu.vn\/htqt\/en\/opportunity-to-win-e8000-in-the-model-young-package-2024-design-competition-2\/\">\r\n\t\t\t\t\t\t\t\t\t\t\t\t\t<div class=\"vc-card__avatar position-relative\">\r\n\t\t\t\t\t\t\t\t\t\t\t\t\t\t<img decoding=\"async\" class=\"position-absolute jsLazy\" src=\"https:\/\/www.hoasen.edu.vn\/htqt\/wp-content\/themes\/ru-hsu\/assets\/img\/pro\/common\/img-lazy.png\" data-src=\"https:\/\/www.hoasen.edu.vn\/htqt\/wp-content\/uploads\/sites\/55\/2024\/08\/moedl.png\" alt=\"\">\t\t\t\t\t\t\t\t\t\t\t\t\t<\/div>\r\n\t\t\t\t\t\t\t\t\t\t\t\t\t<span class=\"vc-card__ttl d-block fw-bold\">Opportunity to Win \u20ac8,000 in the Model Young Package 2024 Design Competition<\/span>\r\n\t\t\t\t\t\t\t\t\t\t\t\t\t<span class=\"vc-card__txt jsDot\" data-line=\"3\">Who can participate in this competition? The competition is divided into two submission categories: Submissions will be assessed by a panel of design and packaging experts, with a focus on innovation, functionality, sustainability, and aesthetics. Finalists will be invited to an awards ceremony where the winners will be revealed. Winning designs will be featured, offering participants valuable recognition and exposure. Participation Benefits Timeline Visit the official website HERE. For more information about our initiatives and upcoming events, please visit our website and Facebook Fanpage [click&nbsp;Here].If you seek further details about our programs or wish to connect with us, feel free&#8230;<\/span>\r\n\t\t\t\t\t\t\t\t\t\t\t\t<\/a>\r\n\t\t\t\t\t\t\t\t\t\t\t<\/div>\r\n\t\t\t\t\t\t\t\t\t\t\t\t\t\t\t\t\t\t\t\t\t<div class=\"swiper-slide\">\r\n\t\t\t\t\t\t\t\t\t\t\t\t<a class=\"vc-card__item d-block\" href=\"https:\/\/www.hoasen.edu.vn\/htqt\/en\/the-wageningen-university-excellence-scholarship-programme-netherlands\/\">\r\n\t\t\t\t\t\t\t\t\t\t\t\t\t<div class=\"vc-card__avatar position-relative\">\r\n\t\t\t\t\t\t\t\t\t\t\t\t\t\t<img decoding=\"async\" class=\"position-absolute jsLazy\" src=\"https:\/\/www.hoasen.edu.vn\/htqt\/wp-content\/themes\/ru-hsu\/assets\/img\/pro\/common\/img-lazy.png\" data-src=\"https:\/\/www.hoasen.edu.vn\/htqt\/wp-content\/uploads\/sites\/55\/2024\/10\/Wageningen-University-and-Research.jpg\" alt=\"\">\t\t\t\t\t\t\t\t\t\t\t\t\t<\/div>\r\n\t\t\t\t\t\t\t\t\t\t\t\t\t<span class=\"vc-card__ttl d-block fw-bold\">The Wageningen University Excellence Scholarship Programme, Netherlands<\/span>\r\n\t\t\t\t\t\t\t\t\t\t\t\t\t<span class=\"vc-card__txt jsDot\" data-line=\"3\">The major aim of the Wageningen University Excellence Scholarship Programme is\u00a0mainly to attract excellent students from non-EU\/EEA countries\u00a0all over the world for a\u00a0master\u2019s programme with a potential of doing a PhD programme after their MSc graduation\u00a0either in Wageningen or elsewhere. With its reputation of being the\u00a0first Dutch university,\u00a0Wageningen University &amp; Research is an\u00a0international accredited Organization of the Netherlands and Flanders.\u00a0The university boost as a host for the large population of international\u00a0students from over 100 different countries. Wageningen University &amp; Research is one of the major university in Europe and one of the\u00a0best universities worldwide in the field of Life\u00a0\u00a0Sciences\u00a0thanks to&#8230;<\/span>\r\n\t\t\t\t\t\t\t\t\t\t\t\t<\/a>\r\n\t\t\t\t\t\t\t\t\t\t\t<\/div>\r\n\t\t\t\t\t\t\t\t\t\t\t\t\t\t\t\t\t\t\t<\/div>\r\n\t\t\t\t\t\t\t\t<\/div>\r\n\t\t\t\t\t\t\t\t<div class=\"swiper-button-next d-none d-lg-inline-flex jsNext\">\r\n\t\t\t\t\t\t\t\t\t<svg class=\"vc-icon\"><use xlink:href=\"https:\/\/www.hoasen.edu.vn\/htqt\/wp-content\/themes\/ru-hsu\/assets\/img\/icons.svg#i-arrow-right\" \/><\/svg>\r\n\t\t\t\t\t\t\t\t<\/div>\r\n\t\t\t\t\t\t\t\t<div class=\"swiper-button-prev d-none d-lg-inline-flex jsPrev\">\r\n\t\t\t\t\t\t\t\t\t<svg class=\"vc-icon\"><use xlink:href=\"https:\/\/www.hoasen.edu.vn\/htqt\/wp-content\/themes\/ru-hsu\/assets\/img\/icons.svg#i-arrow-left\" \/><\/svg>\r\n\t\t\t\t\t\t\t\t<\/div>\r\n\t\t\t\t\t\t\t\t<div class=\"swiper-pagination position-relative w-100 d-flex d-lg-none align-items-center justify-content-center jsPagination\"><\/div>\r\n\t\t\t\t\t\t\t\t\t\t\t\t\t<\/div>\r\n\r\n\t\t\t\t\t\t<div class=\"col-12 col-md-12 col-lg-12 col-xl-6 col-xxl-6 offset-xl-1 offset-xxl-1 d-none d-xl-block\">\r\n\t\t\t\t\t\t\t\t\t\t\t\t\t\t\t<h2 class=\"vc-headline--primary position-relative\">\r\n\t\t\t\t\t\t\t\t\t\t\t\t\t\t\t\t\t\t\tEvents\t\t\t\t\t\t\t\t\t\t\t\t\t\t\t\t\t<\/h2>\r\n\t\t\t\t\t\t\t\t\t\t\t\t\t\t\t\t\t\t\t\t\t\t<div class=\"vc-link--event\">\r\n\t\t\t\t\t\t\t\t\t\t\t\t\t\t\t\t\t\t\t<a class=\"d-flex align-items-center\" href=\"https:\/\/www.hoasen.edu.vn\/event\/hsga-learn-connect-ket-noi-phat-trien-gia-tri-ben-vung\/\">\r\n\t\t\t\t\t\t\t\t\t\t\t<em class=\"d-inline-block text-center\"><strong class=\"d-block\">18<\/strong>04<\/em>\r\n\t\t\t\t\t\t\t\t\t\t\t<span class=\"fw-bold\">HSGA Learn &amp; Connect: kh\u00f4ng gian k\u1ebft n\u1ed1i, ph\u00e1t tri\u1ec3n nh\u1eefng gi\u00e1 tr\u1ecb b\u1ec1n v\u1eefng trong h\u1ecdc t\u1eadp, s\u1ef1 nghi\u1ec7p<\/span>\r\n\t\t\t\t\t\t\t\t\t\t<\/a>\r\n\t\t\t\t\t\t\t\t\t\t\t\t\t\t\t\t\t\t\t<a class=\"d-flex align-items-center\" href=\"https:\/\/www.hoasen.edu.vn\/event\/kick-off-the-professional-financial-analyst-2026\/\">\r\n\t\t\t\t\t\t\t\t\t\t\t<em class=\"d-inline-block text-center\"><strong class=\"d-block\">18<\/strong>04<\/em>\r\n\t\t\t\t\t\t\t\t\t\t\t<span class=\"fw-bold\">Kick-off The Professional Financial Analyst 2026: Kh\u1edfi \u0111\u1ed9ng h\u00e0nh tr\u00ecnh chinh ph\u1ee5c l\u0129nh v\u1ef1c t\u00e0i ch\u00ednh \u2013 \u0111\u1ea7u t\u01b0<\/span>\r\n\t\t\t\t\t\t\t\t\t\t<\/a>\r\n\t\t\t\t\t\t\t\t\t\t\t\t\t\t\t\t\t\t\t<a class=\"d-flex align-items-center\" href=\"https:\/\/www.hoasen.edu.vn\/event\/tiec-sach-ngay-sach-van-hoa-doc-viet-nam-lan-thu-v\/\">\r\n\t\t\t\t\t\t\t\t\t\t\t<em class=\"d-inline-block text-center\"><strong class=\"d-block\">13<\/strong>04<\/em>\r\n\t\t\t\t\t\t\t\t\t\t\t<span class=\"fw-bold\">Ti\u1ec7c s\u00e1ch \u2013 Ng\u00e0y S\u00e1ch &amp; V\u0103n h\u00f3a \u0111\u1ecdc Vi\u1ec7t Nam 2026: S\u0103n s\u00e1ch hay, gi\u00e1 \u01b0u \u0111\u00e3i t\u1ea1i HSU<\/span>\r\n\t\t\t\t\t\t\t\t\t\t<\/a>\r\n\t\t\t\t\t\t\t\t\t\t\t\t\t\t\t\t\t\t\t<a class=\"d-flex align-items-center\" href=\"https:\/\/www.hoasen.edu.vn\/event\/co-so-du-lieu-wos-nen-tang-cho-nghien-cuu-khoa-hoc\/\">\r\n\t\t\t\t\t\t\t\t\t\t\t<em class=\"d-inline-block text-center\"><strong class=\"d-block\">16<\/strong>04<\/em>\r\n\t\t\t\t\t\t\t\t\t\t\t<span class=\"fw-bold\">C\u01a1 s\u1edf d\u1eef li\u1ec7u WoS \u2013 n\u1ec1n t\u1ea3ng cho nghi\u00ean c\u1ee9u khoa h\u1ecdc v\u00e0 n\u00e2ng t\u1ea7m qu\u1ed1c t\u1ebf<\/span>\r\n\t\t\t\t\t\t\t\t\t\t<\/a>\r\n\t\t\t\t\t\t\t\t\t\t\t\t\t\t\t\t\t\t\t<a class=\"d-flex align-items-center\" href=\"https:\/\/www.hoasen.edu.vn\/event\/tieng-han-tu-hangeul-den-co-hoi\/\">\r\n\t\t\t\t\t\t\t\t\t\t\t<em class=\"d-inline-block text-center\"><strong class=\"d-block\">11<\/strong>04<\/em>\r\n\t\t\t\t\t\t\t\t\t\t\t<span class=\"fw-bold\">Seminar \u201cL\u1ed9 tr\u00ecnh \u0111\u00e0o t\u1ea1o v\u00e0 \u0111\u1ecbnh h\u01b0\u1edbng ngh\u1ec1 nghi\u1ec7p ti\u1ebfng H\u00e0n: T\u1eeb Hangeul \u0111\u1ebfn c\u01a1 h\u1ed9i\u201d<\/span>\r\n\t\t\t\t\t\t\t\t\t\t<\/a>\r\n\t\t\t\t\t\t\t\t\t\t\t\t\t\t\t\t\t\t\t<a class=\"d-flex align-items-center\" href=\"https:\/\/www.hoasen.edu.vn\/event\/5-chuong-trinh-dao-tao-cong-nghiep-the-thao\/\">\r\n\t\t\t\t\t\t\t\t\t\t\t<em class=\"d-inline-block text-center\"><strong class=\"d-block\">10<\/strong>04<\/em>\r\n\t\t\t\t\t\t\t\t\t\t\t<span class=\"fw-bold\">L\u1ec5 c\u00f4ng b\u1ed1 5 ch\u01b0\u01a1ng tr\u00ecnh \u0111\u00e0o t\u1ea1o tr\u1ecdng \u0111i\u1ec3m l\u0129nh v\u1ef1c c\u00f4ng nghi\u1ec7p th\u1ec3 thao<\/span>\r\n\t\t\t\t\t\t\t\t\t\t<\/a>\r\n\t\t\t\t\t\t\t\t\t\t\t\t\t\t\t\t\t<\/div>\r\n\t\t\t\t\t\t\t\t\t\t\t\t\t<\/div>\r\n\t\t\t\t\t<\/div>\r\n\t\t\t\t<\/div>\r\n\t\t\t<\/div>\r\n\r\n\t\t\t<div class=\"d-block d-xl-none\">\r\n\t\t\t\t<div class=\"container\">\r\n\t\t\t\t\t\t\t\t\t\t\t<h2 class=\"vc-headline--primary position-relative\">Events<\/h2>\r\n\t\t\t\t\t\t\t\t\t\t\t\t\t\t\t\t<div class=\"vc-link--event\">\r\n\t\t\t\t\t\t\t\t\t\t\t\t\t\t\t<a class=\"d-flex align-items-center\" href=\"https:\/\/www.hoasen.edu.vn\/event\/hsga-learn-connect-ket-noi-phat-trien-gia-tri-ben-vung\/\">\r\n\t\t\t\t\t\t\t\t\t<em class=\"d-inline-block text-center\"><strong class=\"d-block\">18<\/strong>04<\/em>\r\n\t\t\t\t\t\t\t\t\t<span class=\"fw-bold\">HSGA Learn &amp; Connect: kh\u00f4ng gian k\u1ebft n\u1ed1i, ph\u00e1t tri\u1ec3n nh\u1eefng gi\u00e1 tr\u1ecb b\u1ec1n v\u1eefng trong h\u1ecdc t\u1eadp, s\u1ef1 nghi\u1ec7p<\/span>\r\n\t\t\t\t\t\t\t\t<\/a>\r\n\t\t\t\t\t\t\t\t\t\t\t\t\t\t\t<a class=\"d-flex align-items-center\" href=\"https:\/\/www.hoasen.edu.vn\/event\/kick-off-the-professional-financial-analyst-2026\/\">\r\n\t\t\t\t\t\t\t\t\t<em class=\"d-inline-block text-center\"><strong class=\"d-block\">18<\/strong>04<\/em>\r\n\t\t\t\t\t\t\t\t\t<span class=\"fw-bold\">Kick-off The Professional Financial Analyst 2026: Kh\u1edfi \u0111\u1ed9ng h\u00e0nh tr\u00ecnh chinh ph\u1ee5c l\u0129nh v\u1ef1c t\u00e0i ch\u00ednh \u2013 \u0111\u1ea7u t\u01b0<\/span>\r\n\t\t\t\t\t\t\t\t<\/a>\r\n\t\t\t\t\t\t\t\t\t\t\t\t\t\t\t<a class=\"d-flex align-items-center\" href=\"https:\/\/www.hoasen.edu.vn\/event\/tiec-sach-ngay-sach-van-hoa-doc-viet-nam-lan-thu-v\/\">\r\n\t\t\t\t\t\t\t\t\t<em class=\"d-inline-block text-center\"><strong class=\"d-block\">13<\/strong>04<\/em>\r\n\t\t\t\t\t\t\t\t\t<span class=\"fw-bold\">Ti\u1ec7c s\u00e1ch \u2013 Ng\u00e0y S\u00e1ch &amp; V\u0103n h\u00f3a \u0111\u1ecdc Vi\u1ec7t Nam 2026: S\u0103n s\u00e1ch hay, gi\u00e1 \u01b0u \u0111\u00e3i t\u1ea1i HSU<\/span>\r\n\t\t\t\t\t\t\t\t<\/a>\r\n\t\t\t\t\t\t\t\t\t\t\t\t\t\t\t<a class=\"d-flex align-items-center\" href=\"https:\/\/www.hoasen.edu.vn\/event\/co-so-du-lieu-wos-nen-tang-cho-nghien-cuu-khoa-hoc\/\">\r\n\t\t\t\t\t\t\t\t\t<em class=\"d-inline-block text-center\"><strong class=\"d-block\">16<\/strong>04<\/em>\r\n\t\t\t\t\t\t\t\t\t<span class=\"fw-bold\">C\u01a1 s\u1edf d\u1eef li\u1ec7u WoS \u2013 n\u1ec1n t\u1ea3ng cho nghi\u00ean c\u1ee9u khoa h\u1ecdc v\u00e0 n\u00e2ng t\u1ea7m qu\u1ed1c t\u1ebf<\/span>\r\n\t\t\t\t\t\t\t\t<\/a>\r\n\t\t\t\t\t\t\t\t\t\t\t\t\t\t\t<a class=\"d-flex align-items-center\" href=\"https:\/\/www.hoasen.edu.vn\/event\/tieng-han-tu-hangeul-den-co-hoi\/\">\r\n\t\t\t\t\t\t\t\t\t<em class=\"d-inline-block text-center\"><strong class=\"d-block\">11<\/strong>04<\/em>\r\n\t\t\t\t\t\t\t\t\t<span class=\"fw-bold\">Seminar \u201cL\u1ed9 tr\u00ecnh \u0111\u00e0o t\u1ea1o v\u00e0 \u0111\u1ecbnh h\u01b0\u1edbng ngh\u1ec1 nghi\u1ec7p ti\u1ebfng H\u00e0n: T\u1eeb Hangeul \u0111\u1ebfn c\u01a1 h\u1ed9i\u201d<\/span>\r\n\t\t\t\t\t\t\t\t<\/a>\r\n\t\t\t\t\t\t\t\t\t\t\t\t\t\t\t<a class=\"d-flex align-items-center\" href=\"https:\/\/www.hoasen.edu.vn\/event\/5-chuong-trinh-dao-tao-cong-nghiep-the-thao\/\">\r\n\t\t\t\t\t\t\t\t\t<em class=\"d-inline-block text-center\"><strong class=\"d-block\">10<\/strong>04<\/em>\r\n\t\t\t\t\t\t\t\t\t<span class=\"fw-bold\">L\u1ec5 c\u00f4ng b\u1ed1 5 ch\u01b0\u01a1ng tr\u00ecnh \u0111\u00e0o t\u1ea1o tr\u1ecdng \u0111i\u1ec3m l\u0129nh v\u1ef1c c\u00f4ng nghi\u1ec7p th\u1ec3 thao<\/span>\r\n\t\t\t\t\t\t\t\t<\/a>\r\n\t\t\t\t\t\t\t\t\t\t\t\t\t<\/div>\r\n\t\t\t\t\t\t\t\t\t<\/div>\r\n\t\t\t<\/div>\r\n\t\t","protected":false},"excerpt":{"rendered":"","protected":false},"author":38,"featured_media":0,"parent":0,"menu_order":0,"comment_status":"closed","ping_status":"closed","template":"page-templates\/home.php","meta":{"footnotes":""},"class_list":["post-5","page","type-page","status-publish","hentry"],"acf":[],"_links":{"self":[{"href":"https:\/\/www.hoasen.edu.vn\/htqt\/wp-json\/wp\/v2\/pages\/5","targetHints":{"allow":["GET"]}}],"collection":[{"href":"https:\/\/www.hoasen.edu.vn\/htqt\/wp-json\/wp\/v2\/pages"}],"about":[{"href":"https:\/\/www.hoasen.edu.vn\/htqt\/wp-json\/wp\/v2\/types\/page"}],"author":[{"embeddable":true,"href":"https:\/\/www.hoasen.edu.vn\/htqt\/wp-json\/wp\/v2\/users\/38"}],"replies":[{"embeddable":true,"href":"https:\/\/www.hoasen.edu.vn\/htqt\/wp-json\/wp\/v2\/comments?post=5"}],"version-history":[{"count":9,"href":"https:\/\/www.hoasen.edu.vn\/htqt\/wp-json\/wp\/v2\/pages\/5\/revisions"}],"predecessor-version":[{"id":491,"href":"https:\/\/www.hoasen.edu.vn\/htqt\/wp-json\/wp\/v2\/pages\/5\/revisions\/491"}],"wp:attachment":[{"href":"https:\/\/www.hoasen.edu.vn\/htqt\/wp-json\/wp\/v2\/media?parent=5"}],"curies":[{"name":"wp","href":"https:\/\/api.w.org\/{rel}","templated":true}]}}