{"id":1564,"date":"2024-01-26T15:00:26","date_gmt":"2024-01-26T08:00:26","guid":{"rendered":"https:\/\/www.hoasen.edu.vn\/dtdh\/?page_id=1564"},"modified":"2025-07-07T14:47:50","modified_gmt":"2025-07-07T07:47:50","slug":"lien-he","status":"publish","type":"page","link":"https:\/\/www.hoasen.edu.vn\/dtdh\/gioi-thieu\/lien-he\/","title":{"rendered":"Li\u00ean h\u1ec7"},"content":{"rendered":"\n<p><strong>Th\u00f4ng tin li\u00ean h\u1ec7<\/strong>:<\/p>\n\n\n\n<p>Ph\u00f2ng \u0110\u00e0o t\u1ea1o \u0110\u1ea1i h\u1ecdc <\/p>\n\n\n\n<p>Tel: (028) 73091991 &#8211; Ext: 4682\/4925\/4890\/4843<\/p>\n\n\n\n<p>Ph\u00f2ng: 103 \u2013 Tr\u1ee5 s\u1edf ch\u00ednh Nguy\u1ec5n V\u0103n Tr\u00e1ng, s\u1ed1 8 Nguy\u1ec5n V\u0103n Tr\u00e1ng, Ph\u01b0\u1eddng B\u1ebfn Th\u00e0nh, Tp. H\u1ed3 Ch\u00ed Minh<\/p>\n\n\n\n<p>Ph\u00f2ng: 101 \u2013 c\u01a1 s\u1edf Th\u00e0nh Th\u00e1i, 7\/1 Th\u00e0nh Th\u00e1i, ph\u01b0\u1eddng Di\u00ean H\u1ed3ng, Tp. H\u1ed3 Ch\u00ed Minh<\/p>\n\n\n\n<p>Ph\u00f2ng: 205 \u2013 c\u01a1 s\u1edf Cao Th\u1eafng, 93 Cao Th\u1eafng, Ph\u01b0\u1eddng B\u00e0n C\u1edd, Tp. H\u1ed3 Ch\u00ed Minh<\/p>\n\n\n\n<p>Ph\u00f2ng: 003 \u2013 c\u01a1 s\u1edf Quang Trung, L\u00f4 10, \u0111\u01b0\u1eddng s\u1ed1 3, C\u00f4ng Vi\u00ean Ph\u1ea7n M\u1ec1m Quang Trung, Ph\u01b0\u1eddng Trung M\u1ef9 T\u00e2y, Tp. H\u1ed3 Ch\u00ed Minh<\/p>\n\n\n\n<p>Email:&nbsp;<a href=\"mailto:dtdh@hoasen.edu.vn\">dtdh@hoasen.edu.vn<\/a><\/p>\n","protected":false},"excerpt":{"rendered":"<p>Th\u00f4ng tin li\u00ean h\u1ec7: Ph\u00f2ng \u0110\u00e0o t\u1ea1o \u0110\u1ea1i h\u1ecdc Tel: (028) 73091991 &#8211; Ext: 4682\/4925\/4890\/4843 Ph\u00f2ng: 103 \u2013 Tr\u1ee5 s\u1edf ch\u00ednh Nguy\u1ec5n V\u0103n Tr\u00e1ng, s\u1ed1 8 Nguy\u1ec5n V\u0103n Tr\u00e1ng, Ph\u01b0\u1eddng B\u1ebfn Th\u00e0nh, Tp. H\u1ed3 Ch\u00ed Minh Ph\u00f2ng: 101 \u2013 c\u01a1 s\u1edf Th\u00e0nh Th\u00e1i, 7\/1 Th\u00e0nh Th\u00e1i, ph\u01b0\u1eddng Di\u00ean H\u1ed3ng, Tp. H\u1ed3 Ch\u00ed Minh Ph\u00f2ng: 205 \u2013 c\u01a1 s\u1edf Cao Th\u1eafng, 93 Cao Th\u1eafng, Ph\u01b0\u1eddng B\u00e0n C\u1edd, Tp. H\u1ed3 Ch\u00ed Minh Ph\u00f2ng: 003 \u2013 c\u01a1 s\u1edf Quang Trung, L\u00f4 10, \u0111\u01b0\u1eddng s\u1ed1 3, C\u00f4ng Vi\u00ean Ph\u1ea7n M\u1ec1m Quang Trung, Ph\u01b0\u1eddng Trung M\u1ef9 T\u00e2y, Tp. H\u1ed3 Ch\u00ed Minh Email:&nbsp;dtdh@hoasen.edu.vn<\/p>\n","protected":false},"author":38,"featured_media":0,"parent":20,"menu_order":3,"comment_status":"closed","ping_status":"closed","template":"","meta":{"footnotes":""},"class_list":["post-1564","page","type-page","status-publish","hentry"],"acf":[],"_links":{"self":[{"href":"https:\/\/www.hoasen.edu.vn\/dtdh\/wp-json\/wp\/v2\/pages\/1564","targetHints":{"allow":["GET"]}}],"collection":[{"href":"https:\/\/www.hoasen.edu.vn\/dtdh\/wp-json\/wp\/v2\/pages"}],"about":[{"href":"https:\/\/www.hoasen.edu.vn\/dtdh\/wp-json\/wp\/v2\/types\/page"}],"author":[{"embeddable":true,"href":"https:\/\/www.hoasen.edu.vn\/dtdh\/wp-json\/wp\/v2\/users\/38"}],"replies":[{"embeddable":true,"href":"https:\/\/www.hoasen.edu.vn\/dtdh\/wp-json\/wp\/v2\/comments?post=1564"}],"version-history":[{"count":8,"href":"https:\/\/www.hoasen.edu.vn\/dtdh\/wp-json\/wp\/v2\/pages\/1564\/revisions"}],"predecessor-version":[{"id":3493,"href":"https:\/\/www.hoasen.edu.vn\/dtdh\/wp-json\/wp\/v2\/pages\/1564\/revisions\/3493"}],"up":[{"embeddable":true,"href":"https:\/\/www.hoasen.edu.vn\/dtdh\/wp-json\/wp\/v2\/pages\/20"}],"wp:attachment":[{"href":"https:\/\/www.hoasen.edu.vn\/dtdh\/wp-json\/wp\/v2\/media?parent=1564"}],"curies":[{"name":"wp","href":"https:\/\/api.w.org\/{rel}","templated":true}]}}