{"id":1542,"date":"2024-01-18T15:18:33","date_gmt":"2024-01-18T08:18:33","guid":{"rendered":"https:\/\/www.hoasen.edu.vn\/dtdh\/?page_id=1542"},"modified":"2026-02-02T14:59:51","modified_gmt":"2026-02-02T07:59:51","slug":"ho-so-mo-nganh","status":"publish","type":"page","link":"https:\/\/www.hoasen.edu.vn\/dtdh\/van-ban-bieu-mau\/ho-so-mo-nganh\/","title":{"rendered":"H\u1ed3 s\u01a1 m\u1edf ng\u00e0nh"},"content":{"rendered":"\n<h2 class=\"wp-block-heading\">Khoa C\u00f4ng ngh\u1ec7 th\u00f4ng tin<\/h2>\n\n\n\t\t<div id=\"block_3a857329037e248b5b65eb58b436a7a2\" class=\"vc-accor\">\r\n\t\t\t\t\t\t\t<div class=\"vc-accor__item\">\r\n\t\t\t\t\t\t\t\t\t\t<input type=\"checkbox\" id=\"rdblock_3a857329037e248b5b65eb58b436a7a2-1\" name=\"rd\">\r\n\t\t\t\t\t<label class=\"vc-accor__label d-block position-relative\" for=\"rdblock_3a857329037e248b5b65eb58b436a7a2-1\">\r\n\t\t\t\t\t\t<span class=\"p-relative\">Ng\u00e0nh Tr\u00ed tu\u1ec7 nh\u00e2n t\u1ea1o<\/span>\r\n\t\t\t\t\t\t<svg class=\"vc-icon position-absolute\"><use xlink:href=\"https:\/\/www.hoasen.edu.vn\/dtdh\/wp-content\/themes\/ru-hsu\/assets\/img\/icons.svg#i-arrow-down\" \/><\/svg>\r\n\t\t\t\t\t<\/label>\r\n\t\t\t\t\t<div class=\"vc-accor__content\">\r\n\t\t\t\t\t\t<ul>\n<li><a href=\"https:\/\/www.hoasen.edu.vn\/wp-content\/uploads\/2021\/12\/de_an_dang_ky_mo_nganh_tri_tue_nhan_tao.final_.pdf\">\u0110\u1ec1 \u00e1n \u0110\u0103ng k\u00fd m\u1edf ng\u00e0nh<\/a><\/li>\n<\/ul>\n\t\t\t\t\t<\/div>\r\n\t\t\t\t<\/div>\r\n\t\t\t\t\t\t\t<div class=\"vc-accor__item\">\r\n\t\t\t\t\t\t\t\t\t\t<input type=\"checkbox\" id=\"rdblock_3a857329037e248b5b65eb58b436a7a2-2\" name=\"rd\">\r\n\t\t\t\t\t<label class=\"vc-accor__label d-block position-relative\" for=\"rdblock_3a857329037e248b5b65eb58b436a7a2-2\">\r\n\t\t\t\t\t\t<span class=\"p-relative\">Ng\u00e0nh An ninh m\u1ea1ng<\/span>\r\n\t\t\t\t\t\t<svg class=\"vc-icon position-absolute\"><use xlink:href=\"https:\/\/www.hoasen.edu.vn\/dtdh\/wp-content\/themes\/ru-hsu\/assets\/img\/icons.svg#i-arrow-down\" \/><\/svg>\r\n\t\t\t\t\t<\/label>\r\n\t\t\t\t\t<div class=\"vc-accor__content\">\r\n\t\t\t\t\t\t<ul>\n<li><a href=\"https:\/\/www.hoasen.edu.vn\/dtdh\/wp-content\/uploads\/sites\/28\/2026\/02\/DE-AN-MO-NGANH-AN-NINH-MANG.pdf\">\u0110\u1ec1 \u00e1n \u0110\u0103ng k\u00fd m\u1edf ng\u00e0nh<\/a><\/li>\n<\/ul>\n\t\t\t\t\t<\/div>\r\n\t\t\t\t<\/div>\r\n\t\t\t\t\t<\/div>\r\n\t\n\n\n<h2 class=\"wp-block-heading\">Khoa Kinh t\u1ebf &#8211; Qu\u1ea3n tr\u1ecb<\/h2>\n\n\n\t\t<div id=\"block_6fc9b689524e655dec46f4864d4b797d\" class=\"vc-accor\">\r\n\t\t\t\t\t\t\t<div class=\"vc-accor__item\">\r\n\t\t\t\t\t\t\t\t\t\t<input type=\"checkbox\" id=\"rdblock_6fc9b689524e655dec46f4864d4b797d-1\" name=\"rd\">\r\n\t\t\t\t\t<label class=\"vc-accor__label d-block position-relative\" for=\"rdblock_6fc9b689524e655dec46f4864d4b797d-1\">\r\n\t\t\t\t\t\t<span class=\"p-relative\">Ng\u00e0nh Kinh t\u1ebf th\u1ec3 thao<\/span>\r\n\t\t\t\t\t\t<svg class=\"vc-icon position-absolute\"><use xlink:href=\"https:\/\/www.hoasen.edu.vn\/dtdh\/wp-content\/themes\/ru-hsu\/assets\/img\/icons.svg#i-arrow-down\" \/><\/svg>\r\n\t\t\t\t\t<\/label>\r\n\t\t\t\t\t<div class=\"vc-accor__content\">\r\n\t\t\t\t\t\t<ul>\n<li><a href=\"https:\/\/www.hoasen.edu.vn\/wp-content\/uploads\/2021\/12\/de_an_mo_nganh_kttt.pdf\">\u0110\u1ec1 \u00e1n \u0110\u0103ng k\u00fd m\u1edf ng\u00e0nh Kinh t\u1ebf th\u1ec3 thao<\/a><\/li>\n<\/ul>\n\t\t\t\t\t<\/div>\r\n\t\t\t\t<\/div>\r\n\t\t\t\t\t<\/div>\r\n\t\n\n\n<h2 class=\"wp-block-heading\">Khoa Logistics &#8211; Th\u01b0\u01a1ng m\u1ea1i qu\u1ed1c t\u1ebf<\/h2>\n\n\n\t\t<div id=\"block_f60c4a2e192331170aa8022c6da25932\" class=\"vc-accor\">\r\n\t\t\t\t\t\t\t<div class=\"vc-accor__item\">\r\n\t\t\t\t\t\t\t\t\t\t<input type=\"checkbox\" id=\"rdblock_f60c4a2e192331170aa8022c6da25932-1\" name=\"rd\">\r\n\t\t\t\t\t<label class=\"vc-accor__label d-block position-relative\" for=\"rdblock_f60c4a2e192331170aa8022c6da25932-1\">\r\n\t\t\t\t\t\t<span class=\"p-relative\">Ng\u00e0nh Th\u01b0\u01a1ng m\u1ea1i \u0111i\u1ec7n t\u1eed<\/span>\r\n\t\t\t\t\t\t<svg class=\"vc-icon position-absolute\"><use xlink:href=\"https:\/\/www.hoasen.edu.vn\/dtdh\/wp-content\/themes\/ru-hsu\/assets\/img\/icons.svg#i-arrow-down\" \/><\/svg>\r\n\t\t\t\t\t<\/label>\r\n\t\t\t\t\t<div class=\"vc-accor__content\">\r\n\t\t\t\t\t\t<ul>\n<li><a href=\"https:\/\/www.hoasen.edu.vn\/wp-content\/uploads\/2021\/12\/de_an_mo_nganh_tmdt.pdf\">\u0110\u1ec1 \u00e1n m\u1edf ng\u00e0nh Th\u01b0\u01a1ng m\u1ea1i \u0111i\u1ec7n t\u1eed<\/a><\/li>\n<\/ul>\n\t\t\t\t\t<\/div>\r\n\t\t\t\t<\/div>\r\n\t\t\t\t\t<\/div>\r\n\t\n\n\n<h2 class=\"wp-block-heading\">Khoa Lu\u1eadt &#8211; T\u00e2m l\u00fd<\/h2>\n\n\n\t\t<div id=\"block_0b3379e74dd4a8e54bc7034a0c2760ea\" class=\"vc-accor\">\r\n\t\t\t\t\t\t\t<div class=\"vc-accor__item\">\r\n\t\t\t\t\t\t\t\t\t\t<input type=\"checkbox\" id=\"rdblock_0b3379e74dd4a8e54bc7034a0c2760ea-1\" name=\"rd\">\r\n\t\t\t\t\t<label class=\"vc-accor__label d-block position-relative\" for=\"rdblock_0b3379e74dd4a8e54bc7034a0c2760ea-1\">\r\n\t\t\t\t\t\t<span class=\"p-relative\">Ng\u00e0nh Lu\u1eadt kinh t\u1ebf<\/span>\r\n\t\t\t\t\t\t<svg class=\"vc-icon position-absolute\"><use xlink:href=\"https:\/\/www.hoasen.edu.vn\/dtdh\/wp-content\/themes\/ru-hsu\/assets\/img\/icons.svg#i-arrow-down\" \/><\/svg>\r\n\t\t\t\t\t<\/label>\r\n\t\t\t\t\t<div class=\"vc-accor__content\">\r\n\t\t\t\t\t\t<ul>\n<li><a href=\"https:\/\/www.hoasen.edu.vn\/wp-content\/uploads\/2021\/12\/de_an_mo_nganh_luat_kt.pdf\">\u0110\u1ec1 \u00e1n \u0110\u0103ng k\u00fd m\u1edf ng\u00e0nh Lu\u1eadt kinh t\u1ebf<\/a><\/li>\n<\/ul>\n\t\t\t\t\t<\/div>\r\n\t\t\t\t<\/div>\r\n\t\t\t\t\t\t\t<div class=\"vc-accor__item\">\r\n\t\t\t\t\t\t\t\t\t\t<input type=\"checkbox\" id=\"rdblock_0b3379e74dd4a8e54bc7034a0c2760ea-2\" name=\"rd\">\r\n\t\t\t\t\t<label class=\"vc-accor__label d-block position-relative\" for=\"rdblock_0b3379e74dd4a8e54bc7034a0c2760ea-2\">\r\n\t\t\t\t\t\t<span class=\"p-relative\">Ng\u00e0nh Lu\u1eadt<\/span>\r\n\t\t\t\t\t\t<svg class=\"vc-icon position-absolute\"><use xlink:href=\"https:\/\/www.hoasen.edu.vn\/dtdh\/wp-content\/themes\/ru-hsu\/assets\/img\/icons.svg#i-arrow-down\" \/><\/svg>\r\n\t\t\t\t\t<\/label>\r\n\t\t\t\t\t<div class=\"vc-accor__content\">\r\n\t\t\t\t\t\t<ul>\n<li style=\"list-style-type: none\">\n<ul>\n<li><a href=\"https:\/\/www.hoasen.edu.vn\/dtdh\/wp-content\/uploads\/sites\/28\/2024\/02\/De-an-mo-nganh-Luat.pdf\">\u0110\u1ec1 \u00e1n \u0110\u0103ng k\u00fd m\u1edf ng\u00e0nh Lu\u1eadt<\/a><\/li>\n<\/ul>\n<\/li>\n<\/ul>\n<p>&nbsp;<\/p>\n\t\t\t\t\t<\/div>\r\n\t\t\t\t<\/div>\r\n\t\t\t\t\t\t\t<div class=\"vc-accor__item\">\r\n\t\t\t\t\t\t\t\t\t\t<input type=\"checkbox\" id=\"rdblock_0b3379e74dd4a8e54bc7034a0c2760ea-3\" name=\"rd\">\r\n\t\t\t\t\t<label class=\"vc-accor__label d-block position-relative\" for=\"rdblock_0b3379e74dd4a8e54bc7034a0c2760ea-3\">\r\n\t\t\t\t\t\t<span class=\"p-relative\">Ng\u00e0nh Lu\u1eadt Qu\u1ed1c t\u1ebf<\/span>\r\n\t\t\t\t\t\t<svg class=\"vc-icon position-absolute\"><use xlink:href=\"https:\/\/www.hoasen.edu.vn\/dtdh\/wp-content\/themes\/ru-hsu\/assets\/img\/icons.svg#i-arrow-down\" \/><\/svg>\r\n\t\t\t\t\t<\/label>\r\n\t\t\t\t\t<div class=\"vc-accor__content\">\r\n\t\t\t\t\t\t<ul>\n<li><a href=\"https:\/\/www.hoasen.edu.vn\/dtdh\/wp-content\/uploads\/sites\/28\/2025\/04\/De-an-mo-nganh-Luat-QT.pdf\">\u0110\u1ec1 \u00e1n \u0111\u0103ng k\u00fd m\u1edf ng\u00e0nh Lu\u1eadt Qu\u1ed1c t\u1ebf<\/a><\/li>\n<\/ul>\n\t\t\t\t\t<\/div>\r\n\t\t\t\t<\/div>\r\n\t\t\t\t\t<\/div>\r\n\t\n\n\n<h2 class=\"wp-block-heading\">Khoa Thi\u1ebft k\u1ebf &#8211; Ngh\u1ec7 thu\u1eadt<\/h2>\n\n\n\t\t<div id=\"block_91c67df34a8a052948486e0c3f5b053d\" class=\"vc-accor\">\r\n\t\t\t\t\t\t\t<div class=\"vc-accor__item\">\r\n\t\t\t\t\t\t\t\t\t\t<input type=\"checkbox\" id=\"rdblock_91c67df34a8a052948486e0c3f5b053d-1\" name=\"rd\">\r\n\t\t\t\t\t<label class=\"vc-accor__label d-block position-relative\" for=\"rdblock_91c67df34a8a052948486e0c3f5b053d-1\">\r\n\t\t\t\t\t\t<span class=\"p-relative\">Ng\u00e0nh Ngh\u1ec7 thu\u1eadt s\u1ed1<\/span>\r\n\t\t\t\t\t\t<svg class=\"vc-icon position-absolute\"><use xlink:href=\"https:\/\/www.hoasen.edu.vn\/dtdh\/wp-content\/themes\/ru-hsu\/assets\/img\/icons.svg#i-arrow-down\" \/><\/svg>\r\n\t\t\t\t\t<\/label>\r\n\t\t\t\t\t<div class=\"vc-accor__content\">\r\n\t\t\t\t\t\t<ul>\n<li><a href=\"https:\/\/www.hoasen.edu.vn\/wp-content\/uploads\/2021\/12\/de_an_mo_nganh_nghe_thuat_so.pdf\">\u0110\u1ec1 \u00e1n \u0110\u0103ng k\u00fd m\u1edf ng\u00e0nh Ngh\u1ec7 thu\u1eadt s\u1ed1<\/a><\/li>\n<\/ul>\n\t\t\t\t\t<\/div>\r\n\t\t\t\t<\/div>\r\n\t\t\t\t\t\t\t<div class=\"vc-accor__item\">\r\n\t\t\t\t\t\t\t\t\t\t<input type=\"checkbox\" id=\"rdblock_91c67df34a8a052948486e0c3f5b053d-2\" name=\"rd\">\r\n\t\t\t\t\t<label class=\"vc-accor__label d-block position-relative\" for=\"rdblock_91c67df34a8a052948486e0c3f5b053d-2\">\r\n\t\t\t\t\t\t<span class=\"p-relative\">Ng\u00e0nh Phim<\/span>\r\n\t\t\t\t\t\t<svg class=\"vc-icon position-absolute\"><use xlink:href=\"https:\/\/www.hoasen.edu.vn\/dtdh\/wp-content\/themes\/ru-hsu\/assets\/img\/icons.svg#i-arrow-down\" \/><\/svg>\r\n\t\t\t\t\t<\/label>\r\n\t\t\t\t\t<div class=\"vc-accor__content\">\r\n\t\t\t\t\t\t<ul>\n<li><a href=\"https:\/\/www.hoasen.edu.vn\/dtdh\/wp-content\/uploads\/sites\/28\/2025\/04\/De-an-dang-ky-mo-nganh-Phim.pdf\">\u0110\u1ec1 \u00e1n \u0111\u0103ng k\u00fd m\u1edf ng\u00e0nh Phim<\/a><\/li>\n<\/ul>\n\t\t\t\t\t<\/div>\r\n\t\t\t\t<\/div>\r\n\t\t\t\t\t<\/div>\r\n\t\n\n\n<h2 class=\"wp-block-heading\">Khoa Du l\u1ecbch &#8211; Nh\u00e0 h\u00e0ng &#8211; Kh\u00e1ch s\u1ea1n<\/h2>\n\n\n\t\t<div id=\"block_6dd6170bc5148042de780f4bd31d9305\" class=\"vc-accor\">\r\n\t\t\t\t\t\t\t<div class=\"vc-accor__item\">\r\n\t\t\t\t\t\t\t\t\t\t<input type=\"checkbox\" id=\"rdblock_6dd6170bc5148042de780f4bd31d9305-1\" name=\"rd\">\r\n\t\t\t\t\t<label class=\"vc-accor__label d-block position-relative\" for=\"rdblock_6dd6170bc5148042de780f4bd31d9305-1\">\r\n\t\t\t\t\t\t<span class=\"p-relative\">Ng\u00e0nh Qu\u1ea3n tr\u1ecb s\u1ef1 ki\u1ec7n<\/span>\r\n\t\t\t\t\t\t<svg class=\"vc-icon position-absolute\"><use xlink:href=\"https:\/\/www.hoasen.edu.vn\/dtdh\/wp-content\/themes\/ru-hsu\/assets\/img\/icons.svg#i-arrow-down\" \/><\/svg>\r\n\t\t\t\t\t<\/label>\r\n\t\t\t\t\t<div class=\"vc-accor__content\">\r\n\t\t\t\t\t\t<ul>\n<li><a href=\"https:\/\/www.hoasen.edu.vn\/wp-content\/uploads\/2021\/12\/de_an_mo_nganh_quan_tri_su_kien.pdf\">\u0110\u1ec1 \u00e1n \u0110\u0103ng k\u00fd m\u1edf ng\u00e0nh Qu\u1ea3n tr\u1ecb s\u1ef1 ki\u1ec7n<\/a><\/li>\n<\/ul>\n\t\t\t\t\t<\/div>\r\n\t\t\t\t<\/div>\r\n\t\t\t\t\t<\/div>\r\n\t\n\n\n<h2 class=\"wp-block-heading\">Khoa T\u00e0i Ch\u00ednh &#8211; Ng\u00e2n H\u00e0ng<\/h2>\n\n\n\t\t<div id=\"block_8ad477c1a217ffac1f1f7faf4fa6fa5d\" class=\"vc-accor\">\r\n\t\t\t\t\t\t\t<div class=\"vc-accor__item\">\r\n\t\t\t\t\t\t\t\t\t\t<input type=\"checkbox\" id=\"rdblock_8ad477c1a217ffac1f1f7faf4fa6fa5d-1\" name=\"rd\">\r\n\t\t\t\t\t<label class=\"vc-accor__label d-block position-relative\" for=\"rdblock_8ad477c1a217ffac1f1f7faf4fa6fa5d-1\">\r\n\t\t\t\t\t\t<span class=\"p-relative\">Ng\u00e0nh C\u00f4ng ngh\u1ec7 T\u00e0i ch\u00ednh<\/span>\r\n\t\t\t\t\t\t<svg class=\"vc-icon position-absolute\"><use xlink:href=\"https:\/\/www.hoasen.edu.vn\/dtdh\/wp-content\/themes\/ru-hsu\/assets\/img\/icons.svg#i-arrow-down\" \/><\/svg>\r\n\t\t\t\t\t<\/label>\r\n\t\t\t\t\t<div class=\"vc-accor__content\">\r\n\t\t\t\t\t\t<p>&nbsp;<\/p>\n<ul>\n<li><a href=\"https:\/\/www.hoasen.edu.vn\/wp-content\/uploads\/2021\/12\/de_an_mo_nganh.pdf\">\u0110\u1ec1 \u00e1n m\u1edf ng\u00e0nh<\/a><\/li>\n<\/ul>\n\t\t\t\t\t<\/div>\r\n\t\t\t\t<\/div>\r\n\t\t\t\t\t\t\t<div class=\"vc-accor__item\">\r\n\t\t\t\t\t\t\t\t\t\t<input type=\"checkbox\" id=\"rdblock_8ad477c1a217ffac1f1f7faf4fa6fa5d-2\" name=\"rd\">\r\n\t\t\t\t\t<label class=\"vc-accor__label d-block position-relative\" for=\"rdblock_8ad477c1a217ffac1f1f7faf4fa6fa5d-2\">\r\n\t\t\t\t\t\t<span class=\"p-relative\">Ng\u00e0nh B\u1ea5t \u0111\u1ed9ng s\u1ea3n<\/span>\r\n\t\t\t\t\t\t<svg class=\"vc-icon position-absolute\"><use xlink:href=\"https:\/\/www.hoasen.edu.vn\/dtdh\/wp-content\/themes\/ru-hsu\/assets\/img\/icons.svg#i-arrow-down\" \/><\/svg>\r\n\t\t\t\t\t<\/label>\r\n\t\t\t\t\t<div class=\"vc-accor__content\">\r\n\t\t\t\t\t\t<ul>\n<li><a href=\"https:\/\/www.hoasen.edu.vn\/dtdh\/wp-content\/uploads\/sites\/28\/2025\/04\/De-an-dang-ky-mo-nganh-BDS.pdf\">\u0110\u1ec1 \u00e1n \u0110\u0103ng k\u00fd m\u1edf ng\u00e0nh B\u1ea5t \u0111\u1ed9ng s\u1ea3n<\/a><\/li>\n<\/ul>\n\t\t\t\t\t<\/div>\r\n\t\t\t\t<\/div>\r\n\t\t\t\t\t<\/div>\r\n\t\n\n\n<h2 class=\"wp-block-heading\">Khoa Marketing &#8211; Truy\u1ec1n th\u00f4ng<\/h2>\n\n\n\t\t<div id=\"block_7f74b57f1000426e298a08573635d4e2\" class=\"vc-accor\">\r\n\t\t\t\t\t\t\t<div class=\"vc-accor__item\">\r\n\t\t\t\t\t\t\t\t\t\t<input type=\"checkbox\" id=\"rdblock_7f74b57f1000426e298a08573635d4e2-1\" name=\"rd\">\r\n\t\t\t\t\t<label class=\"vc-accor__label d-block position-relative\" for=\"rdblock_7f74b57f1000426e298a08573635d4e2-1\">\r\n\t\t\t\t\t\t<span class=\"p-relative\">Ng\u00e0nh Digital Marketing<\/span>\r\n\t\t\t\t\t\t<svg class=\"vc-icon position-absolute\"><use xlink:href=\"https:\/\/www.hoasen.edu.vn\/dtdh\/wp-content\/themes\/ru-hsu\/assets\/img\/icons.svg#i-arrow-down\" \/><\/svg>\r\n\t\t\t\t\t<\/label>\r\n\t\t\t\t\t<div class=\"vc-accor__content\">\r\n\t\t\t\t\t\t<ul>\n<li><a href=\"https:\/\/www.hoasen.edu.vn\/wp-content\/uploads\/2021\/12\/de_an_dang_ky_mo_nganh_digital_marketing.final_.pdf\">\u0110\u1ec1 \u00e1n \u0110\u0103ng k\u00fd m\u1edf ng\u00e0nh<\/a><\/li>\n<\/ul>\n\t\t\t\t\t<\/div>\r\n\t\t\t\t<\/div>\r\n\t\t\t\t\t\t\t<div class=\"vc-accor__item\">\r\n\t\t\t\t\t\t\t\t\t\t<input type=\"checkbox\" id=\"rdblock_7f74b57f1000426e298a08573635d4e2-2\" name=\"rd\">\r\n\t\t\t\t\t<label class=\"vc-accor__label d-block position-relative\" for=\"rdblock_7f74b57f1000426e298a08573635d4e2-2\">\r\n\t\t\t\t\t\t<span class=\"p-relative\">Ng\u00e0nh Truy\u1ec1n th\u00f4ng \u0111a ph\u01b0\u01a1ng ti\u1ec7n<\/span>\r\n\t\t\t\t\t\t<svg class=\"vc-icon position-absolute\"><use xlink:href=\"https:\/\/www.hoasen.edu.vn\/dtdh\/wp-content\/themes\/ru-hsu\/assets\/img\/icons.svg#i-arrow-down\" \/><\/svg>\r\n\t\t\t\t\t<\/label>\r\n\t\t\t\t\t<div class=\"vc-accor__content\">\r\n\t\t\t\t\t\t<ul>\n<li><a href=\"https:\/\/www.hoasen.edu.vn\/dtdh\/wp-content\/uploads\/sites\/28\/2024\/02\/De-an-mo-nganh-TTDPT.pdf\">\u0110\u1ec1 \u00e1n \u0110\u0103ng k\u00fd m\u1edf ng\u00e0nh Truy\u1ec1n th\u00f4ng \u0111a ph\u01b0\u01a1ng ti\u1ec7n<\/a><\/li>\n<\/ul>\n\t\t\t\t\t<\/div>\r\n\t\t\t\t<\/div>\r\n\t\t\t\t\t\t\t<div class=\"vc-accor__item\">\r\n\t\t\t\t\t\t\t\t\t\t<input type=\"checkbox\" id=\"rdblock_7f74b57f1000426e298a08573635d4e2-3\" name=\"rd\">\r\n\t\t\t\t\t<label class=\"vc-accor__label d-block position-relative\" for=\"rdblock_7f74b57f1000426e298a08573635d4e2-3\">\r\n\t\t\t\t\t\t<span class=\"p-relative\">Ng\u00e0nh Quan h\u1ec7 c\u00f4ng ch\u00fang<\/span>\r\n\t\t\t\t\t\t<svg class=\"vc-icon position-absolute\"><use xlink:href=\"https:\/\/www.hoasen.edu.vn\/dtdh\/wp-content\/themes\/ru-hsu\/assets\/img\/icons.svg#i-arrow-down\" \/><\/svg>\r\n\t\t\t\t\t<\/label>\r\n\t\t\t\t\t<div class=\"vc-accor__content\">\r\n\t\t\t\t\t\t<ul>\n<li><a href=\"https:\/\/www.hoasen.edu.vn\/wp-content\/uploads\/2021\/12\/de_an_dang_ky_mo_nganh_quan_he_cong_chung.pdf\">\u0110\u1ec1 \u00e1n \u0110\u0103ng k\u00fd m\u1edf ng\u00e0nh<\/a><\/li>\n<\/ul>\n\t\t\t\t\t<\/div>\r\n\t\t\t\t<\/div>\r\n\t\t\t\t\t<\/div>\r\n\t\n\n\n<h2 class=\"wp-block-heading\">Khoa Ng\u00f4n ng\u1eef &#8211; V\u0103n h\u00f3a qu\u1ed1c t\u1ebf<\/h2>\n\n\n\t\t<div id=\"block_bab28a5554ece15ad720ef710b9e03c4\" class=\"vc-accor\">\r\n\t\t\t\t\t\t\t<div class=\"vc-accor__item\">\r\n\t\t\t\t\t\t\t\t\t\t<input type=\"checkbox\" id=\"rdblock_bab28a5554ece15ad720ef710b9e03c4-1\" name=\"rd\">\r\n\t\t\t\t\t<label class=\"vc-accor__label d-block position-relative\" for=\"rdblock_bab28a5554ece15ad720ef710b9e03c4-1\">\r\n\t\t\t\t\t\t<span class=\"p-relative\">Ng\u00e0nh Ng\u00f4n ng\u1eef Trung Qu\u1ed1c<\/span>\r\n\t\t\t\t\t\t<svg class=\"vc-icon position-absolute\"><use xlink:href=\"https:\/\/www.hoasen.edu.vn\/dtdh\/wp-content\/themes\/ru-hsu\/assets\/img\/icons.svg#i-arrow-down\" \/><\/svg>\r\n\t\t\t\t\t<\/label>\r\n\t\t\t\t\t<div class=\"vc-accor__content\">\r\n\t\t\t\t\t\t<ul>\n<li><a href=\"https:\/\/www.hoasen.edu.vn\/dtdh\/wp-content\/uploads\/sites\/28\/2024\/02\/De-an-mo-nganh-Ngon-ngu-Trung-quoc.pdf\">\u0110\u1ec1 \u00e1n \u0110\u0103ng k\u00fd m\u1edf ng\u00e0nh Ng\u00f4n ng\u1eef Trung Qu\u1ed1c<\/a><\/li>\n<\/ul>\n<p>&nbsp;<\/p>\n\t\t\t\t\t<\/div>\r\n\t\t\t\t<\/div>\r\n\t\t\t\t\t\t\t<div class=\"vc-accor__item\">\r\n\t\t\t\t\t\t\t\t\t\t<input type=\"checkbox\" id=\"rdblock_bab28a5554ece15ad720ef710b9e03c4-2\" name=\"rd\">\r\n\t\t\t\t\t<label class=\"vc-accor__label d-block position-relative\" for=\"rdblock_bab28a5554ece15ad720ef710b9e03c4-2\">\r\n\t\t\t\t\t\t<span class=\"p-relative\">Ng\u00e0nh Ng\u00f4n ng\u1eef H\u00e0n Qu\u1ed1c<\/span>\r\n\t\t\t\t\t\t<svg class=\"vc-icon position-absolute\"><use xlink:href=\"https:\/\/www.hoasen.edu.vn\/dtdh\/wp-content\/themes\/ru-hsu\/assets\/img\/icons.svg#i-arrow-down\" \/><\/svg>\r\n\t\t\t\t\t<\/label>\r\n\t\t\t\t\t<div class=\"vc-accor__content\">\r\n\t\t\t\t\t\t<ul>\n<li><a href=\"https:\/\/www.hoasen.edu.vn\/dtdh\/wp-content\/uploads\/sites\/28\/2025\/01\/De-an-mo-nganh.pdf\">\u0110\u1ec1 \u00e1n m\u1edf ng\u00e0nh<\/a><\/li>\n<\/ul>\n\t\t\t\t\t<\/div>\r\n\t\t\t\t<\/div>\r\n\t\t\t\t\t\t\t<div class=\"vc-accor__item\">\r\n\t\t\t\t\t\t\t\t\t\t<input type=\"checkbox\" id=\"rdblock_bab28a5554ece15ad720ef710b9e03c4-3\" name=\"rd\">\r\n\t\t\t\t\t<label class=\"vc-accor__label d-block position-relative\" for=\"rdblock_bab28a5554ece15ad720ef710b9e03c4-3\">\r\n\t\t\t\t\t\t<span class=\"p-relative\">Ng\u00e0nh Nh\u1eadt B\u1ea3n h\u1ecdc<\/span>\r\n\t\t\t\t\t\t<svg class=\"vc-icon position-absolute\"><use xlink:href=\"https:\/\/www.hoasen.edu.vn\/dtdh\/wp-content\/themes\/ru-hsu\/assets\/img\/icons.svg#i-arrow-down\" \/><\/svg>\r\n\t\t\t\t\t<\/label>\r\n\t\t\t\t\t<div class=\"vc-accor__content\">\r\n\t\t\t\t\t\t<ul>\n<li><a href=\"https:\/\/www.hoasen.edu.vn\/dtdh\/wp-content\/uploads\/sites\/28\/2025\/04\/De-an-dang-ky-mo-nganh-Nhat-Ban-hoc-1.pdf\">\u0110\u1ec1 \u00e1n \u0110\u0103ng k\u00fd m\u1edf ng\u00e0nh Nh\u1eadt B\u1ea3n h\u1ecdc)<\/a><\/li>\n<\/ul>\n\t\t\t\t\t<\/div>\r\n\t\t\t\t<\/div>\r\n\t\t\t\t\t<\/div>\r\n\t","protected":false},"excerpt":{"rendered":"<p>Khoa C\u00f4ng ngh\u1ec7 th\u00f4ng tin Khoa Kinh t\u1ebf &#8211; Qu\u1ea3n tr\u1ecb Khoa Logistics &#8211; Th\u01b0\u01a1ng m\u1ea1i qu\u1ed1c t\u1ebf Khoa Lu\u1eadt &#8211; T\u00e2m l\u00fd Khoa Thi\u1ebft k\u1ebf &#8211; Ngh\u1ec7 thu\u1eadt Khoa Du l\u1ecbch &#8211; Nh\u00e0 h\u00e0ng &#8211; Kh\u00e1ch s\u1ea1n Khoa T\u00e0i Ch\u00ednh &#8211; Ng\u00e2n H\u00e0ng Khoa Marketing &#8211; Truy\u1ec1n th\u00f4ng Khoa Ng\u00f4n ng\u1eef &#8211; V\u0103n h\u00f3a qu\u1ed1c t\u1ebf<\/p>\n","protected":false},"author":38,"featured_media":0,"parent":258,"menu_order":3,"comment_status":"closed","ping_status":"closed","template":"","meta":{"footnotes":""},"class_list":["post-1542","page","type-page","status-publish","hentry"],"acf":[],"_links":{"self":[{"href":"https:\/\/www.hoasen.edu.vn\/dtdh\/wp-json\/wp\/v2\/pages\/1542","targetHints":{"allow":["GET"]}}],"collection":[{"href":"https:\/\/www.hoasen.edu.vn\/dtdh\/wp-json\/wp\/v2\/pages"}],"about":[{"href":"https:\/\/www.hoasen.edu.vn\/dtdh\/wp-json\/wp\/v2\/types\/page"}],"author":[{"embeddable":true,"href":"https:\/\/www.hoasen.edu.vn\/dtdh\/wp-json\/wp\/v2\/users\/38"}],"replies":[{"embeddable":true,"href":"https:\/\/www.hoasen.edu.vn\/dtdh\/wp-json\/wp\/v2\/comments?post=1542"}],"version-history":[{"count":17,"href":"https:\/\/www.hoasen.edu.vn\/dtdh\/wp-json\/wp\/v2\/pages\/1542\/revisions"}],"predecessor-version":[{"id":5174,"href":"https:\/\/www.hoasen.edu.vn\/dtdh\/wp-json\/wp\/v2\/pages\/1542\/revisions\/5174"}],"up":[{"embeddable":true,"href":"https:\/\/www.hoasen.edu.vn\/dtdh\/wp-json\/wp\/v2\/pages\/258"}],"wp:attachment":[{"href":"https:\/\/www.hoasen.edu.vn\/dtdh\/wp-json\/wp\/v2\/media?parent=1542"}],"curies":[{"name":"wp","href":"https:\/\/api.w.org\/{rel}","templated":true}]}}