{"id":5849,"date":"2025-08-04T11:49:35","date_gmt":"2025-08-04T04:49:35","guid":{"rendered":"https:\/\/www.hoasen.edu.vn\/cntt\/?page_id=5849"},"modified":"2025-11-10T08:55:49","modified_gmt":"2025-11-10T01:55:49","slug":"doi-ngu-nhan-su","status":"publish","type":"page","link":"https:\/\/www.hoasen.edu.vn\/cntt\/en\/introduction\/doi-ngu-nhan-su\/","title":{"rendered":"\u0110\u1ed9i ng\u0169 nh\u00e2n s\u1ef1"},"content":{"rendered":"\n\n\n<div class=\"news-list-staff\">\n            <div class=\"news-item-s\">\n\t\t\t<div class=\"bg-i-s\">\n                            <img decoding=\"async\" src=\"https:\/\/www.hoasen.edu.vn\/cntt\/wp-content\/uploads\/sites\/18\/2025\/07\/Le-Dinh-Phong.png\" alt=\"\">\n                \t\t\t<div class=\"br-b-bg\"><\/div>\n\t\t\t<\/div>\n            <div class=\"news-content\">\n                <h3 class=\"name\">TS. L\u00ea \u0110\u00ecnh Phong<\/h3>\n                <p class=\"job\">Tr\u01b0\u1edfng khoa<\/p>\n\t\t\t\t<p><\/p>\n                <div class=\"cnt-s\"><div><strong>H\u1ecdc h\u00e0m \u2013 H\u1ecdc v\u1ecb:<\/strong> Ti\u1ebfn s\u0129<\/div>\n<div><strong>L\u0129nh v\u1ef1c:<\/strong> Robotics v\u00e0 Giao ti\u1ebfp Ng\u01b0\u1eddi \u2013 M\u00e1y<\/div>\n<div><strong>Email: <\/strong>phong.ledinh@hoasen.edu.vn<\/div>\n<\/div>\n            <\/div>\n        <\/div>\n            <div class=\"news-item-s\">\n\t\t\t<div class=\"bg-i-s\">\n                            <img decoding=\"async\" src=\"https:\/\/www.hoasen.edu.vn\/cntt\/wp-content\/uploads\/sites\/18\/2025\/07\/Pham-Hong-Thanh.png\" alt=\"\">\n                \t\t\t<div class=\"br-b-bg\"><\/div>\n\t\t\t<\/div>\n            <div class=\"news-content\">\n                <h3 class=\"name\">ThS. Ph\u1ea1m H\u1ed3ng Thanh<\/h3>\n                <p class=\"job\">Ph\u00f3 Tr\u01b0\u1edfng khoa<\/p>\n\t\t\t\t<p><\/p>\n                <div class=\"cnt-s\"><div><strong>H\u1ecdc h\u00e0m \u2013 H\u1ecdc v\u1ecb:<\/strong> Th\u1ea1c s\u0129<\/div>\n<div><strong>L\u0129nh v\u1ef1c:<\/strong> Khoa h\u1ecdc m\u00e1y t\u00ednh<\/div>\n<div><strong>Email: <\/strong>thanh.phamhong@hoasen.edu.vn<\/div>\n<\/div>\n            <\/div>\n        <\/div>\n            <div class=\"news-item-s\">\n\t\t\t<div class=\"bg-i-s\">\n                            <img decoding=\"async\" src=\"https:\/\/www.hoasen.edu.vn\/cntt\/wp-content\/uploads\/sites\/18\/2025\/07\/Trang-Hong-Son.png\" alt=\"\">\n                \t\t\t<div class=\"br-b-bg\"><\/div>\n\t\t\t<\/div>\n            <div class=\"news-content\">\n                <h3 class=\"name\">TS. Trang H\u1ed3ng S\u01a1n<\/h3>\n                <p class=\"job\">Gi\u00e1m \u0111\u1ed1c ch\u01b0\u01a1ng tr\u00ecnh<\/p>\n\t\t\t\t<p><\/p>\n                <div class=\"cnt-s\"><div><strong>H\u1ecdc h\u00e0m \u2013 H\u1ecdc v\u1ecb:<\/strong> Ti\u1ebfn s\u0129<\/div>\n<div><strong>L\u0129nh v\u1ef1c:<\/strong> C\u00f4ng ngh\u1ec7 th\u00f4ng tin<\/div>\n<div><strong>Email: <\/strong>son.tranghong@hoasen.edu.vn<\/div>\n<\/div>\n            <\/div>\n        <\/div>\n            <div class=\"news-item-s\">\n\t\t\t<div class=\"bg-i-s\">\n                            <img decoding=\"async\" src=\"https:\/\/www.hoasen.edu.vn\/cntt\/wp-content\/uploads\/sites\/18\/2025\/07\/Nguyen-Van-Son.png\" alt=\"\">\n                \t\t\t<div class=\"br-b-bg\"><\/div>\n\t\t\t<\/div>\n            <div class=\"news-content\">\n                <h3 class=\"name\">ThS. Nguy\u1ec5n V\u0103n S\u01a1n<\/h3>\n                <p class=\"job\">Gi\u00e1m \u0111\u1ed1c ch\u01b0\u01a1ng tr\u00ecnh<\/p>\n\t\t\t\t<p><\/p>\n                <div class=\"cnt-s\"><div><strong>H\u1ecdc h\u00e0m \u2013 H\u1ecdc v\u1ecb:<\/strong> Th\u1ea1c s\u0129<\/div>\n<div><strong>L\u0129nh v\u1ef1c:<\/strong> C\u00f4ng ngh\u1ec7 th\u00f4ng tin<\/div>\n<div><strong>Email: <\/strong>son.nguyenvan@hoasen.edu.vn<\/div>\n<\/div>\n            <\/div>\n        <\/div>\n            <div class=\"news-item-s\">\n\t\t\t<div class=\"bg-i-s\">\n                            <img decoding=\"async\" src=\"https:\/\/www.hoasen.edu.vn\/cntt\/wp-content\/uploads\/sites\/18\/2025\/09\/Bu\u0300i-Ngo\u0323c-Le\u0302.png\" alt=\"\">\n                \t\t\t<div class=\"br-b-bg\"><\/div>\n\t\t\t<\/div>\n            <div class=\"news-content\">\n                <h3 class=\"name\">ThS. B\u00f9i Ng\u1ecdc L\u00ea<\/h3>\n                <p class=\"job\">Gi\u00e1m \u0111\u1ed1c ch\u01b0\u01a1ng tr\u00ecnh<\/p>\n\t\t\t\t<p><\/p>\n                <div class=\"cnt-s\"><div><strong>H\u1ecdc h\u00e0m \u2013 H\u1ecdc v\u1ecb:<\/strong> Th\u1ea1c s\u0129<\/div>\n<div><strong>L\u0129nh v\u1ef1c:<\/strong> H\u1ec7 th\u1ed1ng th\u00f4ng tin<\/div>\n<div><strong>Email:<\/strong>\u00a0le.buingoc@hoasen.edu.vn<\/div>\n<\/div>\n            <\/div>\n        <\/div>\n            <div class=\"news-item-s\">\n\t\t\t<div class=\"bg-i-s\">\n                            <img decoding=\"async\" src=\"https:\/\/www.hoasen.edu.vn\/cntt\/wp-content\/uploads\/sites\/18\/2025\/07\/Nguyen-Thi-Thanh-Thanh.png\" alt=\"\">\n                \t\t\t<div class=\"br-b-bg\"><\/div>\n\t\t\t<\/div>\n            <div class=\"news-content\">\n                <h3 class=\"name\">ThS. Nguy\u1ec5n Th\u1ecb Thanh Thanh<\/h3>\n                <p class=\"job\">Gi\u00e1m \u0111\u1ed1c ch\u01b0\u01a1ng tr\u00ecnh<\/p>\n\t\t\t\t<p><\/p>\n                <div class=\"cnt-s\"><div><strong>H\u1ecdc h\u00e0m \u2013 H\u1ecdc v\u1ecb:<\/strong> Th\u1ea1c s\u0129<\/div>\n<div><strong>L\u0129nh v\u1ef1c:<\/strong> H\u1ec7 th\u1ed1ng th\u00f4ng tin qu\u1ea3n l\u00fd<\/div>\n<div><strong>Email: <\/strong>thanh.nguyenthithanh@hoasen.edu.vn<\/div>\n<\/div>\n            <\/div>\n        <\/div>\n            <div class=\"news-item-s\">\n\t\t\t<div class=\"bg-i-s\">\n                            <img decoding=\"async\" src=\"https:\/\/www.hoasen.edu.vn\/cntt\/wp-content\/uploads\/sites\/18\/2025\/07\/Loc-Duc-Huy.png\" alt=\"\">\n                \t\t\t<div class=\"br-b-bg\"><\/div>\n\t\t\t<\/div>\n            <div class=\"news-content\">\n                <h3 class=\"name\">ThS. L\u1ed9c \u0110\u1ee9c Huy<\/h3>\n                <p class=\"job\">Gi\u00e1m \u0111\u1ed1c ch\u01b0\u01a1ng tr\u00ecnh<\/p>\n\t\t\t\t<p><\/p>\n                <div class=\"cnt-s\"><div><strong>H\u1ecdc h\u00e0m \u2013 H\u1ecdc v\u1ecb:<\/strong> Th\u1ea1c s\u0129<\/div>\n<div><strong>L\u0129nh v\u1ef1c:<\/strong> M\u1ea1ng m\u00e1y t\u00ednh v\u00e0 truy\u1ec1n th\u00f4ng d\u1eef li\u1ec7u<\/div>\n<div><strong>Email: <\/strong>huy.locduc@hoasen.edu.vn<\/div>\n<\/div>\n            <\/div>\n        <\/div>\n            <div class=\"news-item-s\">\n\t\t\t<div class=\"bg-i-s\">\n                            <img decoding=\"async\" src=\"https:\/\/www.hoasen.edu.vn\/cntt\/wp-content\/uploads\/sites\/18\/2025\/08\/Nguyen-Thi-Thu-Du.png\" alt=\"\">\n                \t\t\t<div class=\"br-b-bg\"><\/div>\n\t\t\t<\/div>\n            <div class=\"news-content\">\n                <h3 class=\"name\">ThS. Nguy\u1ec5n Th\u1ecb Thu D\u1ef1<\/h3>\n                <p class=\"job\">Gi\u1ea3ng vi\u00ean<\/p>\n\t\t\t\t<p><\/p>\n                <div class=\"cnt-s\"><div><strong>H\u1ecdc h\u00e0m \u2013 H\u1ecdc v\u1ecb:<\/strong> Th\u1ea1c s\u0129<\/div>\n<div><strong>L\u0129nh v\u1ef1c:<\/strong> C\u00f4ng ngh\u1ec7 ph\u1ea7n m\u1ec1m, Grid Computing, BioInformatics<\/div>\n<div><strong>Email: <\/strong>du.nguyenthithu@hoasen.edu.vn<\/div>\n<\/div>\n            <\/div>\n        <\/div>\n            <div class=\"news-item-s\">\n\t\t\t<div class=\"bg-i-s\">\n                            <img decoding=\"async\" src=\"https:\/\/www.hoasen.edu.vn\/cntt\/wp-content\/uploads\/sites\/18\/2025\/08\/Vo-Thi-Thu-Ha.png\" alt=\"\">\n                \t\t\t<div class=\"br-b-bg\"><\/div>\n\t\t\t<\/div>\n            <div class=\"news-content\">\n                <h3 class=\"name\">ThS. V\u00f5 Th\u1ecb Thu H\u00e0<\/h3>\n                <p class=\"job\">Gi\u1ea3ng vi\u00ean<\/p>\n\t\t\t\t<p><\/p>\n                <div class=\"cnt-s\"><div><strong>H\u1ecdc h\u00e0m \u2013 H\u1ecdc v\u1ecb:<\/strong> Th\u1ea1c s\u0129<\/div>\n<div><strong>L\u0129nh v\u1ef1c:<\/strong> C\u00f4ng ngh\u1ec7 th\u00f4ng tin BioInformatics<\/div>\n<div><strong>Email: <\/strong>ha.vothithu@hoasen.edu.vn<\/div>\n<\/div>\n            <\/div>\n        <\/div>\n            <div class=\"news-item-s\">\n\t\t\t<div class=\"bg-i-s\">\n                            <img decoding=\"async\" src=\"https:\/\/www.hoasen.edu.vn\/cntt\/wp-content\/uploads\/sites\/18\/2025\/08\/Pham-Thi-Kim-Ngon.png\" alt=\"\">\n                \t\t\t<div class=\"br-b-bg\"><\/div>\n\t\t\t<\/div>\n            <div class=\"news-content\">\n                <h3 class=\"name\">ThS. Ph\u1ea1m Th\u1ecb Kim Ng\u00f4n<\/h3>\n                <p class=\"job\">Gi\u1ea3ng vi\u00ean<\/p>\n\t\t\t\t<p><\/p>\n                <div class=\"cnt-s\"><div><strong>H\u1ecdc h\u00e0m \u2013 H\u1ecdc v\u1ecb:<\/strong> Th\u1ea1c s\u0129<\/div>\n<div><strong>L\u0129nh v\u1ef1c: <\/strong>H\u1ec7 th\u1ed1ng th\u00f4ng tin<\/div>\n<div><strong>Email: <\/strong>ngon.phamthikim@hoasen.edu.vn<\/div>\n<\/div>\n            <\/div>\n        <\/div>\n            <div class=\"news-item-s\">\n\t\t\t<div class=\"bg-i-s\">\n                            <img decoding=\"async\" src=\"https:\/\/www.hoasen.edu.vn\/cntt\/wp-content\/uploads\/sites\/18\/2025\/08\/Tran-Thi-Truong-Thi.png\" alt=\"\">\n                \t\t\t<div class=\"br-b-bg\"><\/div>\n\t\t\t<\/div>\n            <div class=\"news-content\">\n                <h3 class=\"name\">ThS. Tr\u1ea7n Th\u1ecb Tr\u01b0\u1eddng Thi<\/h3>\n                <p class=\"job\">Gi\u1ea3ng vi\u00ean<\/p>\n\t\t\t\t<p><\/p>\n                <div class=\"cnt-s\"><div><strong>H\u1ecdc h\u00e0m \u2013 H\u1ecdc v\u1ecb:<\/strong> Th\u1ea1c s\u0129<\/div>\n<div><strong>L\u0129nh v\u1ef1c: <\/strong>C\u00f4ng ngh\u1ec7 th\u00f4ng tin<\/div>\n<div><strong>Email: <\/strong>thi.tranthitruong@hoasen.edu.vn<\/div>\n<\/div>\n            <\/div>\n        <\/div>\n            <div class=\"news-item-s\">\n\t\t\t<div class=\"bg-i-s\">\n                            <img decoding=\"async\" src=\"https:\/\/www.hoasen.edu.vn\/cntt\/wp-content\/uploads\/sites\/18\/2025\/08\/Nguyen-Phuong-Hoang.png\" alt=\"\">\n                \t\t\t<div class=\"br-b-bg\"><\/div>\n\t\t\t<\/div>\n            <div class=\"news-content\">\n                <h3 class=\"name\">ThS. Nguy\u1ec5n Ph\u01b0\u1ee3ng Ho\u00e0ng<\/h3>\n                <p class=\"job\">Gi\u1ea3ng vi\u00ean<\/p>\n\t\t\t\t<p><\/p>\n                <div class=\"cnt-s\"><div><strong>H\u1ecdc h\u00e0m \u2013 H\u1ecdc v\u1ecb:<\/strong> Th\u1ea1c s\u0129<\/div>\n<div><strong>L\u0129nh v\u1ef1c: <\/strong>K\u1ef9 thu\u1eadt ph\u1ea7n m\u1ec1m<\/div>\n<div><strong>Email: <\/strong>hoang.nguyenphuong@hoasen.edu.vn<\/div>\n<\/div>\n            <\/div>\n        <\/div>\n            <div class=\"news-item-s\">\n\t\t\t<div class=\"bg-i-s\">\n                            <img decoding=\"async\" src=\"https:\/\/www.hoasen.edu.vn\/cntt\/wp-content\/uploads\/sites\/18\/2025\/08\/Nguyen-Ba-Trung.png\" alt=\"\">\n                \t\t\t<div class=\"br-b-bg\"><\/div>\n\t\t\t<\/div>\n            <div class=\"news-content\">\n                <h3 class=\"name\">ThS. Nguy\u1ec5n B\u00e1 Trung<\/h3>\n                <p class=\"job\">Gi\u1ea3ng vi\u00ean<\/p>\n\t\t\t\t<p><\/p>\n                <div class=\"cnt-s\"><div><strong>H\u1ecdc h\u00e0m \u2013 H\u1ecdc v\u1ecb:<\/strong> Th\u1ea1c s\u0129<\/div>\n<div><strong>L\u0129nh v\u1ef1c: <\/strong>Khoa h\u1ecdc m\u00e1y tinh<\/div>\n<div><strong>Email: <\/strong>trung.nguyenba@hoasen.edu.vn<\/div>\n<\/div>\n            <\/div>\n        <\/div>\n            <div class=\"news-item-s\">\n\t\t\t<div class=\"bg-i-s\">\n                            <img decoding=\"async\" src=\"https:\/\/www.hoasen.edu.vn\/cntt\/wp-content\/uploads\/sites\/18\/2025\/08\/Nguyen-Ngoc-Tu.png\" alt=\"\">\n                \t\t\t<div class=\"br-b-bg\"><\/div>\n\t\t\t<\/div>\n            <div class=\"news-content\">\n                <h3 class=\"name\">ThS. Nguy\u1ec5n Ng\u1ecdc T\u00fa<\/h3>\n                <p class=\"job\">Gi\u1ea3ng vi\u00ean<\/p>\n\t\t\t\t<p><\/p>\n                <div class=\"cnt-s\"><div><strong>H\u1ecdc h\u00e0m \u2013 H\u1ecdc v\u1ecb:<\/strong> Th\u1ea1c s\u0129<\/div>\n<div><strong>L\u0129nh v\u1ef1c:<\/strong> K\u1ef9 thu\u1eadt ph\u1ea7n m\u1ec1m<\/div>\n<div><strong>Email: <\/strong>tu.nguyenngoc@hoasen.edu.vn<\/div>\n<\/div>\n            <\/div>\n        <\/div>\n            <div class=\"news-item-s\">\n\t\t\t<div class=\"bg-i-s\">\n                            <img decoding=\"async\" src=\"https:\/\/www.hoasen.edu.vn\/cntt\/wp-content\/uploads\/sites\/18\/2025\/08\/Phan-Hong-Trung.png\" alt=\"\">\n                \t\t\t<div class=\"br-b-bg\"><\/div>\n\t\t\t<\/div>\n            <div class=\"news-content\">\n                <h3 class=\"name\">ThS. Phan H\u1ed3ng Trung<\/h3>\n                <p class=\"job\">Gi\u1ea3ng vi\u00ean<\/p>\n\t\t\t\t<p><\/p>\n                <div class=\"cnt-s\"><div><strong>H\u1ecdc h\u00e0m \u2013 H\u1ecdc v\u1ecb:<\/strong> Th\u1ea1c s\u0129<\/div>\n<div><strong>L\u0129nh v\u1ef1c:<\/strong> C\u00f4ng ngh\u1ec7 th\u00f4ng tin<\/div>\n<div><strong>Email: <\/strong>trung.phanhong@hoasen.edu.vn<\/div>\n<\/div>\n            <\/div>\n        <\/div>\n            <div class=\"news-item-s\">\n\t\t\t<div class=\"bg-i-s\">\n                            <img decoding=\"async\" src=\"https:\/\/www.hoasen.edu.vn\/cntt\/wp-content\/uploads\/sites\/18\/2025\/08\/Vu-Dinh-Khoi.png\" alt=\"\">\n                \t\t\t<div class=\"br-b-bg\"><\/div>\n\t\t\t<\/div>\n            <div class=\"news-content\">\n                <h3 class=\"name\">ThS. V\u0169 \u0110\u00ecnh Kh\u00f4i<\/h3>\n                <p class=\"job\">Gi\u1ea3ng vi\u00ean<\/p>\n\t\t\t\t<p><\/p>\n                <div class=\"cnt-s\"><div><strong>H\u1ecdc h\u00e0m \u2013 H\u1ecdc v\u1ecb:<\/strong> Th\u1ea1c s\u0129<\/div>\n<div><strong>L\u0129nh v\u1ef1c:<\/strong> Khoa h\u1ecdc M\u00e1y t\u00ednh<\/div>\n<div><strong>Email: <\/strong>khoi.vudinh@hoasen.edu.vn<\/div>\n<\/div>\n            <\/div>\n        <\/div>\n            <div class=\"news-item-s\">\n\t\t\t<div class=\"bg-i-s\">\n                            <img decoding=\"async\" src=\"https:\/\/www.hoasen.edu.vn\/cntt\/wp-content\/uploads\/sites\/18\/2025\/08\/Nguyen-Thi-Thanh-Tam.png\" alt=\"\">\n                \t\t\t<div class=\"br-b-bg\"><\/div>\n\t\t\t<\/div>\n            <div class=\"news-content\">\n                <h3 class=\"name\">ThS. Nguy\u1ec5n Th\u1ecb Thanh T\u00e2m<\/h3>\n                <p class=\"job\">Gi\u1ea3ng vi\u00ean<\/p>\n\t\t\t\t<p><\/p>\n                <div class=\"cnt-s\"><div><strong>H\u1ecdc h\u00e0m \u2013 H\u1ecdc v\u1ecb:<\/strong> Th\u1ea1c s\u0129<\/div>\n<div><strong>L\u0129nh v\u1ef1c:<\/strong> H\u1ec7 th\u1ed1ng th\u00f4ng tin qu\u1ea3n l\u00fd<\/div>\n<div><strong>Email: <\/strong>tam.nguyenthithanh@hoasen.edu.vn<\/div>\n<\/div>\n            <\/div>\n        <\/div>\n            <div class=\"news-item-s\">\n\t\t\t<div class=\"bg-i-s\">\n                            <img decoding=\"async\" src=\"https:\/\/www.hoasen.edu.vn\/cntt\/wp-content\/uploads\/sites\/18\/2025\/08\/Pham-Thi-Thanh-Tam.png\" alt=\"\">\n                \t\t\t<div class=\"br-b-bg\"><\/div>\n\t\t\t<\/div>\n            <div class=\"news-content\">\n                <h3 class=\"name\">ThS. Ph\u1ea1m Th\u1ecb Thanh T\u00e2m<\/h3>\n                <p class=\"job\">Gi\u1ea3ng vi\u00ean<\/p>\n\t\t\t\t<p><\/p>\n                <div class=\"cnt-s\"><div><strong>H\u1ecdc h\u00e0m \u2013 H\u1ecdc v\u1ecb:<\/strong> Th\u1ea1c s\u0129<\/div>\n<div><strong>L\u0129nh v\u1ef1c:<\/strong> H\u1ec7 th\u1ed1ng th\u00f4ng tin qu\u1ea3n l\u00fd<\/div>\n<div><strong>Email: <\/strong>tam.phamthithanh@hoasen.edu.vn<\/div>\n<\/div>\n            <\/div>\n        <\/div>\n            <div class=\"news-item-s\">\n\t\t\t<div class=\"bg-i-s\">\n                            <img decoding=\"async\" src=\"https:\/\/www.hoasen.edu.vn\/cntt\/wp-content\/uploads\/sites\/18\/2025\/08\/Nguyen-Ngoc-Nhu-Hang.png\" alt=\"\">\n                \t\t\t<div class=\"br-b-bg\"><\/div>\n\t\t\t<\/div>\n            <div class=\"news-content\">\n                <h3 class=\"name\">ThS. Nguy\u1ec5n Ng\u1ecdc Nh\u01b0 H\u1eb1ng<\/h3>\n                <p class=\"job\">Gi\u1ea3ng vi\u00ean<\/p>\n\t\t\t\t<p><\/p>\n                <div class=\"cnt-s\"><div><strong>H\u1ecdc h\u00e0m \u2013 H\u1ecdc v\u1ecb:<\/strong> Th\u1ea1c s\u0129<\/div>\n<div><strong>L\u0129nh v\u1ef1c:<\/strong> M\u1ea1ng m\u00e1y t\u00ednh v\u00e0 truy\u1ec1n th\u00f4ng d\u1eef li\u1ec7u<\/div>\n<div><strong>Email: <\/strong>hang.nguyenngocnhu@hoasen.edu.vn<\/div>\n<\/div>\n            <\/div>\n        <\/div>\n            <div class=\"news-item-s\">\n\t\t\t<div class=\"bg-i-s\">\n                            <img decoding=\"async\" src=\"https:\/\/www.hoasen.edu.vn\/cntt\/wp-content\/uploads\/sites\/18\/2025\/08\/Phan-Dinh-The-Huan.png\" alt=\"\">\n                \t\t\t<div class=\"br-b-bg\"><\/div>\n\t\t\t<\/div>\n            <div class=\"news-content\">\n                <h3 class=\"name\">ThS. Ph\u1ea1m \u0110\u00ecnh Th\u1ebf Hu\u00e2n<\/h3>\n                <p class=\"job\">Gi\u1ea3ng vi\u00ean<\/p>\n\t\t\t\t<p><\/p>\n                <div class=\"cnt-s\"><div><strong>H\u1ecdc h\u00e0m \u2013 H\u1ecdc v\u1ecb:<\/strong> Th\u1ea1c s\u0129<\/div>\n<div><strong>L\u0129nh v\u1ef1c:<\/strong> M\u1ea1ng m\u00e1y t\u00ednh v\u00e0 truy\u1ec1n th\u00f4ng d\u1eef li\u1ec7u<\/div>\n<div><strong>Email: <\/strong>huan.phandinhthe@hoasen.edu.vn<\/div>\n<\/div>\n            <\/div>\n        <\/div>\n            <div class=\"news-item-s\">\n\t\t\t<div class=\"bg-i-s\">\n                            <img decoding=\"async\" src=\"https:\/\/www.hoasen.edu.vn\/cntt\/wp-content\/uploads\/sites\/18\/2025\/08\/Nguyen-Le-Duy.png\" alt=\"\">\n                \t\t\t<div class=\"br-b-bg\"><\/div>\n\t\t\t<\/div>\n            <div class=\"news-content\">\n                <h3 class=\"name\">ThS. Nguy\u1ec5n L\u00ea Duy<\/h3>\n                <p class=\"job\">Gi\u1ea3ng vi\u00ean<\/p>\n\t\t\t\t<p><\/p>\n                <div class=\"cnt-s\"><div><strong>H\u1ecdc h\u00e0m \u2013 H\u1ecdc v\u1ecb:<\/strong> Th\u1ea1c s\u0129<\/div>\n<div><strong>L\u0129nh v\u1ef1c:<\/strong> L\u00fd thuy\u1ebft t\u1ed1i \u01b0u<\/div>\n<div><strong>Email:<\/strong>duy.nguyenle@hoasen.edu.vn<\/div>\n<\/div>\n            <\/div>\n        <\/div>\n            <div class=\"news-item-s\">\n\t\t\t<div class=\"bg-i-s\">\n                            <img decoding=\"async\" src=\"https:\/\/www.hoasen.edu.vn\/cntt\/wp-content\/uploads\/sites\/18\/2025\/08\/Lam-Quoc-Dung.png\" alt=\"\">\n                \t\t\t<div class=\"br-b-bg\"><\/div>\n\t\t\t<\/div>\n            <div class=\"news-content\">\n                <h3 class=\"name\">ThS. L\u00e2m Qu\u1ed1c D\u0169ng<\/h3>\n                <p class=\"job\">Gi\u1ea3ng vi\u00ean<\/p>\n\t\t\t\t<p><\/p>\n                <div class=\"cnt-s\"><div><strong>H\u1ecdc h\u00e0m \u2013 H\u1ecdc v\u1ecb:<\/strong> Th\u1ea1c s\u0129<\/div>\n<div><strong>L\u0129nh v\u1ef1c:<\/strong> To\u00e1n \u1ee9ng d\u1ee5ng trong Kinh t\u1ebf<\/div>\n<div><strong>Email: <\/strong>dung.lamquoc@hoasen.edu.vn<\/div>\n<\/div>\n            <\/div>\n        <\/div>\n            <div class=\"news-item-s\">\n\t\t\t<div class=\"bg-i-s\">\n                            <img decoding=\"async\" src=\"https:\/\/www.hoasen.edu.vn\/cntt\/wp-content\/uploads\/sites\/18\/2025\/08\/Dang-Cong-Tien.png\" alt=\"\">\n                \t\t\t<div class=\"br-b-bg\"><\/div>\n\t\t\t<\/div>\n            <div class=\"news-content\">\n                <h3 class=\"name\">ThS. \u0110\u1eb7ng C\u00f4ng Ti\u00ean<\/h3>\n                <p class=\"job\">Gi\u1ea3ng vi\u00ean<\/p>\n\t\t\t\t<p><\/p>\n                <div class=\"cnt-s\"><div><strong>H\u1ecdc h\u00e0m \u2013 H\u1ecdc v\u1ecb:<\/strong> Th\u1ea1c s\u0129<\/div>\n<div><strong>L\u0129nh v\u1ef1c:<\/strong> To\u00e1n \u1ee8ng d\u1ee5ng<\/div>\n<div><strong>Email: <\/strong>tien.dangcong@hoasen.edu.vn<\/div>\n<\/div>\n            <\/div>\n        <\/div>\n            <div class=\"news-item-s\">\n\t\t\t<div class=\"bg-i-s\">\n                            <img decoding=\"async\" src=\"https:\/\/www.hoasen.edu.vn\/cntt\/wp-content\/uploads\/sites\/18\/2025\/08\/Huynh-Thi-Mong-Chau.png\" alt=\"\">\n                \t\t\t<div class=\"br-b-bg\"><\/div>\n\t\t\t<\/div>\n            <div class=\"news-content\">\n                <h3 class=\"name\">Ch\u1ecb Hu\u1ef3nh Th\u1ecb M\u1ed9ng Ch\u00e2u<\/h3>\n                <p class=\"job\">Th\u01b0 k\u00fd Khoa<\/p>\n\t\t\t\t<p><\/p>\n                <div class=\"cnt-s\"><div><strong>H\u1ecdc h\u00e0m \u2013 H\u1ecdc v\u1ecb:<\/strong> C\u1eed nh\u00e2n<\/div>\n<div><strong>Email: <\/strong>chau.huynhthimong@hoasen.edu.vn<\/div>\n<\/div>\n            <\/div>\n        <\/div>\n            <div class=\"news-item-s\">\n\t\t\t<div class=\"bg-i-s\">\n                            <img decoding=\"async\" src=\"https:\/\/www.hoasen.edu.vn\/cntt\/wp-content\/uploads\/sites\/18\/2025\/10\/Nguye\u0302\u0303n-Tra\u0302\u0300n-Ta\u0302m-Tru\u0301c.png\" alt=\"\">\n                \t\t\t<div class=\"br-b-bg\"><\/div>\n\t\t\t<\/div>\n            <div class=\"news-content\">\n                <h3 class=\"name\">Ch\u1ecb Nguy\u1ec5n Tr\u1ea7n T\u00e2m Tr\u00fac<\/h3>\n                <p class=\"job\">Chuy\u00ean vi\u00ean Truy\u1ec1n th\u00f4ng &amp; Tr\u1ea3i nghi\u1ec7m sinh vi\u00ean<\/p>\n\t\t\t\t<p><\/p>\n                <div class=\"cnt-s\"><div><strong>H\u1ecdc h\u00e0m \u2013 H\u1ecdc v\u1ecb:<\/strong> C\u1eed nh\u00e2n<\/div>\n<div><strong>Email: <\/strong>truc.nguyentrantam@hoasen.edu.vn<\/div>\n<\/div>\n            <\/div>\n        <\/div>\n            <div class=\"news-item-s\">\n\t\t\t<div class=\"bg-i-s\">\n                            <img decoding=\"async\" src=\"https:\/\/www.hoasen.edu.vn\/cntt\/wp-content\/uploads\/sites\/18\/2025\/08\/Pham-Thi-Nhat-Anh.png\" alt=\"\">\n                \t\t\t<div class=\"br-b-bg\"><\/div>\n\t\t\t<\/div>\n            <div class=\"news-content\">\n                <h3 class=\"name\">Ch\u1ecb Ph\u1ea1m Th\u1ecb Nh\u1eadt Anh<\/h3>\n                <p class=\"job\">Nh\u00e2n vi\u00ean C\u1ed1 v\u1ea5n h\u1ecdc t\u1eadp<\/p>\n\t\t\t\t<p><\/p>\n                <div class=\"cnt-s\"><div><strong>H\u1ecdc h\u00e0m \u2013 H\u1ecdc v\u1ecb:<\/strong> C\u1eed nh\u00e2n<\/div>\n<div><strong>Email: <\/strong>anh.phamthinhat@hoasen.edu.vn<\/div>\n<\/div>\n            <\/div>\n        <\/div>\n    <\/div>\n    \n<style>\n  .news-list-staff {\n      display: grid;\n      grid-template-columns: repeat(auto-fill, minmax(320px, 1fr));\n      gap: 20px;\n    }\n  .news-item-s {\n    display: grid;\n\tgrid-template-rows: 362px;\n}\n    \/*.news-item-s:hover {\n       box-shadow: 0px 12px 16px -4px #024ca17a;\n          padding: 10px;\n    background: #024ca1;\n    color: #fff;\n    }*\/\n\n    .news-list-staff .news-item-s img {\n      width: 100%;\n      object-fit: cover;\n      height: 100%;\n    }\n    .news-list-staff .news-content {\n      padding: 20px;\n            box-shadow: 0px 12px 16px -4px #0A0D1214;\n            background: white;\n\t\t\tword-break: break-word;\n    overflow-wrap: break-word;\n    white-space: normal;\n    }\n\t.news-list-staff .job {\n    font-weight: bold;\n\t}\n\t.news-list-staff .cnt-s{\n\t\tcolor: #4A5567;\n\t}\n\t\n\t.news-list-staff .br-b-bg {\n            position: absolute;\n    bottom: 0;\n    width: 100%;\n    height: 40px;\n    background: linear-gradient(to bottom, #009FE8 8px, #024DA1  8px);\n\t}\n    \n\t.news-list-staff .bg-i-s {\n    position: relative;\n        height: 362px;\n}\n.news-list-staff .bg-i-s::before{\n    height: 64px;\n    width: 61px;\n    background: url('https:\/\/www.hoasen.edu.vn\/wp-content\/themes\/ru-hsu\/assets\/faculty\/img\/icon_bg_staff_left.svg');\n    content: \"\";\n    position: absolute;\n    bottom: 0px;\n    left: 0px;\n    background-repeat: no-repeat;\n    z-index: 1;\n}\n.news-list-staff .bg-i-s::after{\n    height: 16px;\n    width: 112px;\n    background: url('https:\/\/www.hoasen.edu.vn\/wp-content\/themes\/ru-hsu\/assets\/faculty\/img\/icon_bg_staff_right.svg');\n    content: \"\";\n    position: absolute;\n    bottom: 32px;\n    right: 0px;\n    background-repeat: no-repeat;\n    z-index: 1;\n}\n.vc-txt:has(.news-list-staff) h1{\nfont-size: 32px !important;\n    text-align: left !important;\n\tpadding-top: 56px;\n\n}\n.vc-txt:has(.news-list-staff) h1::after{\ndisplay: none !important;\n}\n.vc-txt:has(.news-list-staff) h3{\nfont-size: 20px !important;\n}\n.container:has(.news-list-staff) {\npadding: 0 56px;\n    }\n@media only screen and (max-width: 1000px){\n    .container:has(.news-list-staff) {\npadding: 0 40px;\n    }\n.vc-txt:has(.news-list-staff) h1{\nfont-size: 24px !important;\npadding-top: 40px;\n}\n}\n@media only screen and (max-width: 500px){\n    .container:has(.news-list-staff) {\npadding: 0 16px;\n    }\n.vc-txt:has(.news-list-staff) h1{\nfont-size: 20px !important;\npadding-top: 16px;\n}\n}\n<\/style>\n<script>\n    const grids = document.querySelectorAll(\".news-item-s\");\n    \/\/ T\u00ednh chi\u1ec1u cao l\u1edbn nh\u1ea5t\n  function setMaxHeight() {\n    let maxHeight = 0;\n    grids.forEach(grid => {\n      const h = grid.offsetHeight;\n      if (h > maxHeight) maxHeight = h;\n    });\n    \/\/ Thi\u1ebft l\u1eadp chi\u1ec1u cao t\u1ed1i thi\u1ec3u cho wrapper\n    wrapper.style.minHeight = maxHeight + \"px\";\n      \/\/ G\u1ecdi khi trang load\n       }\n  window.addEventListener(\"load\", setMaxHeight);\n<\/script>\n\n<style>\r\n.vc-contact.position-relative {\r\n    display: none;\r\n}\r\n\t.vc-banner {\r\n    display: none;\r\n}\r\n\r\n\r\n<\/style>\r\n  \r\n\n","protected":false},"excerpt":{"rendered":"<p>\u0110\u1ed9i ng\u0169 nh\u00e2n s\u1ef1<\/p>\n","protected":false},"author":5427,"featured_media":6015,"parent":6346,"menu_order":2,"comment_status":"closed","ping_status":"closed","template":"","meta":{"footnotes":""},"class_list":["post-5849","page","type-page","status-publish","has-post-thumbnail","hentry"],"acf":[],"_links":{"self":[{"href":"https:\/\/www.hoasen.edu.vn\/cntt\/wp-json\/wp\/v2\/pages\/5849","targetHints":{"allow":["GET"]}}],"collection":[{"href":"https:\/\/www.hoasen.edu.vn\/cntt\/wp-json\/wp\/v2\/pages"}],"about":[{"href":"https:\/\/www.hoasen.edu.vn\/cntt\/wp-json\/wp\/v2\/types\/page"}],"author":[{"embeddable":true,"href":"https:\/\/www.hoasen.edu.vn\/cntt\/wp-json\/wp\/v2\/users\/5427"}],"replies":[{"embeddable":true,"href":"https:\/\/www.hoasen.edu.vn\/cntt\/wp-json\/wp\/v2\/comments?post=5849"}],"version-history":[{"count":16,"href":"https:\/\/www.hoasen.edu.vn\/cntt\/wp-json\/wp\/v2\/pages\/5849\/revisions"}],"predecessor-version":[{"id":6568,"href":"https:\/\/www.hoasen.edu.vn\/cntt\/wp-json\/wp\/v2\/pages\/5849\/revisions\/6568"}],"up":[{"embeddable":true,"href":"https:\/\/www.hoasen.edu.vn\/cntt\/wp-json\/wp\/v2\/pages\/6346"}],"wp:featuredmedia":[{"embeddable":true,"href":"https:\/\/www.hoasen.edu.vn\/cntt\/wp-json\/wp\/v2\/media\/6015"}],"wp:attachment":[{"href":"https:\/\/www.hoasen.edu.vn\/cntt\/wp-json\/wp\/v2\/media?parent=5849"}],"curies":[{"name":"wp","href":"https:\/\/api.w.org\/{rel}","templated":true}]}}